-- Table structure for table `search_index`
--

CREATE TABLE `search_index` (
  `word` varchar(50) NOT NULL DEFAULT '' COMMENT 'The search_total.word that is associated with the search item.',
  `sid` int(10) unsigned NOT NULL DEFAULT 0 COMMENT 'The search_dataset.sid of the searchable item to which the word belongs.',
  `langcode` varchar(12) CHARACTER SET ascii COLLATE ascii_general_ci NOT NULL DEFAULT '' COMMENT 'The languages.langcode of the item variant.',
  `type` varchar(64) CHARACTER SET ascii COLLATE ascii_general_ci NOT NULL COMMENT 'The search_dataset.type of the searchable item to which the word belongs.',
  `score` float DEFAULT NULL COMMENT 'The numeric score of the word, higher being more important.',
  PRIMARY KEY (`word`,`sid`,`langcode`,`type`),
  KEY `sid_type` (`sid`,`langcode`,`type`)
) ENGINE=InnoDB DEFAULT CHARSET=utf8mb4 COLLATE=utf8mb4_general_ci COMMENT='Stores the search index, associating words, items and…';

--
-- Dumping data for table `search_index`
--


COMMIT;

--
-- Table structure for table `search_total`
--

CREATE TABLE `search_total` (
  `word` varchar(50) NOT NULL DEFAULT '' COMMENT 'Primary Key: Unique word in the search index.',
  `count` float DEFAULT NULL COMMENT 'The count of the word in the index using Zipf''s law to equalize the probability distribution.',
  PRIMARY KEY (`word`)
) ENGINE=InnoDB DEFAULT CHARSET=utf8mb4 COLLATE=utf8mb4_general_ci COMMENT='Stores search totals for words.';

--
-- Dumping data for table `search_total`
--


COMMIT;

--
-- Table structure for table `semaphore`
--

CREATE TABLE `semaphore` (
  `name` varchar(255) CHARACTER SET ascii COLLATE ascii_general_ci NOT NULL DEFAULT '' COMMENT 'Primary Key: Unique name.',
  `value` varchar(255) CHARACTER SET ascii COLLATE ascii_general_ci NOT NULL DEFAULT '' COMMENT 'A value for the semaphore.',
  `expire` double NOT NULL COMMENT 'A Unix timestamp with microseconds indicating when the semaphore should expire.',
  PRIMARY KEY (`name`),
  KEY `value` (`value`),
  KEY `expire` (`expire`)
) ENGINE=InnoDB DEFAULT CHARSET=utf8mb4 COLLATE=utf8mb4_general_ci COMMENT='Table for holding semaphores, locks, flags, etc. that…';

--
-- Dumping data for table `semaphore`
--

COMMIT;

--
-- Table structure for table `sequences`
--

CREATE TABLE `sequences` (
  `value` int(10) unsigned NOT NULL AUTO_INCREMENT COMMENT 'The value of the sequence.',
  PRIMARY KEY (`value`)
) ENGINE=InnoDB AUTO_INCREMENT=31 DEFAULT CHARSET=utf8mb4 COLLATE=utf8mb4_general_ci COMMENT='Stores IDs.';

--
-- Dumping data for table `sequences`
--

INSERT INTO `sequences` VALUES
(30);
COMMIT;

--
-- Table structure for table `sessions`
--

CREATE TABLE `sessions` (
  `uid` int(10) unsigned NOT NULL COMMENT 'The users.uid corresponding to a session, or 0 for anonymous user.',
  `sid` varchar(128) CHARACTER SET ascii COLLATE ascii_general_ci NOT NULL COMMENT 'A session ID (hashed). The value is generated by Drupal''s session handlers.',
  `hostname` varchar(128) CHARACTER SET ascii COLLATE ascii_general_ci NOT NULL DEFAULT '' COMMENT 'The IP address that last used this session ID (sid).',
  `timestamp` bigint(20) NOT NULL DEFAULT 0 COMMENT 'The Unix timestamp when this session last requested a page. Old records are purged by PHP automatically.',
  `session` longblob DEFAULT NULL COMMENT 'The serialized contents of $_SESSION, an array of name/value pairs that persists across page requests by this session ID. Drupal loads $_SESSION from here at the start of each request and saves it at the end.',
  PRIMARY KEY (`sid`),
  KEY `timestamp` (`timestamp`),
  KEY `uid` (`uid`)
) ENGINE=InnoDB DEFAULT CHARSET=utf8mb4 COLLATE=utf8mb4_general_ci COMMENT='Drupal''s session handlers read and write into the sessions…';

--
-- Dumping data for table `sessions`
--

INSERT INTO `sessions` VALUES
(3,'eZFsaVVmpDxwXQqZxUj2f6KU8UE1sJB53VXCaA9Iznk','79.116.219.72',1783022133,'_sf2_attributes|a:1:{s:3:\"uid\";s:1:\"3\";}_sf2_meta|a:4:{s:1:\"u\";i:1783022133;s:1:\"c\";i:1783021390;s:1:\"l\";i:2000000;s:1:\"s\";s:43:\"tbBe9VNe2fWqIHW7DH9Az5ksYn8DQ-MIgFPsfCE90JI\";}'),
(0,'GPeGcvjxycyZy0B4SUAc5NMVe5D97BlkuABWUVujy7Y','66.249.93.10',1782986839,'_symfony_flashes|a:1:{s:5:\"error\";a:1:{i:0;O:25:\"Drupal\\Core\\Render\\Markup\":1:{s:9:\"\0*\0string\";s:128:\"Para iniciar sesión en este sitio web, su navegador debe aceptar cookies del dominio <em class=\"placeholder\">woobiweb.com</em>.\";}}}_sf2_meta|a:3:{s:1:\"u\";i:1782986839;s:1:\"c\";i:1782986839;s:1:\"l\";i:2000000;}'),
(2,'RwMSEHDQ0ARsKUIkK6UnqMmAC7ZyyiZxTNsxjskUJJA','79.116.219.72',1783064418,'_sf2_attributes|a:1:{s:3:\"uid\";s:1:\"2\";}_sf2_meta|a:4:{s:1:\"u\";i:1783064384;s:1:\"c\";i:1783062964;s:1:\"l\";i:2000000;s:1:\"s\";s:43:\"QJJuaVYoZRNcV7JbhNJaXmQs_TpB91F3Ma6e_1V0qyI\";}_symfony_flashes|a:1:{s:6:\"status\";a:1:{i:0;O:25:\"Drupal\\Core\\Render\\Markup\":1:{s:9:\"\0*\0string\";s:192:\"El precio <em class=\"placeholder\"><a href=\"/es/admin/content/prezzo/96\" hreflang=\"und\">Mts Tubo Evacua.Sanitario &quot;B&quot; PVC: 125 – Dismat Nerja – 03/07/2026</a></em> ha sido creado.\";}}}'),
(0,'vCjldFePSR387A8Ywmxrbmg8ovq-wUViCEdCmV9cfIQ','66.102.8.130',1782986839,'_symfony_flashes|a:1:{s:5:\"error\";a:1:{i:0;O:25:\"Drupal\\Core\\Render\\Markup\":1:{s:9:\"\0*\0string\";s:128:\"Para iniciar sesión en este sitio web, su navegador debe aceptar cookies del dominio <em class=\"placeholder\">woobiweb.com</em>.\";}}}_sf2_meta|a:3:{s:1:\"u\";i:1782986839;s:1:\"c\";i:1782986839;s:1:\"l\";i:2000000;}'),
(0,'YGMe5oxnvZJTr5-zrgFjt0Tq0y74mbUI3QN8bFfrZ2Y','66.249.93.8',1782986838,'_symfony_flashes|a:1:{s:5:\"error\";a:1:{i:0;O:25:\"Drupal\\Core\\Render\\Markup\":1:{s:9:\"\0*\0string\";s:128:\"Para iniciar sesión en este sitio web, su navegador debe aceptar cookies del dominio <em class=\"placeholder\">woobiweb.com</em>.\";}}}_sf2_meta|a:3:{s:1:\"u\";i:1782986838;s:1:\"c\";i:1782986838;s:1:\"l\";i:2000000;}');
COMMIT;

--
-- Table structure for table `shortcut`
--

CREATE TABLE `shortcut` (
  `id` int(10) unsigned NOT NULL AUTO_INCREMENT,
  `shortcut_set` varchar(32) CHARACTER SET ascii COLLATE ascii_general_ci NOT NULL COMMENT 'The ID of the target entity.',
  `uuid` varchar(128) CHARACTER SET ascii COLLATE ascii_general_ci NOT NULL,
  `langcode` varchar(12) CHARACTER SET ascii COLLATE ascii_general_ci NOT NULL,
  PRIMARY KEY (`id`),
  UNIQUE KEY `shortcut_field__uuid__value` (`uuid`),
  KEY `shortcut_field__shortcut_set__target_id` (`shortcut_set`)
) ENGINE=InnoDB AUTO_INCREMENT=4 DEFAULT CHARSET=utf8mb4 COLLATE=utf8mb4_general_ci COMMENT='The base table for shortcut entities.';

--
-- Dumping data for table `shortcut`
--

INSERT INTO `shortcut` VALUES
(1,'default','1650cdb7-12c1-462c-8f32-5711c4edbd13','it'),
(2,'default','75584ae5-e10d-4157-9843-d5868f0e6d6e','it'),
(3,'default','603bdbd1-cf2a-4a91-9e80-86280071a239','it');
COMMIT;

--
-- Table structure for table `shortcut_field_data`
--

CREATE TABLE `shortcut_field_data` (
  `id` int(10) unsigned NOT NULL,
  `shortcut_set` varchar(32) CHARACTER SET ascii COLLATE ascii_general_ci NOT NULL COMMENT 'The ID of the target entity.',
  `langcode` varchar(12) CHARACTER SET ascii COLLATE ascii_general_ci NOT NULL,
  `title` varchar(255) DEFAULT NULL,
  `weight` int(11) DEFAULT NULL,
  `link__uri` varchar(2048) DEFAULT NULL COMMENT 'The URI of the link.',
  `link__title` varchar(255) DEFAULT NULL COMMENT 'The link text.',
  `link__options` longblob DEFAULT NULL COMMENT 'Serialized array of options for the link.',
  `default_langcode` tinyint(4) NOT NULL,
  PRIMARY KEY (`id`,`langcode`),
  KEY `shortcut__id__default_langcode__langcode` (`id`,`default_langcode`,`langcode`),
  KEY `shortcut_field__shortcut_set__target_id` (`shortcut_set`),
  KEY `shortcut_field__link__uri` (`link__uri`(30))
) ENGINE=InnoDB DEFAULT CHARSET=utf8mb4 COLLATE=utf8mb4_general_ci COMMENT='The data table for shortcut entities.';

--
-- Dumping data for table `shortcut_field_data`
--

INSERT INTO `shortcut_field_data` VALUES
(1,'default','it','Add content',-20,'internal:/node/add',NULL,'a:0:{}',1),
(2,'default','it','All content',-19,'internal:/admin/content',NULL,'a:0:{}',1),
(3,'default','it','Log',NULL,'internal:/admin/log',NULL,'a:0:{}',1);
COMMIT;

--
-- Table structure for table `shortcut_set_users`
--

CREATE TABLE `shortcut_set_users` (
  `uid` int(10) unsigned NOT NULL DEFAULT 0 COMMENT 'The users.uid for this set.',
  `set_name` varchar(32) CHARACTER SET ascii COLLATE ascii_general_ci NOT NULL DEFAULT '' COMMENT 'The shortcut_set.set_name that will be displayed for this user.',
  PRIMARY KEY (`uid`),
  KEY `set_name` (`set_name`)
) ENGINE=InnoDB DEFAULT CHARSET=utf8mb4 COLLATE=utf8mb4_general_ci COMMENT='Maps users to shortcut sets.';

--
-- Dumping data for table `shortcut_set_users`
--

COMMIT;

--
-- Table structure for table `taxonomy_index`
--

CREATE TABLE `taxonomy_index` (
  `nid` int(10) unsigned NOT NULL DEFAULT 0 COMMENT 'The node.nid this record tracks.',
  `tid` int(10) unsigned NOT NULL DEFAULT 0 COMMENT 'The term ID.',
  `status` int(11) NOT NULL DEFAULT 1 COMMENT 'Boolean indicating whether the node is published (visible to non-administrators).',
  `sticky` tinyint(4) DEFAULT 0 COMMENT 'Boolean indicating whether the node is sticky.',
  `created` int(11) NOT NULL DEFAULT 0 COMMENT 'The Unix timestamp when the node was created.',
  PRIMARY KEY (`nid`,`tid`),
  KEY `term_node` (`tid`,`status`,`sticky`,`created`)
) ENGINE=InnoDB DEFAULT CHARSET=utf8mb4 COLLATE=utf8mb4_general_ci COMMENT='Maintains denormalized information about node/term…';

--
-- Dumping data for table `taxonomy_index`
--

INSERT INTO `taxonomy_index` VALUES
(148,1,1,0,1605787921),
(281,1,1,0,1605895260),
(282,1,1,0,1605895312),
(284,1,1,0,1605895392),
(285,1,1,0,1605895422),
(286,1,1,0,1605895457),
(287,1,1,0,1605895492),
(288,1,1,0,1605895524),
(289,1,1,0,1605895558),
(290,1,1,0,1605895604),
(291,1,1,0,1605895636),
(292,1,1,0,1605895664),
(293,1,1,0,1605895690),
(294,1,1,0,1605895722),
(295,1,1,0,1605895755),
(296,1,1,0,1605895802),
(297,1,1,0,1605895844),
(298,1,1,0,1605895887),
(299,1,1,0,1605895919),
(300,1,1,0,1605895954),
(301,1,1,0,1605895979),
(302,1,1,0,1605896004),
(303,1,1,0,1605896034),
(304,1,1,0,1605896063),
(305,1,1,0,1605896097),
(306,1,1,0,1605896127),
(307,1,1,0,1605896152),
(309,1,1,0,1605896208),
(310,1,1,0,1605896233),
(311,1,1,0,1605896257),
(312,1,1,0,1605896288),
(313,1,1,0,1605896316),
(314,1,1,0,1605896347),
(315,1,1,0,1605896379),
(316,1,1,0,1605896407),
(317,1,1,0,1605896436),
(318,1,1,0,1605896463),
(319,1,1,0,1605896489),
(320,1,1,0,1605896515),
(321,1,1,0,1605896552),
(322,1,1,0,1605896578),
(323,1,1,0,1605896604),
(324,1,1,0,1605896628),
(325,1,1,0,1605896655),
(326,1,1,0,1605896690),
(327,1,1,0,1605896722),
(328,1,1,0,1605896753),
(329,1,1,0,1605896793),
(330,1,1,0,1605896824),
(331,1,1,0,1605896852),
(332,1,1,0,1605896883),
(333,1,1,0,1605896909),
(334,1,1,0,1605896933),
(335,1,1,0,1605896958),
(336,1,1,0,1605896982),
(337,1,1,0,1605897013),
(338,1,1,0,1605897053),
(339,1,1,0,1605897076),
(340,1,1,0,1605897106),
(341,1,1,0,1605897136),
(342,1,1,0,1605897162),
(343,1,1,0,1605897185),
(344,1,1,0,1605897208),
(345,1,1,0,1605897239),
(346,1,1,0,1605897269),
(347,1,1,0,1605897295),
(348,1,1,0,1605897320),
(350,1,1,0,1605897385),
(351,1,1,0,1605897409),
(352,1,1,0,1605897434),
(353,1,1,0,1605897463),
(354,1,1,0,1605897490),
(355,1,1,0,1605897522),
(356,1,1,0,1605897577),
(357,1,1,0,1605897603),
(358,1,1,0,1605897632),
(359,1,1,0,1605897656),
(362,1,1,0,1605897740),
(363,1,1,0,1605897765),
(364,1,1,0,1605897798),
(365,1,1,0,1605897835),
(366,1,1,0,1605897860),
(367,1,1,0,1605897885),
(368,1,1,0,1605897908),
(369,1,1,0,1605897944),
(370,1,1,0,1605897974),
(371,1,1,0,1605898006),
(372,1,1,0,1605898035),
(374,1,1,0,1605898085),
(375,1,1,0,1605898107),
(376,1,1,0,1605898133),
(377,1,1,0,1605898165),
(378,1,1,0,1605898194),
(380,1,1,0,1605898255),
(381,1,1,0,1605898281),
(382,1,1,0,1605898306),
(383,1,1,0,1605898330),
(384,1,1,0,1605898359),
(385,1,1,0,1605898384),
(386,1,1,0,1605898407),
(388,1,1,0,1605898459),
(389,1,1,0,1605898488),
(391,1,1,0,1605898535),
(392,1,1,0,1605898603),
(393,1,1,0,1605898627),
(395,1,1,0,1605898677),
(396,1,1,0,1605898705),
(397,1,1,0,1605898730),
(398,1,1,0,1605898760),
(399,1,1,0,1605898786),
(400,1,1,0,1605898812),
(401,1,1,0,1605898839),
(402,1,1,0,1605901933),
(403,1,1,0,1605901959),
(405,1,1,0,1605902009),
(407,1,1,0,1605902059),
(410,1,1,0,1605902183),
(412,1,1,0,1605902233),
(413,1,1,0,1605902268),
(414,1,1,0,1605902298),
(415,1,1,0,1605902341),
(416,1,1,0,1605902370),
(417,1,1,0,1605902405),
(418,1,1,0,1605902431),
(419,1,1,0,1605902462),
(420,1,1,0,1605902493),
(421,1,1,0,1605902517),
(422,1,1,0,1605902549),
(423,1,1,0,1605902573),
(424,1,1,0,1605902606),
(425,1,1,0,1605902646),
(426,1,1,0,1605902680),
(427,1,1,0,1605902705),
(428,1,1,0,1605902732),
(429,1,1,0,1605902761),
(430,1,1,0,1605902789),
(432,1,1,0,1605902842),
(434,1,1,0,1605902904),
(435,1,1,0,1605902933),
(436,1,1,0,1605902963),
(437,1,1,0,1605902997),
(438,1,1,0,1605903026),
(439,1,1,0,1605903053),
(440,1,1,0,1605903080),
(441,1,1,0,1605903108),
(910,1,1,0,1605968176),
(1441,1,1,0,1606046262),
(1447,1,1,0,1606055050),
(1736,1,1,0,1609448166),
(1737,1,1,0,1609448701),
(1738,1,1,0,1609448775),
(1739,1,1,0,1609448796),
(1740,1,1,0,1609448820),
(1741,1,1,0,1609448855),
(1742,1,1,0,1609448876),
(1743,1,1,0,1609448900),
(1744,1,1,0,1609448944),
(1745,1,1,0,1609448966),
(1746,1,1,0,1609449001);
COMMIT;

--
-- Table structure for table `taxonomy_term__field_categoria`
--

CREATE TABLE `taxonomy_term__field_categoria` (
  `bundle` varchar(128) CHARACTER SET ascii COLLATE ascii_general_ci NOT NULL DEFAULT '' COMMENT 'The field instance bundle to which this row belongs, used when deleting a field instance',
  `deleted` tinyint(4) NOT NULL DEFAULT 0 COMMENT 'A boolean indicating whether this data item has been deleted',
  `entity_id` int(10) unsigned NOT NULL COMMENT 'The entity id this data is attached to',
  `revision_id` int(10) unsigned NOT NULL COMMENT 'The entity revision id this data is attached to',
  `langcode` varchar(32) CHARACTER SET ascii COLLATE ascii_general_ci NOT NULL DEFAULT '' COMMENT 'The language code for this data item.',
  `delta` int(10) unsigned NOT NULL COMMENT 'The sequence number for this data item, used for multi-value fields',
  `field_categoria_target_id` int(10) unsigned NOT NULL COMMENT 'The ID of the target entity.',
  PRIMARY KEY (`entity_id`,`deleted`,`delta`,`langcode`),
  KEY `bundle` (`bundle`),
  KEY `revision_id` (`revision_id`),
  KEY `field_categoria_target_id` (`field_categoria_target_id`)
) ENGINE=InnoDB DEFAULT CHARSET=utf8mb4 COLLATE=utf8mb4_general_ci COMMENT='Data storage for taxonomy_term field field_categoria.';

--
-- Dumping data for table `taxonomy_term__field_categoria`
--

INSERT INTO `taxonomy_term__field_categoria` VALUES
('woocatalog_sottocategoria',0,55,55,'it',0,49),
('woocatalog_sottocategoria',0,57,57,'it',0,49),
('woocatalog_sottocategoria',0,58,58,'it',0,49),
('woocatalog_sottocategoria',0,60,60,'it',0,49),
('woocatalog_sottocategoria',0,61,61,'it',0,49),
('woocatalog_sottocategoria',0,63,63,'it',0,49),
('woocatalog_sottocategoria',0,64,64,'it',0,49),
('woocatalog_sottocategoria',0,65,65,'it',0,49),
('woocatalog_sottocategoria',0,66,66,'it',0,49),
('woocatalog_sottocategoria',0,67,67,'it',0,49),
('woocatalog_sottocategoria',0,69,69,'it',0,49),
('woocatalog_sottocategoria',0,70,70,'it',0,49),
('woocatalog_sottocategoria',0,71,71,'it',0,49),
('woocatalog_sottocategoria',0,73,73,'it',0,49),
('woocatalog_sottocategoria',0,74,74,'it',0,49),
('woocatalog_sottocategoria',0,78,78,'it',0,49),
('woocatalog_sottocategoria',0,80,80,'it',0,49),
('woocatalog_sottocategoria',0,81,81,'it',0,49),
('woocatalog_sottocategoria',0,82,82,'it',0,49),
('woocatalog_sottocategoria',0,83,83,'it',0,49),
('woocatalog_sottocategoria',0,90,90,'it',0,49);
COMMIT;

--
-- Table structure for table `taxonomy_term__parent`
--

CREATE TABLE `taxonomy_term__parent` (
  `bundle` varchar(128) CHARACTER SET ascii COLLATE ascii_general_ci NOT NULL DEFAULT '' COMMENT 'The field instance bundle to which this row belongs, used when deleting a field instance',
  `deleted` tinyint(4) NOT NULL DEFAULT 0 COMMENT 'A boolean indicating whether this data item has been deleted',
  `entity_id` int(10) unsigned NOT NULL COMMENT 'The entity id this data is attached to',
  `revision_id` int(10) unsigned NOT NULL COMMENT 'The entity revision id this data is attached to',
  `langcode` varchar(32) CHARACTER SET ascii COLLATE ascii_general_ci NOT NULL DEFAULT '' COMMENT 'The language code for this data item.',
  `delta` int(10) unsigned NOT NULL COMMENT 'The sequence number for this data item, used for multi-value fields',
  `parent_target_id` int(10) unsigned NOT NULL COMMENT 'The ID of the target entity.',
  PRIMARY KEY (`entity_id`,`deleted`,`delta`,`langcode`),
  KEY `revision_id` (`revision_id`),
  KEY `parent_target_id` (`parent_target_id`),
  KEY `bundle_delta_target_id` (`bundle`,`delta`,`parent_target_id`)
) ENGINE=InnoDB DEFAULT CHARSET=utf8mb4 COLLATE=utf8mb4_general_ci COMMENT='Data storage for taxonomy_term field parent.';

--
-- Dumping data for table `taxonomy_term__parent`
--

INSERT INTO `taxonomy_term__parent` VALUES
('stato',0,1,1,'it',0,0),
('stato',0,2,2,'it',0,0),
('stato',0,3,3,'it',0,0),
('stato',0,4,4,'it',0,0),
('stato',0,5,5,'it',0,0),
('stato',0,6,6,'it',0,0),
('tags',0,7,7,'it',0,0),
('tags',0,8,8,'it',0,0),
('tags',0,9,9,'it',0,0),
('tags',0,10,10,'it',0,0),
('tags',0,11,11,'it',0,0),
('tags',0,12,12,'it',0,0),
('tags',0,13,13,'it',0,0),
('tags',0,14,14,'it',0,0),
('tags',0,15,15,'it',0,0),
('tags',0,16,16,'it',0,0),
('tags',0,17,17,'it',0,0),
('tags',0,18,18,'it',0,0),
('tags',0,19,19,'it',0,0),
('tags',0,20,20,'it',0,0),
('tags',0,21,21,'it',0,0),
('tags',0,22,22,'it',0,0),
('tags',0,23,23,'it',0,0),
('tags',0,24,24,'it',0,0),
('tags',0,25,25,'it',0,0),
('tags',0,26,26,'it',0,0),
('tags',0,27,27,'it',0,0),
('tags',0,28,28,'it',0,0),
('tags',0,29,29,'it',0,0),
('tags',0,30,30,'it',0,0),
('tags',0,31,31,'it',0,0),
('tags',0,32,32,'it',0,0),
('tags',0,33,33,'it',0,0),
('tags',0,34,34,'it',0,0),
('tags',0,35,35,'it',0,0),
('tags',0,36,36,'it',0,0),
('tags',0,37,37,'it',0,0),
('tags',0,38,38,'it',0,0),
('tags',0,39,39,'it',0,0),
('tags',0,40,40,'it',0,0),
('tags',0,41,41,'it',0,0),
('tags',0,42,42,'it',0,0),
('tags',0,43,43,'it',0,0),
('tags',0,44,44,'it',0,0),
('tags',0,45,45,'it',0,0),
('tags',0,46,46,'it',0,0),
('tags',0,47,47,'it',0,0),
('tags',0,48,48,'it',0,0),
('woocatalog_categoria',0,49,49,'it',0,0),
('woocatalog_categoria',0,50,50,'it',0,0),
('woocatalog_categoria',0,51,51,'it',0,0),
('woocatalog_categoria',0,52,52,'it',0,0),
('woocatalog_categoria',0,53,53,'it',0,0),
('woocatalog_categoria',0,54,54,'it',0,0),
('woocatalog_sottocategoria',0,55,55,'it',0,0),
('woocatalog_marca',0,56,56,'it',0,0),
('woocatalog_sottocategoria',0,57,57,'it',0,0),
('woocatalog_sottocategoria',0,58,58,'it',0,0),
('woocatalog_marca',0,59,59,'it',0,0),
('woocatalog_sottocategoria',0,60,60,'it',0,0),
('woocatalog_sottocategoria',0,61,61,'it',0,0),
('woocatalog_marca',0,62,62,'it',0,0),
('woocatalog_sottocategoria',0,63,63,'it',0,0),
('woocatalog_sottocategoria',0,64,64,'it',0,0),
('woocatalog_sottocategoria',0,65,65,'it',0,0),
('woocatalog_sottocategoria',0,66,66,'it',0,0),
('woocatalog_sottocategoria',0,67,67,'it',0,0),
('woocatalog_marca',0,68,68,'it',0,0),
('woocatalog_sottocategoria',0,69,69,'it',0,0),
('woocatalog_sottocategoria',0,70,70,'it',0,0),
('woocatalog_sottocategoria',0,71,71,'it',0,0),
('woocatalog_marca',0,72,72,'it',0,0),
('woocatalog_sottocategoria',0,73,73,'it',0,0),
('woocatalog_sottocategoria',0,74,74,'it',0,0),
('woocatalog_marca',0,75,75,'it',0,0),
('woocatalog_marca',0,76,76,'it',0,0),
('woocatalog_marca',0,77,77,'it',0,0),
('woocatalog_sottocategoria',0,78,78,'it',0,0),
('woocatalog_marca',0,79,79,'it',0,0),
('woocatalog_sottocategoria',0,80,80,'it',0,0),
('woocatalog_sottocategoria',0,81,81,'it',0,0),
('woocatalog_sottocategoria',0,82,82,'it',0,0),
('woocatalog_sottocategoria',0,83,83,'it',0,0),
('woocatalog_marca',0,84,84,'it',0,0),
('woocatalog_marca',0,85,85,'it',0,0),
('woocatalog_marca',0,86,86,'it',0,0),
('woocatalog_marca',0,87,87,'it',0,0),
('woocatalog_marca',0,88,88,'it',0,0),
('woocatalog_marca',0,89,89,'it',0,0),
('woocatalog_sottocategoria',0,90,90,'it',0,0),
('woocatalog_marca',0,91,91,'it',0,0),
('woocatalog_marca',0,92,92,'it',0,0);
COMMIT;

--
-- Table structure for table `taxonomy_term_data`
--

CREATE TABLE `taxonomy_term_data` (
  `tid` int(10) unsigned NOT NULL AUTO_INCREMENT,
  `revision_id` int(10) unsigned DEFAULT NULL,
  `vid` varchar(32) CHARACTER SET ascii COLLATE ascii_general_ci NOT NULL COMMENT 'The ID of the target entity.',
  `uuid` varchar(128) CHARACTER SET ascii COLLATE ascii_general_ci NOT NULL,
  `langcode` varchar(12) CHARACTER SET ascii COLLATE ascii_general_ci NOT NULL,
  PRIMARY KEY (`tid`),
  UNIQUE KEY `taxonomy_term_field__uuid__value` (`uuid`),
  UNIQUE KEY `taxonomy_term__revision_id` (`revision_id`),
  KEY `taxonomy_term_field__vid__target_id` (`vid`)
) ENGINE=InnoDB AUTO_INCREMENT=93 DEFAULT CHARSET=utf8mb4 COLLATE=utf8mb4_general_ci COMMENT='The base table for taxonomy_term entities.';

--
-- Dumping data for table `taxonomy_term_data`
--

INSERT INTO `taxonomy_term_data` VALUES
(1,1,'stato','869a12ca-18db-478d-8810-f0490fcb1465','it'),
(2,2,'stato','71d90d49-69c9-4cb2-a95c-90029fc48f72','it'),
(3,3,'stato','865b45cd-9bf7-4ec4-841d-8c2ba323578a','it'),
(4,4,'stato','a6c48aa4-4195-4941-ad5c-568b854feadd','it'),
(5,5,'stato','3b51dee7-7ddb-4fbd-82d9-c249a1393768','it'),
(6,6,'stato','6cd5f42a-a5e1-4288-a25a-724bff63c135','it'),
(7,7,'tags','8f50f139-70d5-48c2-8d20-a8f6622dd054','it'),
(8,8,'tags','b051f854-fe42-485b-b438-b32434bdc58f','it'),
(9,9,'tags','3031e26d-3194-414b-874d-43e0613f0cc0','it'),
(10,10,'tags','d7cd9188-c49e-4a52-bb10-bb30acf762c9','it'),
(11,11,'tags','df89a4cb-adf9-4417-b2ba-866ec6b31401','it'),
(12,12,'tags','6f215f33-0f8c-459b-a5e2-1121800cbb8a','it'),
(13,13,'tags','6d08f0f4-61c2-488d-8b4f-f0cf9449f065','it'),
(14,14,'tags','40a512d5-f1d3-4c98-a51f-562488b53cd7','it'),
(15,15,'tags','c2a1a7b8-c752-475c-a458-2f15cdefdea4','it'),
(16,16,'tags','7815f8ad-f912-47bc-ba64-e141f4e8f227','it'),
(17,17,'tags','b5864dd4-4fcd-4f18-a47e-0e914cea5889','it'),
(18,18,'tags','f3094e0f-6b4c-4cb3-b561-648f36083772','it'),
(19,19,'tags','e4c9f1d5-ff97-477c-a495-b550ac966013','it'),
(20,20,'tags','64d3f248-c2fa-4cd2-9c14-f8879724d787','it'),
(21,21,'tags','78f6e6e8-f9e9-491c-8bc4-ec0c281ac5fd','it'),
(22,22,'tags','cc1fde6d-462f-444b-a56f-b5f15cf45be8','it'),
(23,23,'tags','dbc43918-3cc9-4778-acd3-d54ea7e8aeb0','it'),
(24,24,'tags','4891d8a3-bdfe-4e51-a1da-be57b10c5153','it'),
(25,25,'tags','af42ced7-02cc-47b8-9753-cf49f15ba35a','it'),
(26,26,'tags','68fef99b-34c5-46cf-ad90-e5412a1c957b','it'),
(27,27,'tags','6812f542-635f-4c87-ab63-5ed4c9b69a07','it'),
(28,28,'tags','375adf71-dbd1-447c-bef1-d237a3625270','it'),
(29,29,'tags','9790fa2d-304d-4f21-a4af-47da1999bdc5','it'),
(30,30,'tags','4b501ced-8caa-488d-a02c-1de34d1bca37','it'),
(31,31,'tags','f2b69ed0-87e7-47c1-b07a-65115d025318','it'),
(32,32,'tags','ca95f0a2-a5fd-4cc6-a801-97483994b0c3','it'),
(33,33,'tags','3c828192-3b70-4042-89c0-9e5284318908','it'),
(34,34,'tags','2705f285-170a-413e-b0b1-f912891de229','it'),
(35,35,'tags','9985c570-3e46-4e45-916a-d615e4f72f46','it'),
(36,36,'tags','97c3eb71-b906-4ebf-ab3a-b772a93cbe21','it'),
(37,37,'tags','5da7ccb1-95e1-4e6d-b8ee-3ce5442aecce','it'),
(38,38,'tags','3fc0ce6b-b7a1-4450-9789-1c1d9b7da1fe','it'),
(39,39,'tags','4ed07348-8f73-49da-96b0-d4c4e00c52c3','it'),
(40,40,'tags','0a069fb3-8867-4652-abf1-009cfbb19e24','it'),
(41,41,'tags','35e72298-2bcb-43a1-ba15-bfb010c81237','it'),
(42,42,'tags','096bf311-4b7a-421a-bcc1-c314efecdfba','it'),
(43,43,'tags','8a3b2026-747d-4e8f-a953-bf6d6a9d5de5','it'),
(44,44,'tags','9eae8435-d26f-4ff9-ac95-c26ccee4c7f2','it'),
(45,45,'tags','991e6e47-30f5-42c8-9ca7-bf2465ec07ac','it'),
(46,46,'tags','1ae3669f-1a94-4146-a14c-ac1f2e6172a9','it'),
(47,47,'tags','72b4b80c-a73f-4ae0-be82-6a42b2b908f9','it'),
(48,48,'tags','ddb72976-6e39-4e47-b96c-e5a2b8ff90c1','it'),
(49,49,'woocatalog_categoria','d3ce7580-2057-4266-ad17-618a3a4b73fe','it'),
(50,50,'woocatalog_categoria','e16b9748-9a53-4f30-a96d-940ee1813f2a','it'),
(51,51,'woocatalog_categoria','ea7b343b-2254-4607-b159-6b80ef1f42d7','it'),
(52,52,'woocatalog_categoria','bb725e14-363d-4208-94e9-2a8ec19faa95','it'),
(53,53,'woocatalog_categoria','57f2a4d7-a53e-42a1-b35a-14a92d0aebed','it'),
(54,54,'woocatalog_categoria','317a34c4-71ce-4370-a3e9-482dbb61698b','it'),
(55,55,'woocatalog_sottocategoria','d85063ae-b7f4-4dad-b235-e4a802b914f9','it'),
(56,56,'woocatalog_marca','7f5d533e-bbe2-4e79-a763-0c8b071df074','it'),
(57,57,'woocatalog_sottocategoria','e88bcc1b-dc54-456a-86ee-687ceac497e0','it'),
(58,58,'woocatalog_sottocategoria','e6c5f14f-3bb0-4a5f-aaab-9f565d5bc13e','it'),
(59,59,'woocatalog_marca','4ea193c1-c1d1-4ae5-be23-463eab72af69','it'),
(60,60,'woocatalog_sottocategoria','52468b6c-19aa-4acd-83c5-18db21289caf','it'),
(61,61,'woocatalog_sottocategoria','6831f39e-6b68-4035-b034-661d929df64b','it'),
(62,62,'woocatalog_marca','8f666072-24c5-48ab-b536-4e20b2508856','it'),
(63,63,'woocatalog_sottocategoria','09c54a8a-3c9c-4c38-88d5-142442c417f6','it'),
(64,64,'woocatalog_sottocategoria','8e97602c-af6f-47e9-8a44-7f2a87f1677b','it'),
(65,65,'woocatalog_sottocategoria','e7e6143e-1ab5-43b1-bc14-96efa0b4ca80','it'),
(66,66,'woocatalog_sottocategoria','8e17a0fd-9fc8-4338-b373-96aca8cee8fd','it'),
(67,67,'woocatalog_sottocategoria','148f3d48-c7f5-43a5-bbd7-a742de2aeebc','it'),
(68,68,'woocatalog_marca','bc68330b-72a3-47a2-9f90-77e6fb3077cf','it'),
(69,69,'woocatalog_sottocategoria','dd4d475d-38ff-4afa-85c5-f6b5036c0004','it'),
(70,70,'woocatalog_sottocategoria','53f4094a-007a-49a1-abe8-2471f066d4e2','it'),
(71,71,'woocatalog_sottocategoria','e16be6a1-7121-4ae3-be1c-cccdf4d84a9f','it'),
(72,72,'woocatalog_marca','35c49c6f-d2c8-4d50-a053-67d0861d6658','it'),
(73,73,'woocatalog_sottocategoria','9bdc3d63-3295-4bd3-abd2-74ea1de9544c','it'),
(74,74,'woocatalog_sottocategoria','5471c7e3-022f-4569-a625-5df2199414a3','it'),
(75,75,'woocatalog_marca','c9259c71-9236-4221-a962-21b23aea973b','it'),
(76,76,'woocatalog_marca','fa549221-36d7-4292-9864-77d6359ef4f4','it'),
(77,77,'woocatalog_marca','74f4a31c-bf53-4692-9242-b0ba691ba586','it'),
(78,78,'woocatalog_sottocategoria','643bf4d3-424d-488f-a08e-c99b633a3d22','it'),
(79,79,'woocatalog_marca','dea8f956-bf7f-445b-b848-c179d82599b6','it'),
(80,80,'woocatalog_sottocategoria','d7ee5b00-5f36-4e8c-b6cf-8f9e94f9e4eb','it'),
(81,81,'woocatalog_sottocategoria','559e6fdb-2e06-4151-9c21-2b537fd5f9d7','it'),
(82,82,'woocatalog_sottocategoria','3931badc-d90a-4410-ba74-c9a3fc3a6476','it'),
(83,83,'woocatalog_sottocategoria','19b7f820-b2e4-4579-8a1d-8e53492d866c','it'),
(84,84,'woocatalog_marca','4c95982f-03a4-4b1c-be93-83cb8003693d','it'),
(85,85,'woocatalog_marca','d896f258-972f-4bd9-9a82-6f65ec4185f3','it'),
(86,86,'woocatalog_marca','fc036da7-a0b6-4c03-bf67-156bc413edc1','it'),
(87,87,'woocatalog_marca','2a790afb-11f7-4b7c-be92-d44e44136de6','it'),
(88,88,'woocatalog_marca','85ebae11-d34a-4fbf-95ae-25dc603a48a4','it'),
(89,89,'woocatalog_marca','ab4457f4-ac64-449c-b57f-047e8362a5d3','it'),
(90,90,'woocatalog_sottocategoria','ec6eb038-687d-4840-968f-e43b4081e959','it'),
(91,91,'woocatalog_marca','391291a5-23ea-4201-b596-94c55d09465e','it'),
(92,92,'woocatalog_marca','15fed981-604b-4cf7-b620-0631a9f81fda','it');
COMMIT;

--
-- Table structure for table `taxonomy_term_field_data`
--

CREATE TABLE `taxonomy_term_field_data` (
  `tid` int(10) unsigned NOT NULL,
  `revision_id` int(10) unsigned NOT NULL,
  `vid` varchar(32) CHARACTER SET ascii COLLATE ascii_general_ci NOT NULL COMMENT 'The ID of the target entity.',
  `langcode` varchar(12) CHARACTER SET ascii COLLATE ascii_general_ci NOT NULL,
  `status` tinyint(4) NOT NULL,
  `name` varchar(255) NOT NULL,
  `description__value` longtext DEFAULT NULL,
  `description__format` varchar(255) CHARACTER SET ascii COLLATE ascii_general_ci DEFAULT NULL,
  `weight` int(11) NOT NULL,
  `changed` int(11) DEFAULT NULL,
  `default_langcode` tinyint(4) NOT NULL,
  `revision_translation_affected` tinyint(4) DEFAULT NULL,
  `content_translation_source` varchar(12) CHARACTER SET ascii COLLATE ascii_general_ci DEFAULT NULL,
  `content_translation_outdated` tinyint(4) DEFAULT NULL,
  `content_translation_uid` int(10) unsigned DEFAULT NULL COMMENT 'The ID of the target entity.',
  `content_translation_created` int(11) DEFAULT NULL,
  PRIMARY KEY (`tid`,`langcode`),
  KEY `taxonomy_term__id__default_langcode__langcode` (`tid`,`default_langcode`,`langcode`),
  KEY `taxonomy_term__revision_id` (`revision_id`),
  KEY `taxonomy_term_field__name` (`name`(191)),
  KEY `taxonomy_term__status_vid` (`status`,`vid`,`tid`),
  KEY `taxonomy_term__tree` (`vid`,`weight`,`name`(191)),
  KEY `taxonomy_term__vid_name` (`vid`,`name`(191)),
  KEY `taxonomy_term__1a0c187e9a` (`content_translation_uid`)
) ENGINE=InnoDB DEFAULT CHARSET=utf8mb4 COLLATE=utf8mb4_general_ci COMMENT='The data table for taxonomy_term entities.';

--
-- Dumping data for table `taxonomy_term_field_data`
--

INSERT INTO `taxonomy_term_field_data` VALUES
(1,1,'stato','it',1,'In attesa',NULL,NULL,0,1605521090,1,1,'und',0,NULL,NULL),
(2,2,'stato','it',1,'In Lavorazione',NULL,NULL,0,1605521105,1,1,'und',0,NULL,NULL),
(3,3,'stato','it',1,'Valorizzata',NULL,NULL,0,1605521118,1,1,'und',0,NULL,NULL),
(4,4,'stato','it',1,'Fatturata',NULL,NULL,0,1605521124,1,1,'und',0,NULL,NULL),
(5,5,'stato','it',1,'Pagata',NULL,NULL,0,1605521130,1,1,'und',0,NULL,NULL),
(6,6,'stato','it',1,'Chiusa',NULL,NULL,0,1605521138,1,1,'und',0,NULL,NULL),
(7,7,'tags','it',1,'benzina',NULL,NULL,0,1605903240,1,1,'und',0,NULL,NULL),
(8,8,'tags','it',1,'materiali',NULL,NULL,0,1605903347,1,1,'und',0,NULL,NULL),
(9,9,'tags','it',1,'caixa',NULL,NULL,0,1605903404,1,1,'und',0,NULL,NULL),
(10,10,'tags','it',1,'pagamento',NULL,NULL,0,1605947243,1,1,'und',0,NULL,NULL),
(11,11,'tags','it',1,'gas',NULL,NULL,0,1605952860,1,1,'und',0,NULL,NULL),
(12,12,'tags','it',1,'pinturandalus',NULL,NULL,0,1605955889,1,1,'und',0,NULL,NULL),
(13,13,'tags','it',1,'manutenzioni',NULL,NULL,0,1605955972,1,1,'und',0,NULL,NULL),
(14,14,'tags','it',1,'Leroy Merlin',NULL,NULL,0,1605956041,1,1,'und',0,NULL,NULL),
(15,15,'tags','it',1,'climadrid',NULL,NULL,0,1605956166,1,1,'und',0,NULL,NULL),
(16,16,'tags','it',1,'tubi',NULL,NULL,0,1605956340,1,1,'und',0,NULL,NULL),
(17,17,'tags','it',1,'prelievo Roberto',NULL,NULL,0,1605956653,1,1,'und',0,NULL,NULL),
(18,18,'tags','it',1,'Benitez',NULL,NULL,0,1605956715,1,1,'und',0,NULL,NULL),
(19,19,'tags','it',1,'papeleria',NULL,NULL,0,1605956825,1,1,'und',0,NULL,NULL),
(20,20,'tags','it',1,'Interventi extra',NULL,NULL,0,1605959642,1,1,'und',0,NULL,NULL),
(21,21,'tags','it',1,'proinco',NULL,NULL,0,1605960834,1,1,'und',0,NULL,NULL),
(22,22,'tags','it',1,'pranzo',NULL,NULL,0,1605961175,1,1,'und',0,NULL,NULL),
(23,23,'tags','it',1,'accessori',NULL,NULL,0,1605962976,1,1,'und',0,NULL,NULL),
(24,24,'tags','it',1,'ferreteria',NULL,NULL,0,1605963332,1,1,'und',0,NULL,NULL),
(25,25,'tags','it',1,'asesoria',NULL,NULL,0,1605963879,1,1,'und',0,NULL,NULL),
(26,26,'tags','it',1,'Pladur',NULL,NULL,0,1605963931,1,1,'und',0,NULL,NULL),
(27,27,'tags','it',1,'parking',NULL,NULL,0,1605964820,1,1,'und',0,NULL,NULL),
(28,28,'tags','it',1,'Ecomar',NULL,NULL,0,1605965972,1,1,'und',0,NULL,NULL),
(29,29,'tags','it',1,'prelievo Gabriele',NULL,NULL,0,1605967931,1,1,'und',0,NULL,NULL),
(30,30,'tags','it',1,'personali',NULL,NULL,0,1605969627,1,1,'und',0,NULL,NULL),
(31,31,'tags','it',1,'varie',NULL,NULL,0,1605970490,1,1,'und',0,NULL,NULL),
(32,32,'tags','it',1,'bigmat',NULL,NULL,0,1605970778,1,1,'und',0,NULL,NULL),
(33,33,'tags','it',1,'proveedora',NULL,NULL,0,1605972120,1,1,'und',0,NULL,NULL),
(34,34,'tags','it',1,'saneamientos',NULL,NULL,0,1605972665,1,1,'und',0,NULL,NULL),
(35,35,'tags','it',1,'Bricomart',NULL,NULL,0,1606059415,1,1,'und',0,NULL,NULL),
(36,36,'tags','it',1,'personali Gabriele',NULL,NULL,0,1605977804,1,1,'und',0,NULL,NULL),
(37,37,'tags','it',1,'personali Roberto',NULL,NULL,0,1605978039,1,1,'und',0,NULL,NULL),
(38,38,'tags','it',1,'Dist mat',NULL,NULL,0,1606058978,1,1,'und',0,NULL,NULL),
(39,39,'tags','it',1,'cotizacion',NULL,NULL,0,1606059804,1,1,'und',0,NULL,NULL),
(40,40,'tags','it',1,'Hermanos',NULL,NULL,0,1606060311,1,1,'und',0,NULL,NULL),
(41,41,'tags','it',1,'axac_aisl',NULL,NULL,0,1606062575,1,1,'und',0,NULL,NULL),
(42,42,'tags','it',1,'ferreteria Noria',NULL,NULL,0,1606062801,1,1,'und',0,NULL,NULL),
(43,43,'tags','it',1,'irpef',NULL,NULL,0,1609438424,1,1,'und',0,NULL,NULL),
(44,44,'tags','it',1,'Ferreteria Brico',NULL,NULL,0,1609438801,1,1,'und',0,NULL,NULL),
(45,45,'tags','it',1,'Miguel',NULL,NULL,0,1609439289,1,1,'und',0,NULL,NULL),
(46,46,'tags','it',1,'Chino',NULL,NULL,0,1609439920,1,1,'und',0,NULL,NULL),
(47,47,'tags','it',1,'undefined',NULL,NULL,0,1760359050,1,1,'und',0,NULL,NULL),
(48,48,'tags','it',1,'test',NULL,NULL,0,1768820240,1,1,'und',0,NULL,NULL),
(49,49,'woocatalog_categoria','es',1,'Fontanería',NULL,NULL,0,1782726750,0,1,'und',0,0,1782726750),
(49,49,'woocatalog_categoria','it',1,'Idraulica',NULL,NULL,0,1774108757,1,1,'und',0,NULL,NULL),
(50,50,'woocatalog_categoria','es',1,'Albañilería',NULL,NULL,0,1782726750,0,1,'und',0,0,1782726750),
(50,50,'woocatalog_categoria','it',1,'Muratura',NULL,NULL,0,1774108791,1,1,'und',0,NULL,NULL),
(51,51,'woocatalog_categoria','es',1,'Electricidad',NULL,NULL,0,1782726750,0,1,'und',0,0,1782726750),
(51,51,'woocatalog_categoria','it',1,'Elettricitá',NULL,NULL,0,1774108801,1,1,'und',0,NULL,NULL),
(52,52,'woocatalog_categoria','es',1,'Carpintería',NULL,NULL,0,1782726750,0,1,'und',0,0,1782726750),
(52,52,'woocatalog_categoria','it',1,'Falegnameria',NULL,NULL,0,1774108809,1,1,'und',0,NULL,NULL),
(53,53,'woocatalog_categoria','es',1,'Cristales',NULL,NULL,0,1782726750,0,1,'und',0,0,1782726750),
(53,53,'woocatalog_categoria','it',1,'Cristalli',NULL,NULL,0,1774108823,1,1,'und',0,NULL,NULL),
(54,54,'woocatalog_categoria','es',1,'Ventanas y puertas',NULL,NULL,0,1782726750,0,1,'und',0,0,1782726750),
(54,54,'woocatalog_categoria','it',1,'Infissi',NULL,NULL,0,1774108837,1,1,'und',0,NULL,NULL),
(55,55,'woocatalog_sottocategoria','it',1,'Tubi',NULL,NULL,0,1774109845,1,1,'und',0,NULL,NULL),
(56,56,'woocatalog_marca','it',1,'abc',NULL,NULL,0,1774111640,1,1,'und',0,NULL,NULL),
(57,57,'woocatalog_sottocategoria','it',1,'rubinetteria',NULL,NULL,0,1774111640,1,1,'und',0,NULL,NULL),
(58,58,'woocatalog_sottocategoria','it',1,'Tuberia',NULL,NULL,0,1774471605,1,1,'und',0,NULL,NULL),
(59,59,'woocatalog_marca','it',1,'Termoval sth',NULL,NULL,0,1774471870,1,1,'und',0,NULL,NULL),
(60,60,'woocatalog_sottocategoria','it',1,'Valvulas',NULL,NULL,0,1774471870,1,1,'und',0,NULL,NULL),
(61,61,'woocatalog_sottocategoria','it',1,'Pulsadores',NULL,NULL,0,1774471967,1,1,'und',0,NULL,NULL),
(62,62,'woocatalog_marca','it',1,'Genebre',NULL,NULL,0,1774473264,1,1,'und',0,NULL,NULL),
(63,63,'woocatalog_sottocategoria','it',1,'Grifos',NULL,NULL,0,1774473264,1,1,'und',0,NULL,NULL),
(64,64,'woocatalog_sottocategoria','it',1,'Juntas',NULL,NULL,0,1774473853,1,1,'und',0,NULL,NULL),
(65,65,'woocatalog_sottocategoria','it',1,'arandelas',NULL,NULL,0,1774552852,1,1,'und',0,NULL,NULL),
(66,66,'woocatalog_sottocategoria','it',1,'Teflón',NULL,NULL,0,1774552946,1,1,'und',0,NULL,NULL),
(67,67,'woocatalog_sottocategoria','it',1,'llaves',NULL,NULL,0,1774553563,1,1,'und',0,NULL,NULL),
(68,68,'woocatalog_marca','it',1,'TecnoAgua',NULL,NULL,0,1774553752,1,1,'und',0,NULL,NULL),
(69,69,'woocatalog_sottocategoria','it',1,'Sifón',NULL,NULL,0,1774553752,1,1,'und',0,NULL,NULL),
(70,70,'woocatalog_sottocategoria','it',1,'manguito',NULL,NULL,0,1774553854,1,1,'und',0,NULL,NULL),
(71,71,'woocatalog_sottocategoria','it',1,'inodoro',NULL,NULL,0,1774554562,1,1,'und',0,NULL,NULL),
(72,72,'woocatalog_marca','it',1,'Jimten',NULL,NULL,0,1774554681,1,1,'und',0,NULL,NULL),
(73,73,'woocatalog_sottocategoria','it',1,'tuerca',NULL,NULL,0,1774554863,1,1,'und',0,NULL,NULL),
(74,74,'woocatalog_sottocategoria','it',1,'rosca',NULL,NULL,0,1774555011,1,1,'und',0,NULL,NULL),
(75,75,'woocatalog_marca','it',1,'Poli',NULL,NULL,0,1774555178,1,1,'und',0,NULL,NULL),
(76,76,'woocatalog_marca','it',1,'Idrospania',NULL,NULL,0,1774555310,1,1,'und',0,NULL,NULL),
(77,77,'woocatalog_marca','it',1,'Kansas',NULL,NULL,0,1774555399,1,1,'und',0,NULL,NULL),
(78,78,'woocatalog_sottocategoria','it',1,'Tornillo',NULL,NULL,0,1774555675,1,1,'und',0,NULL,NULL),
(79,79,'woocatalog_marca','it',1,'Roca',NULL,NULL,0,1774555767,1,1,'und',0,NULL,NULL),
(80,80,'woocatalog_sottocategoria','it',1,'ducha',NULL,NULL,0,1774555767,1,1,'und',0,NULL,NULL),
(81,81,'woocatalog_sottocategoria','it',1,'canaleta',NULL,NULL,0,1774556475,1,1,'und',0,NULL,NULL),
(82,82,'woocatalog_sottocategoria','it',1,'varia',NULL,NULL,0,1774557243,1,1,'und',0,NULL,NULL),
(83,83,'woocatalog_sottocategoria','it',1,'Cinta',NULL,NULL,0,1774557412,1,1,'und',0,NULL,NULL),
(84,84,'woocatalog_marca','it',1,'Boca',NULL,NULL,0,1774557738,1,1,'und',0,NULL,NULL),
(85,85,'woocatalog_marca','it',1,'Maxiclean',NULL,NULL,0,1774558538,1,1,'und',0,NULL,NULL),
(86,86,'woocatalog_marca','it',1,'Loctite',NULL,NULL,0,1774558619,1,1,'und',0,NULL,NULL),
(87,87,'woocatalog_marca','it',1,'Rofer',NULL,NULL,0,1774559389,1,1,'und',0,NULL,NULL),
(88,88,'woocatalog_marca','it',1,'The Gap',NULL,NULL,0,1774559587,1,1,'und',0,NULL,NULL),
(89,89,'woocatalog_marca','it',1,'Provai',NULL,NULL,0,1774560001,1,1,'und',0,NULL,NULL),
(90,90,'woocatalog_sottocategoria','it',1,'Termo',NULL,NULL,0,1774560001,1,1,'und',0,NULL,NULL),
(91,91,'woocatalog_marca','it',1,'Arco',NULL,NULL,0,1774630488,1,1,'und',0,NULL,NULL),
(92,92,'woocatalog_marca','it',1,'Pattex',NULL,NULL,0,1774632189,1,1,'und',0,NULL,NULL);
COMMIT;

--
-- Table structure for table `taxonomy_term_field_revision`
--

CREATE TABLE `taxonomy_term_field_revision` (
  `tid` int(10) unsigned NOT NULL,
  `revision_id` int(10) unsigned NOT NULL,
  `langcode` varchar(12) CHARACTER SET ascii COLLATE ascii_general_ci NOT NULL,
  `status` tinyint(4) NOT NULL,
  `name` varchar(255) DEFAULT NULL,
  `description__value` longtext DEFAULT NULL,
  `description__format` varchar(255) CHARACTER SET ascii COLLATE ascii_general_ci DEFAULT NULL,
  `changed` int(11) DEFAULT NULL,
  `default_langcode` tinyint(4) NOT NULL,
  `revision_translation_affected` tinyint(4) DEFAULT NULL,
  `content_translation_source` varchar(12) CHARACTER SET ascii COLLATE ascii_general_ci DEFAULT NULL,
  `content_translation_outdated` tinyint(4) DEFAULT NULL,
  `content_translation_uid` int(10) unsigned DEFAULT NULL COMMENT 'The ID of the target entity.',
  `content_translation_created` int(11) DEFAULT NULL,
  PRIMARY KEY (`revision_id`,`langcode`),
  KEY `taxonomy_term__id__default_langcode__langcode` (`tid`,`default_langcode`,`langcode`),
  KEY `taxonomy_term_field__description__format` (`description__format`),
  KEY `taxonomy_term__1a0c187e9a` (`content_translation_uid`)
) ENGINE=InnoDB DEFAULT CHARSET=utf8mb4 COLLATE=utf8mb4_general_ci COMMENT='The revision data table for taxonomy_term entities.';

--
-- Dumping data for table `taxonomy_term_field_revision`
--

INSERT INTO `taxonomy_term_field_revision` VALUES
(1,1,'it',1,'In attesa',NULL,NULL,1605521090,1,1,'und',0,NULL,NULL),
(2,2,'it',1,'In Lavorazione',NULL,NULL,1605521105,1,1,'und',0,NULL,NULL),
(3,3,'it',1,'Valorizzata',NULL,NULL,1605521118,1,1,'und',0,NULL,NULL),
(4,4,'it',1,'Fatturata',NULL,NULL,1605521124,1,1,'und',0,NULL,NULL),
(5,5,'it',1,'Pagata',NULL,NULL,1605521130,1,1,'und',0,NULL,NULL),
(6,6,'it',1,'Chiusa',NULL,NULL,1605521138,1,1,'und',0,NULL,NULL),
(7,7,'it',1,'benzina',NULL,NULL,1605903240,1,1,'und',0,NULL,NULL),
(8,8,'it',1,'materiali',NULL,NULL,1605903347,1,1,'und',0,NULL,NULL),
(9,9,'it',1,'caixa',NULL,NULL,1605903404,1,1,'und',0,NULL,NULL),
(10,10,'it',1,'pagamento',NULL,NULL,1605947243,1,1,'und',0,NULL,NULL),
(11,11,'it',1,'gas',NULL,NULL,1605952860,1,1,'und',0,NULL,NULL),
(12,12,'it',1,'pinturandalus',NULL,NULL,1605955889,1,1,'und',0,NULL,NULL),
(13,13,'it',1,'manutenzioni',NULL,NULL,1605955972,1,1,'und',0,NULL,NULL),
(14,14,'it',1,'Leroy Merlin',NULL,NULL,1605956041,1,1,'und',0,NULL,NULL),
(15,15,'it',1,'climadrid',NULL,NULL,1605956166,1,1,'und',0,NULL,NULL),
(16,16,'it',1,'tubi',NULL,NULL,1605956340,1,1,'und',0,NULL,NULL),
(17,17,'it',1,'prelievo Roberto',NULL,NULL,1605956653,1,1,'und',0,NULL,NULL),
(18,18,'it',1,'Benitez',NULL,NULL,1605956715,1,1,'und',0,NULL,NULL),
(19,19,'it',1,'papeleria',NULL,NULL,1605956825,1,1,'und',0,NULL,NULL),
(20,20,'it',1,'Interventi extra',NULL,NULL,1605959642,1,1,'und',0,NULL,NULL),
(21,21,'it',1,'proinco',NULL,NULL,1605960834,1,1,'und',0,NULL,NULL),
(22,22,'it',1,'pranzo',NULL,NULL,1605961175,1,1,'und',0,NULL,NULL),
(23,23,'it',1,'accessori',NULL,NULL,1605962976,1,1,'und',0,NULL,NULL),
(24,24,'it',1,'ferreteria',NULL,NULL,1605963332,1,1,'und',0,NULL,NULL),
(25,25,'it',1,'asesoria',NULL,NULL,1605963879,1,1,'und',0,NULL,NULL),
(26,26,'it',1,'Pladur',NULL,NULL,1605963931,1,1,'und',0,NULL,NULL),
(27,27,'it',1,'parking',NULL,NULL,1605964820,1,1,'und',0,NULL,NULL),
(28,28,'it',1,'Ecomar',NULL,NULL,1605965972,1,1,'und',0,NULL,NULL),
(29,29,'it',1,'prelievo Gabriele',NULL,NULL,1605967931,1,1,'und',0,NULL,NULL),
(30,30,'it',1,'personali',NULL,NULL,1605969627,1,1,'und',0,NULL,NULL),
(31,31,'it',1,'varie',NULL,NULL,1605970490,1,1,'und',0,NULL,NULL),
(32,32,'it',1,'bigmat',NULL,NULL,1605970778,1,1,'und',0,NULL,NULL),
(33,33,'it',1,'proveedora',NULL,NULL,1605972120,1,1,'und',0,NULL,NULL),
(34,34,'it',1,'saneamientos',NULL,NULL,1605972665,1,1,'und',0,NULL,NULL),
(35,35,'it',1,'Bricomart',NULL,NULL,1606059415,1,1,'und',0,NULL,NULL),
(36,36,'it',1,'personali Gabriele',NULL,NULL,1605977804,1,1,'und',0,NULL,NULL),
(37,37,'it',1,'personali Roberto',NULL,NULL,1605978039,1,1,'und',0,NULL,NULL),
(38,38,'it',1,'Dist mat',NULL,NULL,1606058978,1,1,'und',0,NULL,NULL),
(39,39,'it',1,'cotizacion',NULL,NULL,1606059804,1,1,'und',0,NULL,NULL),
(40,40,'it',1,'Hermanos',NULL,NULL,1606060311,1,1,'und',0,NULL,NULL),
(41,41,'it',1,'axac_aisl',NULL,NULL,1606062575,1,1,'und',0,NULL,NULL),
(42,42,'it',1,'ferreteria Noria',NULL,NULL,1606062801,1,1,'und',0,NULL,NULL),
(43,43,'it',1,'irpef',NULL,NULL,1609438424,1,1,'und',0,NULL,NULL),
(44,44,'it',1,'Ferreteria Brico',NULL,NULL,1609438801,1,1,'und',0,NULL,NULL),
(45,45,'it',1,'Miguel',NULL,NULL,1609439289,1,1,'und',0,NULL,NULL),
(46,46,'it',1,'Chino',NULL,NULL,1609439920,1,1,'und',0,NULL,NULL),
(47,47,'it',1,'undefined',NULL,NULL,1760359050,1,1,'und',0,NULL,NULL),
(48,48,'it',1,'test',NULL,NULL,1768820240,1,1,'und',0,NULL,NULL),
(49,49,'es',1,'Fontanería',NULL,NULL,1782726750,0,1,'und',0,0,1782726750),
(49,49,'it',1,'Idraulica',NULL,NULL,1774108757,1,1,'und',0,NULL,NULL),
(50,50,'es',1,'Albañilería',NULL,NULL,1782726750,0,1,'und',0,0,1782726750),
(50,50,'it',1,'Muratura',NULL,NULL,1774108791,1,1,'und',0,NULL,NULL),
(51,51,'es',1,'Electricidad',NULL,NULL,1782726750,0,1,'und',0,0,1782726750),
(51,51,'it',1,'Elettricitá',NULL,NULL,1774108801,1,1,'und',0,NULL,NULL),
(52,52,'es',1,'Carpintería',NULL,NULL,1782726750,0,1,'und',0,0,1782726750),
(52,52,'it',1,'Falegnameria',NULL,NULL,1774108809,1,1,'und',0,NULL,NULL),
(53,53,'es',1,'Cristales',NULL,NULL,1782726750,0,1,'und',0,0,1782726750),
(53,53,'it',1,'Cristalli',NULL,NULL,1774108823,1,1,'und',0,NULL,NULL),
(54,54,'es',1,'Ventanas y puertas',NULL,NULL,1782726750,0,1,'und',0,0,1782726750),
(54,54,'it',1,'Infissi',NULL,NULL,1774108837,1,1,'und',0,NULL,NULL),
(55,55,'it',1,'Tubi',NULL,NULL,1774109845,1,1,'und',0,NULL,NULL),
(56,56,'it',1,'abc',NULL,NULL,1774111640,1,1,'und',0,NULL,NULL),
(57,57,'it',1,'rubinetteria',NULL,NULL,1774111640,1,1,'und',0,NULL,NULL),
(58,58,'it',1,'Tuberia',NULL,NULL,1774471605,1,1,'und',0,NULL,NULL),
(59,59,'it',1,'Termoval sth',NULL,NULL,1774471870,1,1,'und',0,NULL,NULL),
(60,60,'it',1,'Valvulas',NULL,NULL,1774471870,1,1,'und',0,NULL,NULL),
(61,61,'it',1,'Pulsadores',NULL,NULL,1774471967,1,1,'und',0,NULL,NULL),
(62,62,'it',1,'Genebre',NULL,NULL,1774473264,1,1,'und',0,NULL,NULL),
(63,63,'it',1,'Grifos',NULL,NULL,1774473264,1,1,'und',0,NULL,NULL),
(64,64,'it',1,'Juntas',NULL,NULL,1774473853,1,1,'und',0,NULL,NULL),
(65,65,'it',1,'arandelas',NULL,NULL,1774552852,1,1,'und',0,NULL,NULL),
(66,66,'it',1,'Teflón',NULL,NULL,1774552946,1,1,'und',0,NULL,NULL),
(67,67,'it',1,'llaves',NULL,NULL,1774553563,1,1,'und',0,NULL,NULL),
(68,68,'it',1,'TecnoAgua',NULL,NULL,1774553752,1,1,'und',0,NULL,NULL),
(69,69,'it',1,'Sifón',NULL,NULL,1774553752,1,1,'und',0,NULL,NULL),
(70,70,'it',1,'manguito',NULL,NULL,1774553854,1,1,'und',0,NULL,NULL),
(71,71,'it',1,'inodoro',NULL,NULL,1774554562,1,1,'und',0,NULL,NULL),
(72,72,'it',1,'Jimten',NULL,NULL,1774554681,1,1,'und',0,NULL,NULL),
(73,73,'it',1,'tuerca',NULL,NULL,1774554863,1,1,'und',0,NULL,NULL),
(74,74,'it',1,'rosca',NULL,NULL,1774555011,1,1,'und',0,NULL,NULL),
(75,75,'it',1,'Poli',NULL,NULL,1774555178,1,1,'und',0,NULL,NULL),
(76,76,'it',1,'Idrospania',NULL,NULL,1774555310,1,1,'und',0,NULL,NULL),
(77,77,'it',1,'Kansas',NULL,NULL,1774555399,1,1,'und',0,NULL,NULL),
(78,78,'it',1,'Tornillo',NULL,NULL,1774555675,1,1,'und',0,NULL,NULL),
(79,79,'it',1,'Roca',NULL,NULL,1774555767,1,1,'und',0,NULL,NULL),
(80,80,'it',1,'ducha',NULL,NULL,1774555767,1,1,'und',0,NULL,NULL),
(81,81,'it',1,'canaleta',NULL,NULL,1774556475,1,1,'und',0,NULL,NULL),
(82,82,'it',1,'varia',NULL,NULL,1774557243,1,1,'und',0,NULL,NULL),
(83,83,'it',1,'Cinta',NULL,NULL,1774557412,1,1,'und',0,NULL,NULL),
(84,84,'it',1,'Boca',NULL,NULL,1774557738,1,1,'und',0,NULL,NULL),
(85,85,'it',1,'Maxiclean',NULL,NULL,1774558538,1,1,'und',0,NULL,NULL),
(86,86,'it',1,'Loctite',NULL,NULL,1774558619,1,1,'und',0,NULL,NULL),
(87,87,'it',1,'Rofer',NULL,NULL,1774559389,1,1,'und',0,NULL,NULL),
(88,88,'it',1,'The Gap',NULL,NULL,1774559587,1,1,'und',0,NULL,NULL),
(89,89,'it',1,'Provai',NULL,NULL,1774560001,1,1,'und',0,NULL,NULL),
(90,90,'it',1,'Termo',NULL,NULL,1774560001,1,1,'und',0,NULL,NULL),
(91,91,'it',1,'Arco',NULL,NULL,1774630488,1,1,'und',0,NULL,NULL),
(92,92,'it',1,'Pattex',NULL,NULL,1774632189,1,1,'und',0,NULL,NULL);
COMMIT;

--
-- Table structure for table `taxonomy_term_revision`
--

CREATE TABLE `taxonomy_term_revision` (
  `tid` int(10) unsigned NOT NULL,
  `revision_id` int(10) unsigned NOT NULL AUTO_INCREMENT,
  `langcode` varchar(12) CHARACTER SET ascii COLLATE ascii_general_ci NOT NULL,
  `revision_user` int(10) unsigned DEFAULT NULL COMMENT 'The ID of the target entity.',
  `revision_created` int(11) DEFAULT NULL,
  `revision_log_message` longtext DEFAULT NULL,
  `revision_default` tinyint(4) DEFAULT NULL,
  PRIMARY KEY (`revision_id`),
  KEY `taxonomy_term__tid` (`tid`),
  KEY `taxonomy_term_field__revision_user__target_id` (`revision_user`)
) ENGINE=InnoDB AUTO_INCREMENT=93 DEFAULT CHARSET=utf8mb4 COLLATE=utf8mb4_general_ci COMMENT='The revision table for taxonomy_term entities.';

--
-- Dumping data for table `taxonomy_term_revision`
--

INSERT INTO `taxonomy_term_revision` VALUES
(1,1,'it',NULL,1605521090,NULL,1),
(2,2,'it',NULL,1605521105,NULL,1),
(3,3,'it',NULL,1605521118,NULL,1),
(4,4,'it',NULL,1605521124,NULL,1),
(5,5,'it',NULL,1605521130,NULL,1),
(6,6,'it',NULL,1605521138,NULL,1),
(7,7,'it',NULL,1605903240,NULL,1),
(8,8,'it',NULL,1605903347,NULL,1),
(9,9,'it',NULL,1605903404,NULL,1),
(10,10,'it',NULL,1605947243,NULL,1),
(11,11,'it',NULL,1605952860,NULL,1),
(12,12,'it',NULL,1605955889,NULL,1),
(13,13,'it',NULL,1605955972,NULL,1),
(14,14,'it',NULL,1605956041,NULL,1),
(15,15,'it',NULL,1605956166,NULL,1),
(16,16,'it',NULL,1605956340,NULL,1),
(17,17,'it',NULL,1605956653,NULL,1),
(18,18,'it',NULL,1605956715,NULL,1),
(19,19,'it',NULL,1605956825,NULL,1),
(20,20,'it',NULL,1605959642,NULL,1),
(21,21,'it',NULL,1605960834,NULL,1),
(22,22,'it',NULL,1605961175,NULL,1),
(23,23,'it',NULL,1605962976,NULL,1),
(24,24,'it',NULL,1605963332,NULL,1),
(25,25,'it',NULL,1605963879,NULL,1),
(26,26,'it',NULL,1605963931,NULL,1),
(27,27,'it',NULL,1605964820,NULL,1),
(28,28,'it',NULL,1605965972,NULL,1),
(29,29,'it',NULL,1605967931,NULL,1),
(30,30,'it',NULL,1605969627,NULL,1),
(31,31,'it',NULL,1605970490,NULL,1),
(32,32,'it',NULL,1605970778,NULL,1),
(33,33,'it',NULL,1605972120,NULL,1),
(34,34,'it',NULL,1605972665,NULL,1),
(35,35,'it',NULL,1605975440,NULL,1),
(36,36,'it',NULL,1605977804,NULL,1),
(37,37,'it',NULL,1605978039,NULL,1),
(38,38,'it',NULL,1606058978,NULL,1),
(39,39,'it',NULL,1606059804,NULL,1),
(40,40,'it',NULL,1606060311,NULL,1),
(41,41,'it',NULL,1606062575,NULL,1),
(42,42,'it',NULL,1606062801,NULL,1),
(43,43,'it',NULL,1609438424,NULL,1),
(44,44,'it',NULL,1609438801,NULL,1),
(45,45,'it',NULL,1609439289,NULL,1),
(46,46,'it',NULL,1609439920,NULL,1),
(47,47,'it',NULL,1760359050,NULL,1),
(48,48,'it',NULL,1768820240,NULL,1),
(49,49,'it',NULL,1774108757,NULL,1),
(50,50,'it',NULL,1774108791,NULL,1),
(51,51,'it',NULL,1774108801,NULL,1),
(52,52,'it',NULL,1774108809,NULL,1),
(53,53,'it',NULL,1774108823,NULL,1),
(54,54,'it',NULL,1774108837,NULL,1),
(55,55,'it',NULL,1774109845,NULL,1),
(56,56,'it',NULL,1774111640,NULL,1),
(57,57,'it',NULL,1774111640,NULL,1),
(58,58,'it',NULL,1774471605,NULL,1),
(59,59,'it',NULL,1774471870,NULL,1),
(60,60,'it',NULL,1774471870,NULL,1),
(61,61,'it',NULL,1774471967,NULL,1),
(62,62,'it',NULL,1774473264,NULL,1),
(63,63,'it',NULL,1774473264,NULL,1),
(64,64,'it',NULL,1774473853,NULL,1),
(65,65,'it',NULL,1774552852,NULL,1),
(66,66,'it',NULL,1774552946,NULL,1),
(67,67,'it',NULL,1774553563,NULL,1),
(68,68,'it',NULL,1774553752,NULL,1),
(69,69,'it',NULL,1774553752,NULL,1),
(70,70,'it',NULL,1774553854,NULL,1),
(71,71,'it',NULL,1774554562,NULL,1),
(72,72,'it',NULL,1774554681,NULL,1),
(73,73,'it',NULL,1774554863,NULL,1),
(74,74,'it',NULL,1774555011,NULL,1),
(75,75,'it',NULL,1774555178,NULL,1),
(76,76,'it',NULL,1774555310,NULL,1),
(77,77,'it',NULL,1774555399,NULL,1),
(78,78,'it',NULL,1774555675,NULL,1),
(79,79,'it',NULL,1774555767,NULL,1),
(80,80,'it',NULL,1774555767,NULL,1),
(81,81,'it',NULL,1774556475,NULL,1),
(82,82,'it',NULL,1774557243,NULL,1),
(83,83,'it',NULL,1774557412,NULL,1),
(84,84,'it',NULL,1774557738,NULL,1),
(85,85,'it',NULL,1774558538,NULL,1),
(86,86,'it',NULL,1774558619,NULL,1),
(87,87,'it',NULL,1774559389,NULL,1),
(88,88,'it',NULL,1774559587,NULL,1),
(89,89,'it',NULL,1774560001,NULL,1),
(90,90,'it',NULL,1774560001,NULL,1),
(91,91,'it',NULL,1774630488,NULL,1),
(92,92,'it',NULL,1774632189,NULL,1);
COMMIT;

--
-- Table structure for table `taxonomy_term_revision__field_categoria`
--

CREATE TABLE `taxonomy_term_revision__field_categoria` (
  `bundle` varchar(128) CHARACTER SET ascii COLLATE ascii_general_ci NOT NULL DEFAULT '' COMMENT 'The field instance bundle to which this row belongs, used when deleting a field instance',
  `deleted` tinyint(4) NOT NULL DEFAULT 0 COMMENT 'A boolean indicating whether this data item has been deleted',
  `entity_id` int(10) unsigned NOT NULL COMMENT 'The entity id this data is attached to',
  `revision_id` int(10) unsigned NOT NULL COMMENT 'The entity revision id this data is attached to',
  `langcode` varchar(32) CHARACTER SET ascii COLLATE ascii_general_ci NOT NULL DEFAULT '' COMMENT 'The language code for this data item.',
  `delta` int(10) unsigned NOT NULL COMMENT 'The sequence number for this data item, used for multi-value fields',
  `field_categoria_target_id` int(10) unsigned NOT NULL COMMENT 'The ID of the target entity.',
  PRIMARY KEY (`entity_id`,`revision_id`,`deleted`,`delta`,`langcode`),
  KEY `bundle` (`bundle`),
  KEY `revision_id` (`revision_id`),
  KEY `field_categoria_target_id` (`field_categoria_target_id`)
) ENGINE=InnoDB DEFAULT CHARSET=utf8mb4 COLLATE=utf8mb4_general_ci COMMENT='Revision archive storage for taxonomy_term field field…';

--
-- Dumping data for table `taxonomy_term_revision__field_categoria`
--

INSERT INTO `taxonomy_term_revision__field_categoria` VALUES
('woocatalog_sottocategoria',0,55,55,'it',0,49),
('woocatalog_sottocategoria',0,57,57,'it',0,49),
('woocatalog_sottocategoria',0,58,58,'it',0,49),
('woocatalog_sottocategoria',0,60,60,'it',0,49),
('woocatalog_sottocategoria',0,61,61,'it',0,49),
('woocatalog_sottocategoria',0,63,63,'it',0,49),
('woocatalog_sottocategoria',0,64,64,'it',0,49),
('woocatalog_sottocategoria',0,65,65,'it',0,49),
('woocatalog_sottocategoria',0,66,66,'it',0,49),
('woocatalog_sottocategoria',0,67,67,'it',0,49),
('woocatalog_sottocategoria',0,69,69,'it',0,49),
('woocatalog_sottocategoria',0,70,70,'it',0,49),
('woocatalog_sottocategoria',0,71,71,'it',0,49),
('woocatalog_sottocategoria',0,73,73,'it',0,49),
('woocatalog_sottocategoria',0,74,74,'it',0,49),
('woocatalog_sottocategoria',0,78,78,'it',0,49),
('woocatalog_sottocategoria',0,80,80,'it',0,49),
('woocatalog_sottocategoria',0,81,81,'it',0,49),
('woocatalog_sottocategoria',0,82,82,'it',0,49),
('woocatalog_sottocategoria',0,83,83,'it',0,49),
('woocatalog_sottocategoria',0,90,90,'it',0,49);
COMMIT;

--
-- Table structure for table `taxonomy_term_revision__parent`
--

CREATE TABLE `taxonomy_term_revision__parent` (
  `bundle` varchar(128) CHARACTER SET ascii COLLATE ascii_general_ci NOT NULL DEFAULT '' COMMENT 'The field instance bundle to which this row belongs, used when deleting a field instance',
  `deleted` tinyint(4) NOT NULL DEFAULT 0 COMMENT 'A boolean indicating whether this data item has been deleted',
  `entity_id` int(10) unsigned NOT NULL COMMENT 'The entity id this data is attached to',
  `revision_id` int(10) unsigned NOT NULL COMMENT 'The entity revision id this data is attached to',
  `langcode` varchar(32) CHARACTER SET ascii COLLATE ascii_general_ci NOT NULL DEFAULT '' COMMENT 'The language code for this data item.',
  `delta` int(10) unsigned NOT NULL COMMENT 'The sequence number for this data item, used for multi-value fields',
  `parent_target_id` int(10) unsigned NOT NULL COMMENT 'The ID of the target entity.',
  PRIMARY KEY (`entity_id`,`revision_id`,`deleted`,`delta`,`langcode`),
  KEY `bundle` (`bundle`),
  KEY `revision_id` (`revision_id`),
  KEY `parent_target_id` (`parent_target_id`)
) ENGINE=InnoDB DEFAULT CHARSET=utf8mb4 COLLATE=utf8mb4_general_ci COMMENT='Revision archive storage for taxonomy_term field parent.';

--
-- Dumping data for table `taxonomy_term_revision__parent`
--

INSERT INTO `taxonomy_term_revision__parent` VALUES
('stato',0,1,1,'it',0,0),
('stato',0,2,2,'it',0,0),
('stato',0,3,3,'it',0,0),
('stato',0,4,4,'it',0,0),
('stato',0,5,5,'it',0,0),
('stato',0,6,6,'it',0,0),
('tags',0,7,7,'it',0,0),
('tags',0,8,8,'it',0,0),
('tags',0,9,9,'it',0,0),
('tags',0,10,10,'it',0,0),
('tags',0,11,11,'it',0,0),
('tags',0,12,12,'it',0,0),
('tags',0,13,13,'it',0,0),
('tags',0,14,14,'it',0,0),
('tags',0,15,15,'it',0,0),
('tags',0,16,16,'it',0,0),
('tags',0,17,17,'it',0,0),
('tags',0,18,18,'it',0,0),
('tags',0,19,19,'it',0,0),
('tags',0,20,20,'it',0,0),
('tags',0,21,21,'it',0,0),
('tags',0,22,22,'it',0,0),
('tags',0,23,23,'it',0,0),
('tags',0,24,24,'it',0,0),
('tags',0,25,25,'it',0,0),
('tags',0,26,26,'it',0,0),
('tags',0,27,27,'it',0,0),
('tags',0,28,28,'it',0,0),
('tags',0,29,29,'it',0,0),
('tags',0,30,30,'it',0,0),
('tags',0,31,31,'it',0,0),
('tags',0,32,32,'it',0,0),
('tags',0,33,33,'it',0,0),
('tags',0,34,34,'it',0,0),
('tags',0,35,35,'it',0,0),
('tags',0,36,36,'it',0,0),
('tags',0,37,37,'it',0,0),
('tags',0,38,38,'it',0,0),
('tags',0,39,39,'it',0,0),
('tags',0,40,40,'it',0,0),
('tags',0,41,41,'it',0,0),
('tags',0,42,42,'it',0,0),
('tags',0,43,43,'it',0,0),
('tags',0,44,44,'it',0,0),
('tags',0,45,45,'it',0,0),
('tags',0,46,46,'it',0,0),
('tags',0,47,47,'it',0,0),
('tags',0,48,48,'it',0,0),
('woocatalog_categoria',0,49,49,'it',0,0),
('woocatalog_categoria',0,50,50,'it',0,0),
('woocatalog_categoria',0,51,51,'it',0,0),
('woocatalog_categoria',0,52,52,'it',0,0),
('woocatalog_categoria',0,53,53,'it',0,0),
('woocatalog_categoria',0,54,54,'it',0,0),
('woocatalog_sottocategoria',0,55,55,'it',0,0),
('woocatalog_marca',0,56,56,'it',0,0),
('woocatalog_sottocategoria',0,57,57,'it',0,0),
('woocatalog_sottocategoria',0,58,58,'it',0,0),
('woocatalog_marca',0,59,59,'it',0,0),
('woocatalog_sottocategoria',0,60,60,'it',0,0),
('woocatalog_sottocategoria',0,61,61,'it',0,0),
('woocatalog_marca',0,62,62,'it',0,0),
('woocatalog_sottocategoria',0,63,63,'it',0,0),
('woocatalog_sottocategoria',0,64,64,'it',0,0),
('woocatalog_sottocategoria',0,65,65,'it',0,0),
('woocatalog_sottocategoria',0,66,66,'it',0,0),
('woocatalog_sottocategoria',0,67,67,'it',0,0),
('woocatalog_marca',0,68,68,'it',0,0),
('woocatalog_sottocategoria',0,69,69,'it',0,0),
('woocatalog_sottocategoria',0,70,70,'it',0,0),
('woocatalog_sottocategoria',0,71,71,'it',0,0),
('woocatalog_marca',0,72,72,'it',0,0),
('woocatalog_sottocategoria',0,73,73,'it',0,0),
('woocatalog_sottocategoria',0,74,74,'it',0,0),
('woocatalog_marca',0,75,75,'it',0,0),
('woocatalog_marca',0,76,76,'it',0,0),
('woocatalog_marca',0,77,77,'it',0,0),
('woocatalog_sottocategoria',0,78,78,'it',0,0),
('woocatalog_marca',0,79,79,'it',0,0),
('woocatalog_sottocategoria',0,80,80,'it',0,0),
('woocatalog_sottocategoria',0,81,81,'it',0,0),
('woocatalog_sottocategoria',0,82,82,'it',0,0),
('woocatalog_sottocategoria',0,83,83,'it',0,0),
('woocatalog_marca',0,84,84,'it',0,0),
('woocatalog_marca',0,85,85,'it',0,0),
('woocatalog_marca',0,86,86,'it',0,0),
('woocatalog_marca',0,87,87,'it',0,0),
('woocatalog_marca',0,88,88,'it',0,0),
('woocatalog_marca',0,89,89,'it',0,0),
('woocatalog_sottocategoria',0,90,90,'it',0,0),
('woocatalog_marca',0,91,91,'it',0,0),
('woocatalog_marca',0,92,92,'it',0,0);
COMMIT;

--
-- Table structure for table `user__roles`
--

CREATE TABLE `user__roles` (
  `bundle` varchar(128) CHARACTER SET ascii COLLATE ascii_general_ci NOT NULL DEFAULT '' COMMENT 'The field instance bundle to which this row belongs, used when deleting a field instance',
  `deleted` tinyint(4) NOT NULL DEFAULT 0 COMMENT 'A boolean indicating whether this data item has been deleted',
  `entity_id` int(10) unsigned NOT NULL COMMENT 'The entity id this data is attached to',
  `revision_id` int(10) unsigned NOT NULL COMMENT 'The entity revision id this data is attached to, which for an unversioned entity type is the same as the entity id',
  `langcode` varchar(32) CHARACTER SET ascii COLLATE ascii_general_ci NOT NULL DEFAULT '' COMMENT 'The language code for this data item.',
  `delta` int(10) unsigned NOT NULL COMMENT 'The sequence number for this data item, used for multi-value fields',
  `roles_target_id` varchar(255) CHARACTER SET ascii COLLATE ascii_general_ci NOT NULL COMMENT 'The ID of the target entity.',
  PRIMARY KEY (`entity_id`,`deleted`,`delta`,`langcode`),
  KEY `bundle` (`bundle`),
  KEY `revision_id` (`revision_id`),
  KEY `roles_target_id` (`roles_target_id`)
) ENGINE=InnoDB DEFAULT CHARSET=utf8mb4 COLLATE=utf8mb4_general_ci COMMENT='Data storage for user field roles.';

--
-- Dumping data for table `user__roles`
--

INSERT INTO `user__roles` VALUES
('user',0,1,1,'it',0,'administrator');
COMMIT;

--
-- Table structure for table `user__user_picture`
--

CREATE TABLE `user__user_picture` (
  `bundle` varchar(128) CHARACTER SET ascii COLLATE ascii_general_ci NOT NULL DEFAULT '' COMMENT 'The field instance bundle to which this row belongs, used when deleting a field instance',
  `deleted` tinyint(4) NOT NULL DEFAULT 0 COMMENT 'A boolean indicating whether this data item has been deleted',
  `entity_id` int(10) unsigned NOT NULL COMMENT 'The entity id this data is attached to',
  `revision_id` int(10) unsigned NOT NULL COMMENT 'The entity revision id this data is attached to, which for an unversioned entity type is the same as the entity id',
  `langcode` varchar(32) CHARACTER SET ascii COLLATE ascii_general_ci NOT NULL DEFAULT '' COMMENT 'The language code for this data item.',
  `delta` int(10) unsigned NOT NULL COMMENT 'The sequence number for this data item, used for multi-value fields',
  `user_picture_target_id` int(10) unsigned NOT NULL COMMENT 'The ID of the file entity.',
  `user_picture_alt` varchar(512) DEFAULT NULL COMMENT 'Alternative image text, for the image''s ''alt'' attribute.',
  `user_picture_title` varchar(1024) DEFAULT NULL COMMENT 'Image title text, for the image''s ''title'' attribute.',
  `user_picture_width` int(10) unsigned DEFAULT NULL COMMENT 'The width of the image in pixels.',
  `user_picture_height` int(10) unsigned DEFAULT NULL COMMENT 'The height of the image in pixels.',
  PRIMARY KEY (`entity_id`,`deleted`,`delta`,`langcode`),
  KEY `bundle` (`bundle`),
  KEY `revision_id` (`revision_id`),
  KEY `user_picture_target_id` (`user_picture_target_id`)
) ENGINE=InnoDB DEFAULT CHARSET=utf8mb4 COLLATE=utf8mb4_general_ci COMMENT='Data storage for user field user_picture.';

--
-- Dumping data for table `user__user_picture`
--

COMMIT;

--
-- Table structure for table `users`
--

CREATE TABLE `users` (
  `uid` int(11) NOT NULL AUTO_INCREMENT,
  `uuid` varchar(128) CHARACTER SET ascii COLLATE ascii_general_ci NOT NULL,
  `langcode` varchar(12) CHARACTER SET ascii COLLATE ascii_general_ci NOT NULL,
  PRIMARY KEY (`uid`),
  UNIQUE KEY `user_field__uuid__value` (`uuid`)
) ENGINE=InnoDB AUTO_INCREMENT=4 DEFAULT CHARSET=utf8mb4 COLLATE=utf8mb4_general_ci COMMENT='The base table for user entities.';

--
-- Dumping data for table `users`
--

INSERT INTO `users` VALUES
(0,'a5d4854b-94e0-414a-8929-1de8bc2bb546','it'),
(1,'4bcd54fb-ec33-48b0-afa3-c3e1e662c8cc','it'),
(2,'e9fe118d-efc2-4368-8c67-05edf45f7761','it'),
(3,'645fa4ad-dfb1-43f6-86cb-89b52ce17007','it');
COMMIT;

--
-- Table structure for table `users_data`
--

CREATE TABLE `users_data` (
  `uid` int(10) unsigned NOT NULL DEFAULT 0 COMMENT 'The users.uid this record affects.',
  `module` varchar(50) CHARACTER SET ascii COLLATE ascii_general_ci NOT NULL DEFAULT '' COMMENT 'The name of the module declaring the variable.',
  `name` varchar(128) CHARACTER SET ascii COLLATE ascii_general_ci NOT NULL DEFAULT '' COMMENT 'The identifier of the data.',
  `value` longblob DEFAULT NULL COMMENT 'The value.',
  `serialized` tinyint(3) unsigned DEFAULT 0 COMMENT 'Whether value is serialized.',
  PRIMARY KEY (`uid`,`module`,`name`),
  KEY `module` (`module`),
  KEY `name` (`name`)
) ENGINE=InnoDB DEFAULT CHARSET=utf8mb4 COLLATE=utf8mb4_general_ci COMMENT='Stores module data as key/value pairs per user.';

--
-- Dumping data for table `users_data`
--

INSERT INTO `users_data` VALUES
(1,'contab_areas','area_catalogo','1',0),
(1,'contab_areas','area_contabilita','0',0),
(1,'wooquote','costo_giornaliero','150',0),
(1,'wooquote','costo_orario','45',0),
(1,'wooquote','info_azienda','a:2:{s:5:\"value\";s:98:\"<p><strong>Bruno Italiano</strong></p><p>Plaza Cádiz 8 29780 Nerja (Malaga)<br>Nie: Y3499431H</p>\";s:6:\"format\";s:10:\"basic_html\";}',1),
(1,'wooquote','logo_fid','2',0),
(2,'contab_areas','area_catalogo','1',0),
(2,'contab_areas','area_contabilita','0',0),
(2,'contact','enabled','1',0),
(2,'woocontab','sede_operativa','a:6:{s:9:\"indirizzo\";s:5:\"n 340\";s:9:\"localidad\";s:5:\"Nerja\";s:6:\"ciudad\";s:5:\"Nerja\";s:9:\"provincia\";s:6:\"Malaga\";s:7:\"latitud\";d:36.74291000000000195768734556622803211212158203125;s:8:\"longitud\";d:-3.908764000000000127243993119918741285800933837890625;}',1),
(2,'wooquote','costo_giornaliero','150',0),
(2,'wooquote','costo_orario','55',0),
(2,'wooquote','info_azienda','a:2:{s:5:\"value\";s:173:\"<p><strong>Gabriele Ramilli</strong><br>Y4650574B<br>Carr. 340 Km289, 1 casa 3<br>29780 Nerja (Malaga)</p><p>CaixaBank: ES03 2100 2677 4902 1030 4220<br>Bizum: 655512495</p>\";s:6:\"format\";s:10:\"basic_html\";}',1),
(2,'wooquote','logo_fid','3',0),
(3,'contab_areas','area_catalogo','1',0),
(3,'contab_areas','area_contabilita','1',0),
(3,'contact','enabled','1',0),
(3,'woocontab','regime_iva','es',0),
(3,'woocontab','sede_operativa','a:6:{s:9:\"indirizzo\";s:0:\"\";s:9:\"localidad\";s:0:\"\";s:6:\"ciudad\";s:5:\"Nerja\";s:9:\"provincia\";s:6:\"Malaga\";s:7:\"latitud\";d:36.74685600000000107456799014471471309661865234375;s:8:\"longitud\";d:-3.87901600000000001955413608811795711517333984375;}',1),
(3,'wooquote','costo_giornaliero','150',0),
(3,'wooquote','costo_orario','45',0),
(3,'wooquote','info_azienda','a:2:{s:5:\"value\";s:0:\"\";s:6:\"format\";s:10:\"basic_html\";}',1),
(3,'wooquote','logo_fid','N;',1);
COMMIT;

--
-- Table structure for table `users_field_data`
--

CREATE TABLE `users_field_data` (
  `uid` int(10) unsigned NOT NULL,
  `langcode` varchar(12) CHARACTER SET ascii COLLATE ascii_general_ci NOT NULL,
  `preferred_langcode` varchar(12) CHARACTER SET ascii COLLATE ascii_general_ci DEFAULT NULL,
  `preferred_admin_langcode` varchar(12) CHARACTER SET ascii COLLATE ascii_general_ci DEFAULT NULL,
  `name` varchar(60) NOT NULL,
  `pass` varchar(255) DEFAULT NULL,
  `mail` varchar(254) DEFAULT NULL,
  `timezone` varchar(32) DEFAULT NULL,
  `status` tinyint(4) DEFAULT NULL,
  `created` int(11) NOT NULL,
  `changed` int(11) DEFAULT NULL,
  `access` int(11) NOT NULL,
  `login` int(11) DEFAULT NULL,
  `init` varchar(254) DEFAULT NULL,
  `default_langcode` tinyint(4) NOT NULL,
  PRIMARY KEY (`uid`,`langcode`),
  UNIQUE KEY `user__name` (`name`,`langcode`),
  KEY `user__id__default_langcode__langcode` (`uid`,`default_langcode`,`langcode`),
  KEY `user_field__mail` (`mail`(191)),
  KEY `user_field__created` (`created`),
  KEY `user_field__access` (`access`)
) ENGINE=InnoDB DEFAULT CHARSET=utf8mb4 COLLATE=utf8mb4_general_ci COMMENT='The data table for user entities.';

--
-- Dumping data for table `users_field_data`
--

INSERT INTO `users_field_data` VALUES
(0,'it','it',NULL,'',NULL,NULL,'',0,1603200678,1603200678,0,0,NULL,1),
(1,'it','it',NULL,'admin','$2y$10$jadvrFBwCNCSElgETZXb3.QR7AQljsizk2dKkyDwFSyDT3I796UN6','bruno.sviluppatore@gmail.com','Europe/Rome',1,1603200678,1764585751,1783062925,1783021348,'bruno.sviluppatore@gmail.com',1),
(2,'it','it','it','Gabriele','$2y$10$1q/gXkd2MTnF4vwmlt7aR.x0ZGjjmqUbqWuN7wQkNmItigB/003eq','bruno.sviluppatore+gabriele@gmail.com','Europe/Rome',1,1770025548,1782413105,1783064384,1783062964,'bruno.sviluppatore+gabriele@gmail.com',1),
(3,'it','it','it','user1','$2y$10$wc3L0SC.fwziAWqAEKteGOsgol.B.oFpz3Llz6JXYzgEZvJ9Ywu9u','bruno.sviluppatore+user1@gmail.com','Europe/Rome',1,1770035162,1770035162,1783022133,1783021389,'bruno.sviluppatore+user1@gmail.com',1);
COMMIT;

--
-- Table structure for table `watchdog`
--

CREATE TABLE `watchdog` (
  `wid` bigint(20) NOT NULL AUTO_INCREMENT COMMENT 'Primary Key: Unique watchdog event ID.',
  `uid` int(10) unsigned NOT NULL DEFAULT 0 COMMENT 'The users.uid of the user who triggered the event.',
  `type` varchar(64) CHARACTER SET ascii COLLATE ascii_general_ci NOT NULL DEFAULT '' COMMENT 'Type of log message, for example "user" or "page not found."',
  `message` longtext NOT NULL COMMENT 'Text of log message to be passed into the t() function.',
  `variables` longblob NOT NULL COMMENT 'Serialized array of variables that match the message string and that is passed into the t() function.',
  `severity` tinyint(3) unsigned NOT NULL DEFAULT 0 COMMENT 'The severity level of the event. ranges from 0 (Emergency) to 7 (Debug)',
  `link` text DEFAULT NULL COMMENT 'Link to view the result of the event.',
  `location` text NOT NULL COMMENT 'URL of the origin of the event.',
  `referer` text DEFAULT NULL COMMENT 'URL of referring page.',
  `hostname` varchar(128) CHARACTER SET ascii COLLATE ascii_general_ci NOT NULL DEFAULT '' COMMENT 'Hostname of the user who triggered the event.',
  `timestamp` bigint(20) NOT NULL DEFAULT 0 COMMENT 'Unix timestamp of when event occurred.',
  PRIMARY KEY (`wid`),
  KEY `type` (`type`),
  KEY `uid` (`uid`),
  KEY `severity` (`severity`)
) ENGINE=InnoDB AUTO_INCREMENT=22238 DEFAULT CHARSET=utf8mb4 COLLATE=utf8mb4_general_ci COMMENT='Table that contains logs of all system events.';

--
-- Dumping data for table `watchdog`
--


COMMIT;

--
-- Table structure for table `woocatalog_prezzo`
--

CREATE TABLE `woocatalog_prezzo` (
  `id` int(10) unsigned NOT NULL AUTO_INCREMENT,
  `uuid` varchar(128) CHARACTER SET ascii COLLATE ascii_general_ci NOT NULL,
  `label` varchar(255) DEFAULT NULL,
  `description__value` longtext DEFAULT NULL,
  `description__format` varchar(255) CHARACTER SET ascii COLLATE ascii_general_ci DEFAULT NULL,
  `uid` int(10) unsigned NOT NULL COMMENT 'The ID of the target entity.',
  `created` int(11) DEFAULT NULL,
  `changed` int(11) DEFAULT NULL,
  PRIMARY KEY (`id`),
  UNIQUE KEY `woocatalog_prezzo_field__uuid__value` (`uuid`),
  KEY `woocatalog_prezzo_field__description__format` (`description__format`),
  KEY `woocatalog_prezzo_field__uid__target_id` (`uid`)
) ENGINE=InnoDB AUTO_INCREMENT=97 DEFAULT CHARSET=utf8mb4 COLLATE=utf8mb4_general_ci COMMENT='The base table for woocatalog_prezzo entities.';

--
-- Dumping data for table `woocatalog_prezzo`
--

INSERT INTO `woocatalog_prezzo` VALUES
(1,'a2134cbc-8d0e-42d8-8881-dca22d6de810','Flexo M-H 3/8 3/8 30cm',NULL,NULL,1,1774471749,1774471788),
(2,'009ffefc-763d-4891-90f8-dd47e647cde6','Valvula Seguridad Termo 1/2 TERMOVAL STH',NULL,NULL,1,1774471975,1774472008),
(3,'9174eb1f-710e-45ea-b105-0ee859b4b8bc','Mecanismo Descarga D2D Double Pulsador',NULL,NULL,1,1774472018,1774472066),
(4,'3dd45ba9-ee57-4838-9743-a19c9e03eef4','Flexo H-H 3/8-3/8 50cm',NULL,NULL,1,1774473429,1774473474),
(5,'fbd2a0b5-33a3-457e-9533-db0b65e57efb','Grifo Genebre Baño K8',NULL,NULL,1,1774473487,1774473525),
(6,'147c77a4-0b84-41e9-bfd2-aa28b901e8a9','Junta Negra Ancha 3/4 – Dismat Nerja – 09/01/2026',NULL,NULL,1,1774473853,1774473903),
(7,'58051fd5-9ef5-4f8b-933c-3c1819c7e32c','Junta Negra Ancha 1 – Dismat Nerja – 09/01/2026',NULL,NULL,1,1774474631,1774474653),
(8,'40ae7c47-dd00-4f4b-a85c-045912c67381','Junta Negra Ancha 1.1/4 – Dismat Nerja – 09/01/2026',NULL,NULL,1,1774552670,1774552699),
(9,'55b6828e-9cc1-4b12-8338-cbef5bfe8ba3','Arandela Teflón Ancha 1.1/4 – Dismat Nerja – 09/01/2026',NULL,NULL,1,1774552852,1774552885),
(10,'9382e0a0-81f4-4b4e-8dec-a4d8961a278d','Rollo Teflón Grande – Dismat Nerja – 09/01/2026',NULL,NULL,1,1774552946,1774552979),
(11,'c7f86c43-ff3c-4ae1-a165-91beb986eb83','LLave Escuadra Genebre 1/2 x 3/8 – Dismat Nerja – 08/01/2026',NULL,NULL,1,1774553563,1774553594),
(12,'14e079b5-a84b-4ac5-b9ad-372adde3eb87','LLave Lavadora Genebre 1/2 x 3/4 – Dismat Nerja – 08/01/2026',NULL,NULL,1,1774553657,1774553687),
(13,'f41e021d-0340-4e98-9a47-2c331af7c2c9','Sifón Curvo Ext. 1 1/2 TecnoAgua – Dismat Nerja – 08/01/2026',NULL,NULL,1,1774553752,1774553776),
(14,'46cef44f-0061-4c7b-b6e5-d45890842276','Manguito Sanitario 125 – Dismat Nerja – 20/01/2026',NULL,NULL,1,1774553854,1774553884),
(15,'e1d95336-1c51-46a6-950b-dfb9135d3197','Sanicap Empotrar 18/150 – Dismat Nerja – 20/01/2026',NULL,NULL,1,1774553988,1774554012),
(16,'564f8937-bd58-4429-989c-8e29641e39f8','Descargator Tecnoagua T-281N + kit Junta – Dismat Nerja – 20/01/2026',NULL,NULL,1,1774554562,1774554587),
(17,'4c619c38-9646-47cc-b618-06c7f7195883','Llenado Jimten Dual – Dismat Nerja – 20/01/2026',NULL,NULL,1,1774554681,1774554701),
(18,'0fe1d4ea-b8e8-4e78-bfba-a68eb6f211c7','Tuerca Reducida Latón Hexagonal 3/4-1/2 – Dismat Nerja – 17/01/2026',NULL,NULL,1,1774554864,1774554889),
(19,'b41b3143-49ee-45f1-9965-f6328aa4d9cd','Te Poli Latón Rosca 25-3/4 – Dismat Nerja – 17/01/2026',NULL,NULL,1,1774555011,1774555033),
(20,'7b1ac68f-f383-4984-a0c8-2f4794e547e3','Enlace Rosca Macho Latón 20-1/2 – Dismat Nerja – 17/01/2026',NULL,NULL,1,1774555093,1774555114),
(21,'1f338d76-e9f6-4d55-b1c6-69f278182d99','Manguito Poli Latón 25 – Dismat Nerja – 17/01/2026',NULL,NULL,1,1774555178,1774555207),
(22,'94a4d52e-3ae2-4a34-8360-e7f6c6bac17b','Asiento Victoria IDROSPANIA – Dismat Nerja – 15/01/2026',NULL,NULL,1,1774555310,1774555331),
(23,'42e1b426-4998-489f-8498-2817921a8304','Alargadera Llave Paso Kansas – Dismat Nerja – 15/01/2026',NULL,NULL,1,1774555399,1774555420),
(24,'d91e9382-12f9-4d97-b1dd-7fbd97ea7525','Flexo M-H 3/8-3/8 20cm – Dismat Nerja – 15/01/2026',NULL,NULL,1,1774555497,1774555521),
(25,'d9fd383c-8e87-485c-bcce-ca600f102e7d','LLave Paso Viena Metal 18 – Dismat Nerja – 15/01/2026',NULL,NULL,1,1774555578,1774555596),
(26,'5d0af2c8-42ca-4fbc-bed6-8c5f5e9b91ec','Blister 4 Uds. Tornillo Tirador Cortar 4X50mm – Dismat Nerja – 15/01/2026',NULL,NULL,1,1774555676,1774555695),
(27,'be18b256-f863-4d7b-b9ea-3b257368077f','Plato Ducha Roca Italia 80x80 Blanco – Dismat Nerja – 23/01/2026',NULL,NULL,1,1774555767,1774555792),
(28,'bb9e87de-99a3-4045-8d4b-31b9b5afbdb2','Valvula Plato Ducha 115 c/Tornillos – Dismat Nerja – 23/01/2026',NULL,NULL,1,1774555855,1774555881),
(29,'d84c0c40-d5e6-4829-af4e-c55ebf93fae0','LLave Esfera Palanca M-H 1/2 – Dismat Nerja – 23/01/2026',NULL,NULL,1,1774555937,1774555959),
(30,'55effb91-0ccb-4571-8229-72b465d7e391','Kit Mecan Descar. D2_D NR – García E Hijos, S.L. – 30/01/2026',NULL,NULL,1,1774556083,1774556109),
(31,'d6edb965-9079-4887-a035-f69e360d8348','Taza Victoria TB SV A Blanco – García E Hijos, S.L. – 30/01/2026',NULL,NULL,1,1774556183,1774556215),
(32,'7f6ef12a-7bc5-4565-bd66-93e969f22637','Tanque Victoria A3/L+D2D BLANCO – García E Hijos, S.L. – 30/01/2026',NULL,NULL,1,1774556283,1774556302),
(33,'3942d445-e28e-40b6-9a0e-338ff857711a','Asiento Lacado Victoria Blanco/PVC – García E Hijos, S.L. – 30/01/2026',NULL,NULL,1,1774556368,1774556387),
(34,'1fc2562c-4ba3-4378-9bee-b5ac4dbf0c3d','Mts. Canaleta Adhesiva 16x10 – Dismat Nerja – 30/01/2026',NULL,NULL,1,1774556475,1774556509),
(35,'9b1e992b-5b67-42d1-8066-3b96e043e31e','Curva Cu. 90 H-H 15mm. – García E Hijos, S.L. – 20/01/2026',NULL,NULL,1,1774556941,1774556962),
(36,'f994359e-7435-442e-a2a9-13eb894170b8','Curva Cu. 90 H-H 18mm. – García E Hijos, S.L. – 29/01/2026',NULL,NULL,1,1774557017,1774557059),
(37,'e0ac5f3e-bd12-4542-a96e-ff5fb6723d22','Codo Cu. 90 M-H 18mm. – García E Hijos, S.L. – 29/01/2026',NULL,NULL,1,1774557110,1774557141),
(38,'03a9476b-c466-466b-8e4e-0ab75a338fe4','Bolsa Estropajo Aluminio 75Gr. – García E Hijos, S.L. – 29/01/2026',NULL,NULL,1,1774557243,1774557263),
(39,'1a55f970-6d70-4a72-b9d3-3e030fd9480e','Rollo Estaño Plata 250Gr 3,5 – García E Hijos, S.L. – 29/01/2026',NULL,NULL,1,1774557317,1774557337),
(40,'93308528-c746-4e06-84d4-b56cb3e8c577','Cinta \"PTFE\" 12M x 12MM x 1,10MM – García E Hijos, S.L. – 29/01/2026',NULL,NULL,1,1774557412,1774557439),
(41,'274c182d-df42-4369-80e9-33a85ced0ba8','Bote Desatascador Quimico Fontaneria – García E Hijos, S.L. – 29/01/2026',NULL,NULL,1,1774557531,1774557552),
(42,'04d4242b-afe0-486a-86f6-77825258b30e','Plato Ducha Roca Italia 1000x800 Blanco – Dismat Nerja – 05/02/2026',NULL,NULL,1,1774557642,1774557665),
(43,'2d7c07ad-b4e9-4a6f-b61c-9975a0cb5b0e','Grifo Boca Riego 1/2-3/4 – Dismat Nerja – 05/02/2026',NULL,NULL,1,1774557738,1774557767),
(44,'7c961378-5758-42e7-800d-a8587870e603','Te Hembra Latón 1/2 – Dismat Nerja – 05/02/2026',NULL,NULL,1,1774557848,1774558014),
(45,'f51eead0-daf1-40c0-8a77-c85a991b8339','Machón Latón 1/2 – Dismat Nerja – 05/02/2026',NULL,NULL,1,1774557927,1774557962),
(46,'f6c684b1-68a2-4f33-b74e-9a273527df61','Codo H. Latón Soldar 22-1/2 – Dismat Nerja – 07/02/2026',NULL,NULL,1,1774558154,1774558179),
(47,'cb31370e-1726-4e6a-b300-bdcc4c695801','LLave Paso Viena Metal 22 – Dismat Nerja – 07/02/2026',NULL,NULL,1,1774558323,1774558345),
(48,'0f81199c-b1b0-4f88-a831-ffd8fe4ea525','Mts. Tubo de Cobre en Barra 22x1 – Dismat Nerja – 07/02/2026',NULL,NULL,1,1774558406,1774558445),
(49,'1a5e9a5b-3162-4186-9c75-de58052c8ad5','Desatascador Químico Maxiclean Para Desagues – Dismat Nerja – 07/02/2026',NULL,NULL,1,1774558538,1774558562),
(50,'7a3a7fe8-107c-44a2-aee9-742cb6ed4ef4','Teflón Hilo Loctite – Dismat Nerja – 07/02/2026',NULL,NULL,1,1774558619,1774558643),
(51,'c880c0d8-83d4-4eaa-929b-de00ddae06b0','Sifón Curvo Con Toma 40-1.1/2 T-31T – Dismat Nerja – 12/02/2026',NULL,NULL,1,1774558734,1774558754),
(52,'df6717d5-66b4-4634-8fa8-d1fdfff7930a','Alargadera Reducida Latón 1/2-3/8 – Dismat Nerja – 12/02/2026',NULL,NULL,1,1774558808,1774558827),
(53,'3eb56b35-1b78-441a-afd3-1639c5ea53b2','Junta Negra Ancha 1/2\" – Dismat Nerja – 12/02/2026',NULL,NULL,1,1774558876,1774558910),
(54,'93be2626-070a-48c6-bc25-5f1e76d8572e','Purgador Solar 1/2 – Dismat Nerja – 12/02/2026',NULL,NULL,1,1774558969,1774558993),
(55,'d636570a-66d2-4ef4-be9b-f2d622ffb939','Desague Bañera Salida Horizontal NO SIFÓNICA – Dismat Nerja – 24/02/2026',NULL,NULL,1,1774559091,1774559113),
(56,'ed39b746-2cf5-4d6b-a220-838b4fd90036','Valvula Bañera BUSBY Sifon – Dismat Nerja – 24/02/2026',NULL,NULL,1,1774559171,1774559194),
(57,'445b2899-6690-4c42-a42a-ca84d3617c9f','Tapaporos Latón 15 – Dismat Nerja – 24/02/2026',NULL,NULL,1,1774559236,1774559256),
(58,'a7241b6e-ae25-419f-99ea-8dbb407f6843','Tapaporos Latón 18 – Dismat Nerja – 24/02/2026',NULL,NULL,1,1774559294,1774559314),
(59,'e91b39a9-0904-42dd-bef1-68251d4c9b8c','Grifo Fregadero Mural 11cm VICTORIA ROFER – Dismat Nerja – 17/02/2026',NULL,NULL,1,1774559389,1774559417),
(60,'3f0a95b9-4050-4c13-9ca5-42f0592b5b89','Grifo Genebre Fregadero K8 – Dismat Nerja – 17/02/2026',NULL,NULL,1,1774559475,1774559498),
(61,'1c1f2cff-c88a-40a1-9081-e66169ef7650','The Gap Asiento Compacto Amortiguado – Dismat Nerja – 27/02/2026',NULL,NULL,1,1774559587,1774559609),
(62,'73a13bf0-b510-45c8-bcbe-7d3fb772c7a3','Flexo Grifo M-10 – Dismat Nerja – 27/02/2026',NULL,NULL,1,1774559658,1774559688),
(63,'1d3c5994-5e72-42fd-b946-c12ff014d117','Manguito Inodoro MAXI – Dismat Nerja – 02/03/2026',NULL,NULL,1,1774559734,1774559753),
(64,'68269630-d831-4e7a-ad69-2caf01659322','Grifo Roca Victoria Fregadero – Dismat Nerja – 12/03/2026',NULL,NULL,1,1774559851,1774559872),
(65,'3addb139-6f26-410e-8f8e-99f56e067a4a','Termo Eléctrico PROVAI 100L – Dismat Nerja – 23/03/2026',NULL,NULL,1,1774560001,1774560023),
(66,'cf38ee41-7be0-4cdf-b699-88399fc16efe','Kit Mecan Descar. D2_D NR – BigMat Cano Materiales de Constr. S.L. – 09/03/2026',NULL,NULL,2,1774629765,1774629801),
(67,'2cdb6918-b374-46d4-a54f-91dcd5924c26','Mecanismo Descarga D2D Double Pulsador – BigMat Cano Materiales de Constr. S.L. – 09/03/2026',NULL,NULL,2,1774630307,1774630339),
(68,'bae0482b-a301-4401-ac68-284bf39e093b','Llave Lavadora – Carbonell S.L. – 16/03/2026',NULL,NULL,2,1774630396,1774630421),
(69,'86867402-a0c1-4cc3-af01-2620e59bac6a','Grifo Lavadora L86 1/2 - 3/4 ARCO – Carbonell S.L. – 16/03/2026',NULL,NULL,2,1774630488,1774630512),
(70,'b1ba7a49-927e-4bf7-8517-c5f5b77786fb','Miño Grifo Fregadero Cromado – García E Hijos, S.L. – 11/03/2026',NULL,NULL,2,1774630562,1774630583),
(71,'b80267af-5c52-4a67-b2ea-de5a54762034','Baño Sano Cartucho 300 ML – García E Hijos, S.L. – 11/03/2026',NULL,NULL,1,1774631077,1774631097),
(72,'88a58fca-9d70-4013-b5ca-0573413bc76b','Mecanismo Descarga D2D Double Pulsador – García E Hijos, S.L. – 27/03/2026',NULL,NULL,1,1774631583,1774631601),
(73,'83930250-350b-4158-9c7b-9016658f8817','Junta Manguito Excentrico WC – García E Hijos, S.L. – 27/03/2026',NULL,NULL,1,1774631673,1774631686),
(74,'faea5160-18e1-4173-a073-195665dec02a','Asiento Roca Victoria – Dismat Nerja – 27/03/2026',NULL,NULL,1,1774631774,1774631808),
(75,'d6c93f46-34fb-4f45-8140-b74db93c41d6','Taza Roca Victoria Blanco – Dismat Nerja – 27/03/2026',NULL,NULL,1,1774631843,1774631862),
(76,'59d02c13-245d-45a9-be6a-66ab9dbe4c5f','Tanque Roca Victoria Inferior Blanco – Dismat Nerja – 27/03/2026',NULL,NULL,1,1774631907,1774631925),
(77,'6d2d8617-20a0-42cc-895f-abcb53bec94c','Toma Lavadora Encolar – Dismat Nerja – 27/03/2026',NULL,NULL,1,1774631960,1774631974),
(78,'2e14ba43-56f1-44b2-904a-d74b42eb0670','Abrazadera Sin Fin 20-32 – Dismat Nerja – 27/03/2026',NULL,NULL,1,1774632019,1774632037),
(79,'f20127cd-d3c3-4101-a7f6-83baa13e3e52','Grifo Fregadero Mural 15cm VICTORIA – Dismat Nerja – 27/03/2026',NULL,NULL,1,1774632118,1774632129),
(80,'ac148c7e-bee4-4000-9db6-821cb3591b4e','Bote Masilla Acrilica PATTEX ACRIL 1 Blanca – Dismat Nerja – 27/03/2026',NULL,NULL,1,1774632189,1774632201),
(81,'ed72b520-2705-4711-9c01-5403040ccfb7','Plato Ducha Roca Italia 90x90 Blanco – Dismat Nerja – 27/03/2026',NULL,NULL,1,1774632263,1774632278),
(82,'8d82459e-c443-4ef6-b652-60d4ae8bc621','Manguito Flexible Dual 1 1/2 - 1 1/4 Tecnoagua – Dismat Nerja – 27/03/2026',NULL,NULL,1,1774632360,1774632375),
(83,'042a7d9b-b207-4a1f-acad-b5e57c7ad2c9','Juego Tornillos Dama – Dismat Nerja – 27/03/2026',NULL,NULL,1,1774632431,1774632454),
(84,'920ceade-737c-495d-bb73-1a0cf1da8571','Codo Evac.Sanit. M-H 87 - 40 – Dismat Nerja – 27/03/2026',NULL,NULL,1,1774632508,1774632520),
(85,'22c558e4-821a-4478-92db-dca6afb49431','Juego Tornillos Victoria – Dismat Nerja – 27/03/2026',NULL,NULL,1,1774632572,1774632591),
(86,'1eb59917-155b-448f-8c65-a897d6916a42','Manguito Inodoro Roca Dual – Dismat Nerja – 27/03/2026',NULL,NULL,1,1774632634,1774632652),
(87,'3f561619-42c6-4314-b4f7-4444012417f6','Grifo Genebre Fregadero Mural 11cm K8 – Dismat Nerja – 27/03/2026',NULL,NULL,1,1774632710,1774632725),
(88,'2945cd9d-0058-45bd-a552-1e6bc0e10d11','Grifo Lavabo Mural 1 Agua Cartucho 25 – Dismat Nerja – 27/03/2026',NULL,NULL,1,1774632776,1774632814),
(89,'22a85960-ef4f-4fcd-a6cf-4ad8fc07766f','Tuerca M8 – Dismat Nerja – 27/03/2026',NULL,NULL,1,1774632862,1774632872),
(90,'0f695a1e-b160-4f74-b071-4b8808093633','Tornillo 6x60 – Dismat Nerja – 27/03/2026',NULL,NULL,1,1774632924,1774632969),
(91,'3453b649-014a-4a47-a214-7348bbeaa1cd','Manguito Rosca H-H 40 1.1/2 – Dismat Nerja – 27/03/2026',NULL,NULL,1,1774633050,1774633067),
(92,'cef631a0-6579-410a-ac7e-5aea4668e10e','Manguito Poli Latón 32 – Dismat Nerja – 27/03/2026',NULL,NULL,1,1774633106,1774633122),
(93,'40612209-8852-4a86-b065-57c1b205d254','teflón test – Dismat Nerja – 28/03/2026',NULL,NULL,1,1774733257,1774733268),
(94,'90252380-bfeb-4776-b188-bc3994e438e7','Prova – Dismat Nerja – 19/04/2026',NULL,NULL,2,1776593927,1776593948),
(95,'7efdd74b-2c84-40a8-8984-3fb88de481bf','Junta Manguito Excentrico WC – Dismat Nerja – 28/06/2026',NULL,NULL,2,1782665037,1782665060),
(96,'34ef4163-143d-4b6b-ac76-a0747d48d63b','Mts Tubo Evacua.Sanitario \"B\" PVC: 125 – Dismat Nerja – 03/07/2026',NULL,NULL,2,1783063346,1783064418);
COMMIT;

--
-- Table structure for table `woocatalog_prezzo__field_data_rilevazione`
--

CREATE TABLE `woocatalog_prezzo__field_data_rilevazione` (
  `bundle` varchar(128) CHARACTER SET ascii COLLATE ascii_general_ci NOT NULL DEFAULT '' COMMENT 'The field instance bundle to which this row belongs, used when deleting a field instance',
  `deleted` tinyint(4) NOT NULL DEFAULT 0 COMMENT 'A boolean indicating whether this data item has been deleted',
  `entity_id` int(10) unsigned NOT NULL COMMENT 'The entity id this data is attached to',
  `revision_id` int(10) unsigned NOT NULL COMMENT 'The entity revision id this data is attached to, which for an unversioned entity type is the same as the entity id',
  `langcode` varchar(32) CHARACTER SET ascii COLLATE ascii_general_ci NOT NULL DEFAULT '' COMMENT 'The language code for this data item.',
  `delta` int(10) unsigned NOT NULL COMMENT 'The sequence number for this data item, used for multi-value fields',
  `field_data_rilevazione_value` varchar(20) NOT NULL COMMENT 'The date value.',
  PRIMARY KEY (`entity_id`,`deleted`,`delta`,`langcode`),
  KEY `bundle` (`bundle`),
  KEY `revision_id` (`revision_id`),
  KEY `field_data_rilevazione_value` (`field_data_rilevazione_value`)
) ENGINE=InnoDB DEFAULT CHARSET=utf8mb4 COLLATE=utf8mb4_general_ci COMMENT='Data storage for woocatalog_prezzo field field_data…';

--
-- Dumping data for table `woocatalog_prezzo__field_data_rilevazione`
--

INSERT INTO `woocatalog_prezzo__field_data_rilevazione` VALUES
('woocatalog_prezzo',0,1,1,'und',0,'2026-03-18'),
('woocatalog_prezzo',0,2,2,'und',0,'2026-03-18'),
('woocatalog_prezzo',0,3,3,'und',0,'2026-03-18'),
('woocatalog_prezzo',0,4,4,'und',0,'2026-01-02'),
('woocatalog_prezzo',0,5,5,'und',0,'2026-01-02'),
('woocatalog_prezzo',0,6,6,'und',0,'2026-01-09'),
('woocatalog_prezzo',0,7,7,'und',0,'2026-01-09'),
('woocatalog_prezzo',0,8,8,'und',0,'2026-01-09'),
('woocatalog_prezzo',0,9,9,'und',0,'2026-01-09'),
('woocatalog_prezzo',0,10,10,'und',0,'2026-01-09'),
('woocatalog_prezzo',0,11,11,'und',0,'2026-01-08'),
('woocatalog_prezzo',0,12,12,'und',0,'2026-01-08'),
('woocatalog_prezzo',0,13,13,'und',0,'2026-01-08'),
('woocatalog_prezzo',0,14,14,'und',0,'2026-01-20'),
('woocatalog_prezzo',0,15,15,'und',0,'2026-01-20'),
('woocatalog_prezzo',0,16,16,'und',0,'2026-01-20'),
('woocatalog_prezzo',0,17,17,'und',0,'2026-01-20'),
('woocatalog_prezzo',0,18,18,'und',0,'2026-01-17'),
('woocatalog_prezzo',0,19,19,'und',0,'2026-01-17'),
('woocatalog_prezzo',0,20,20,'und',0,'2026-01-17'),
('woocatalog_prezzo',0,21,21,'und',0,'2026-01-17'),
('woocatalog_prezzo',0,22,22,'und',0,'2026-01-15'),
('woocatalog_prezzo',0,23,23,'und',0,'2026-01-15'),
('woocatalog_prezzo',0,24,24,'und',0,'2026-01-15'),
('woocatalog_prezzo',0,25,25,'und',0,'2026-01-15'),
('woocatalog_prezzo',0,26,26,'und',0,'2026-01-15'),
('woocatalog_prezzo',0,27,27,'und',0,'2026-01-23'),
('woocatalog_prezzo',0,28,28,'und',0,'2026-01-23'),
('woocatalog_prezzo',0,29,29,'und',0,'2026-01-23'),
('woocatalog_prezzo',0,30,30,'und',0,'2026-01-30'),
('woocatalog_prezzo',0,31,31,'und',0,'2026-01-30'),
('woocatalog_prezzo',0,32,32,'und',0,'2026-01-30'),
('woocatalog_prezzo',0,33,33,'und',0,'2026-01-30'),
('woocatalog_prezzo',0,34,34,'und',0,'2026-01-30'),
('woocatalog_prezzo',0,35,35,'und',0,'2026-01-20'),
('woocatalog_prezzo',0,36,36,'und',0,'2026-01-29'),
('woocatalog_prezzo',0,37,37,'und',0,'2026-01-29'),
('woocatalog_prezzo',0,38,38,'und',0,'2026-01-29'),
('woocatalog_prezzo',0,39,39,'und',0,'2026-01-29'),
('woocatalog_prezzo',0,40,40,'und',0,'2026-01-29'),
('woocatalog_prezzo',0,41,41,'und',0,'2026-01-29'),
('woocatalog_prezzo',0,42,42,'und',0,'2026-02-05'),
('woocatalog_prezzo',0,43,43,'und',0,'2026-02-05'),
('woocatalog_prezzo',0,44,44,'und',0,'2026-02-05'),
('woocatalog_prezzo',0,45,45,'und',0,'2026-02-05'),
('woocatalog_prezzo',0,46,46,'und',0,'2026-02-07'),
('woocatalog_prezzo',0,47,47,'und',0,'2026-02-07'),
('woocatalog_prezzo',0,48,48,'und',0,'2026-02-07'),
('woocatalog_prezzo',0,49,49,'und',0,'2026-02-07'),
('woocatalog_prezzo',0,50,50,'und',0,'2026-02-07'),
('woocatalog_prezzo',0,51,51,'und',0,'2026-02-12'),
('woocatalog_prezzo',0,52,52,'und',0,'2026-02-12'),
('woocatalog_prezzo',0,53,53,'und',0,'2026-02-12'),
('woocatalog_prezzo',0,54,54,'und',0,'2026-02-12'),
('woocatalog_prezzo',0,55,55,'und',0,'2026-02-24'),
('woocatalog_prezzo',0,56,56,'und',0,'2026-02-24'),
('woocatalog_prezzo',0,57,57,'und',0,'2026-02-24'),
('woocatalog_prezzo',0,58,58,'und',0,'2026-02-24'),
('woocatalog_prezzo',0,59,59,'und',0,'2026-02-17'),
('woocatalog_prezzo',0,60,60,'und',0,'2026-02-17'),
('woocatalog_prezzo',0,61,61,'und',0,'2026-02-27'),
('woocatalog_prezzo',0,62,62,'und',0,'2026-02-27'),
('woocatalog_prezzo',0,63,63,'und',0,'2026-03-02'),
('woocatalog_prezzo',0,64,64,'und',0,'2026-03-12'),
('woocatalog_prezzo',0,65,65,'und',0,'2026-03-23'),
('woocatalog_prezzo',0,66,66,'und',0,'2026-03-09'),
('woocatalog_prezzo',0,67,67,'und',0,'2026-03-09'),
('woocatalog_prezzo',0,68,68,'und',0,'2026-03-16'),
('woocatalog_prezzo',0,69,69,'und',0,'2026-03-16'),
('woocatalog_prezzo',0,70,70,'und',0,'2026-03-11'),
('woocatalog_prezzo',0,71,71,'und',0,'2026-03-11'),
('woocatalog_prezzo',0,72,72,'und',0,'2026-03-27'),
('woocatalog_prezzo',0,73,73,'und',0,'2026-03-27'),
('woocatalog_prezzo',0,74,74,'und',0,'2026-03-27'),
('woocatalog_prezzo',0,75,75,'und',0,'2026-03-27'),
('woocatalog_prezzo',0,76,76,'und',0,'2026-03-27'),
('woocatalog_prezzo',0,77,77,'und',0,'2026-03-27'),
('woocatalog_prezzo',0,78,78,'und',0,'2026-03-27'),
('woocatalog_prezzo',0,79,79,'und',0,'2026-03-27'),
('woocatalog_prezzo',0,80,80,'und',0,'2026-03-27'),
('woocatalog_prezzo',0,81,81,'und',0,'2026-03-27'),
('woocatalog_prezzo',0,82,82,'und',0,'2026-03-27'),
('woocatalog_prezzo',0,83,83,'und',0,'2026-03-27'),
('woocatalog_prezzo',0,84,84,'und',0,'2026-03-27'),
('woocatalog_prezzo',0,85,85,'und',0,'2026-03-27'),
('woocatalog_prezzo',0,86,86,'und',0,'2026-03-27'),
('woocatalog_prezzo',0,87,87,'und',0,'2026-03-27'),
('woocatalog_prezzo',0,88,88,'und',0,'2026-03-27'),
('woocatalog_prezzo',0,89,89,'und',0,'2026-03-27'),
('woocatalog_prezzo',0,90,90,'und',0,'2026-03-27'),
('woocatalog_prezzo',0,91,91,'und',0,'2026-03-27'),
('woocatalog_prezzo',0,92,92,'und',0,'2026-03-27'),
('woocatalog_prezzo',0,93,93,'und',0,'2026-03-28'),
('woocatalog_prezzo',0,94,94,'und',0,'2026-04-19'),
('woocatalog_prezzo',0,95,95,'und',0,'2026-06-28'),
('woocatalog_prezzo',0,96,96,'und',0,'2026-07-03');
COMMIT;

--
-- Table structure for table `woocatalog_prezzo__field_note`
--

CREATE TABLE `woocatalog_prezzo__field_note` (
  `bundle` varchar(128) CHARACTER SET ascii COLLATE ascii_general_ci NOT NULL DEFAULT '' COMMENT 'The field instance bundle to which this row belongs, used when deleting a field instance',
  `deleted` tinyint(4) NOT NULL DEFAULT 0 COMMENT 'A boolean indicating whether this data item has been deleted',
  `entity_id` int(10) unsigned NOT NULL COMMENT 'The entity id this data is attached to',
  `revision_id` int(10) unsigned NOT NULL COMMENT 'The entity revision id this data is attached to, which for an unversioned entity type is the same as the entity id',
  `langcode` varchar(32) CHARACTER SET ascii COLLATE ascii_general_ci NOT NULL DEFAULT '' COMMENT 'The language code for this data item.',
  `delta` int(10) unsigned NOT NULL COMMENT 'The sequence number for this data item, used for multi-value fields',
  `field_note_value` longtext NOT NULL,
  PRIMARY KEY (`entity_id`,`deleted`,`delta`,`langcode`),
  KEY `bundle` (`bundle`),
  KEY `revision_id` (`revision_id`)
) ENGINE=InnoDB DEFAULT CHARSET=utf8mb4 COLLATE=utf8mb4_general_ci COMMENT='Data storage for woocatalog_prezzo field field_note.';

--
-- Dumping data for table `woocatalog_prezzo__field_note`
--

COMMIT;

--
-- Table structure for table `woocatalog_prezzo__field_prezzo`
--

CREATE TABLE `woocatalog_prezzo__field_prezzo` (
  `bundle` varchar(128) CHARACTER SET ascii COLLATE ascii_general_ci NOT NULL DEFAULT '' COMMENT 'The field instance bundle to which this row belongs, used when deleting a field instance',
  `deleted` tinyint(4) NOT NULL DEFAULT 0 COMMENT 'A boolean indicating whether this data item has been deleted',
  `entity_id` int(10) unsigned NOT NULL COMMENT 'The entity id this data is attached to',
  `revision_id` int(10) unsigned NOT NULL COMMENT 'The entity revision id this data is attached to, which for an unversioned entity type is the same as the entity id',
  `langcode` varchar(32) CHARACTER SET ascii COLLATE ascii_general_ci NOT NULL DEFAULT '' COMMENT 'The language code for this data item.',
  `delta` int(10) unsigned NOT NULL COMMENT 'The sequence number for this data item, used for multi-value fields',
  `field_prezzo_value` decimal(10,2) NOT NULL,
  PRIMARY KEY (`entity_id`,`deleted`,`delta`,`langcode`),
  KEY `bundle` (`bundle`),
  KEY `revision_id` (`revision_id`)
) ENGINE=InnoDB DEFAULT CHARSET=utf8mb4 COLLATE=utf8mb4_general_ci COMMENT='Data storage for woocatalog_prezzo field field_prezzo.';

--
-- Dumping data for table `woocatalog_prezzo__field_prezzo`
--

INSERT INTO `woocatalog_prezzo__field_prezzo` VALUES
('woocatalog_prezzo',0,1,1,'und',0,1.38),
('woocatalog_prezzo',0,2,2,'und',0,5.47),
('woocatalog_prezzo',0,3,3,'und',0,21.52),
('woocatalog_prezzo',0,4,4,'und',0,2.35),
('woocatalog_prezzo',0,5,5,'und',0,42.76),
('woocatalog_prezzo',0,6,6,'und',0,0.21),
('woocatalog_prezzo',0,7,7,'und',0,0.15),
('woocatalog_prezzo',0,8,8,'und',0,0.21),
('woocatalog_prezzo',0,9,9,'und',0,0.51),
('woocatalog_prezzo',0,10,10,'und',0,2.20),
('woocatalog_prezzo',0,11,11,'und',0,1.91),
('woocatalog_prezzo',0,12,12,'und',0,3.58),
('woocatalog_prezzo',0,13,13,'und',0,2.00),
('woocatalog_prezzo',0,14,14,'und',0,1.87),
('woocatalog_prezzo',0,15,15,'und',0,8.18),
('woocatalog_prezzo',0,16,16,'und',0,9.38),
('woocatalog_prezzo',0,17,17,'und',0,11.92),
('woocatalog_prezzo',0,18,18,'und',0,0.83),
('woocatalog_prezzo',0,19,19,'und',0,7.66),
('woocatalog_prezzo',0,20,20,'und',0,2.38),
('woocatalog_prezzo',0,21,21,'und',0,5.19),
('woocatalog_prezzo',0,22,22,'und',0,18.22),
('woocatalog_prezzo',0,23,23,'und',0,0.87),
('woocatalog_prezzo',0,24,24,'und',0,1.33),
('woocatalog_prezzo',0,25,25,'und',0,6.60),
('woocatalog_prezzo',0,26,26,'und',0,1.64),
('woocatalog_prezzo',0,27,27,'und',0,68.83),
('woocatalog_prezzo',0,28,28,'und',0,11.31),
('woocatalog_prezzo',0,29,29,'und',0,2.93),
('woocatalog_prezzo',0,30,30,'und',0,23.40),
('woocatalog_prezzo',0,31,31,'und',0,52.43),
('woocatalog_prezzo',0,32,32,'und',0,90.00),
('woocatalog_prezzo',0,33,33,'und',0,24.38),
('woocatalog_prezzo',0,34,34,'und',0,1.64),
('woocatalog_prezzo',0,35,35,'und',0,0.50),
('woocatalog_prezzo',0,36,36,'und',0,0.72),
('woocatalog_prezzo',0,37,37,'und',0,0.89),
('woocatalog_prezzo',0,38,38,'und',0,1.16),
('woocatalog_prezzo',0,39,39,'und',0,7.65),
('woocatalog_prezzo',0,40,40,'und',0,0.27),
('woocatalog_prezzo',0,41,41,'und',0,5.50),
('woocatalog_prezzo',0,42,42,'und',0,130.90),
('woocatalog_prezzo',0,43,43,'und',0,8.89),
('woocatalog_prezzo',0,44,44,'und',0,1.15),
('woocatalog_prezzo',0,45,45,'und',0,0.67),
('woocatalog_prezzo',0,46,46,'und',0,2.59),
('woocatalog_prezzo',0,47,47,'und',0,7.45),
('woocatalog_prezzo',0,48,48,'und',0,8.94),
('woocatalog_prezzo',0,49,49,'und',0,7.26),
('woocatalog_prezzo',0,50,50,'und',0,9.92),
('woocatalog_prezzo',0,51,51,'und',0,4.45),
('woocatalog_prezzo',0,52,52,'und',0,0.80),
('woocatalog_prezzo',0,53,53,'und',0,0.06),
('woocatalog_prezzo',0,54,54,'und',0,11.67),
('woocatalog_prezzo',0,55,55,'und',0,4.97),
('woocatalog_prezzo',0,56,56,'und',0,4.57),
('woocatalog_prezzo',0,57,57,'und',0,7.46),
('woocatalog_prezzo',0,58,58,'und',0,8.38),
('woocatalog_prezzo',0,59,59,'und',0,36.56),
('woocatalog_prezzo',0,60,60,'und',0,39.27),
('woocatalog_prezzo',0,61,61,'und',0,81.25),
('woocatalog_prezzo',0,62,62,'und',0,3.60),
('woocatalog_prezzo',0,63,63,'und',0,11.76),
('woocatalog_prezzo',0,64,64,'und',0,52.03),
('woocatalog_prezzo',0,65,65,'und',0,115.00),
('woocatalog_prezzo',0,66,66,'und',0,24.75),
('woocatalog_prezzo',0,67,67,'und',0,24.75),
('woocatalog_prezzo',0,68,68,'und',0,9.67),
('woocatalog_prezzo',0,69,69,'und',0,6.53),
('woocatalog_prezzo',0,70,70,'und',0,33.75),
('woocatalog_prezzo',0,72,72,'und',0,23.40),
('woocatalog_prezzo',0,73,73,'und',0,10.00),
('woocatalog_prezzo',0,74,74,'und',0,27.19),
('woocatalog_prezzo',0,75,75,'und',0,51.18),
('woocatalog_prezzo',0,76,76,'und',0,87.86),
('woocatalog_prezzo',0,77,77,'und',0,1.27),
('woocatalog_prezzo',0,78,78,'und',0,0.35),
('woocatalog_prezzo',0,79,79,'und',0,36.56),
('woocatalog_prezzo',0,80,80,'und',0,2.45),
('woocatalog_prezzo',0,81,81,'und',0,90.35),
('woocatalog_prezzo',0,82,82,'und',0,11.31),
('woocatalog_prezzo',0,83,83,'und',0,1.60),
('woocatalog_prezzo',0,84,84,'und',0,0.34),
('woocatalog_prezzo',0,85,85,'und',0,1.05),
('woocatalog_prezzo',0,86,86,'und',0,12.25),
('woocatalog_prezzo',0,87,87,'und',0,46.37),
('woocatalog_prezzo',0,88,88,'und',0,17.13),
('woocatalog_prezzo',0,89,89,'und',0,0.04),
('woocatalog_prezzo',0,90,90,'und',0,0.11),
('woocatalog_prezzo',0,91,91,'und',0,1.18),
('woocatalog_prezzo',0,92,92,'und',0,8.09),
('woocatalog_prezzo',0,93,93,'und',0,1.50),
('woocatalog_prezzo',0,94,94,'und',0,25.00),
('woocatalog_prezzo',0,95,95,'und',0,9.00),
('woocatalog_prezzo',0,96,96,'und',0,3.41);
COMMIT;

--
-- Table structure for table `woocatalog_prezzo__field_prodotto`
--

CREATE TABLE `woocatalog_prezzo__field_prodotto` (
  `bundle` varchar(128) CHARACTER SET ascii COLLATE ascii_general_ci NOT NULL DEFAULT '' COMMENT 'The field instance bundle to which this row belongs, used when deleting a field instance',
  `deleted` tinyint(4) NOT NULL DEFAULT 0 COMMENT 'A boolean indicating whether this data item has been deleted',
  `entity_id` int(10) unsigned NOT NULL COMMENT 'The entity id this data is attached to',
  `revision_id` int(10) unsigned NOT NULL COMMENT 'The entity revision id this data is attached to, which for an unversioned entity type is the same as the entity id',
  `langcode` varchar(32) CHARACTER SET ascii COLLATE ascii_general_ci NOT NULL DEFAULT '' COMMENT 'The language code for this data item.',
  `delta` int(10) unsigned NOT NULL COMMENT 'The sequence number for this data item, used for multi-value fields',
  `field_prodotto_target_id` int(10) unsigned NOT NULL COMMENT 'The ID of the target entity.',
  PRIMARY KEY (`entity_id`,`deleted`,`delta`,`langcode`),
  KEY `bundle` (`bundle`),
  KEY `revision_id` (`revision_id`),
  KEY `field_prodotto_target_id` (`field_prodotto_target_id`)
) ENGINE=InnoDB DEFAULT CHARSET=utf8mb4 COLLATE=utf8mb4_general_ci COMMENT='Data storage for woocatalog_prezzo field field_prodotto.';

--
-- Dumping data for table `woocatalog_prezzo__field_prodotto`
--

INSERT INTO `woocatalog_prezzo__field_prodotto` VALUES
('woocatalog_prezzo',0,1,1,'und',0,3),
('woocatalog_prezzo',0,2,2,'und',0,4),
('woocatalog_prezzo',0,3,3,'und',0,5),
('woocatalog_prezzo',0,4,4,'und',0,7),
('woocatalog_prezzo',0,5,5,'und',0,6),
('woocatalog_prezzo',0,6,6,'und',0,8),
('woocatalog_prezzo',0,7,7,'und',0,9),
('woocatalog_prezzo',0,8,8,'und',0,10),
('woocatalog_prezzo',0,9,9,'und',0,11),
('woocatalog_prezzo',0,10,10,'und',0,12),
('woocatalog_prezzo',0,11,11,'und',0,13),
('woocatalog_prezzo',0,12,12,'und',0,14),
('woocatalog_prezzo',0,13,13,'und',0,15),
('woocatalog_prezzo',0,14,14,'und',0,16),
('woocatalog_prezzo',0,15,15,'und',0,17),
('woocatalog_prezzo',0,16,16,'und',0,18),
('woocatalog_prezzo',0,17,17,'und',0,19),
('woocatalog_prezzo',0,18,18,'und',0,20),
('woocatalog_prezzo',0,19,19,'und',0,21),
('woocatalog_prezzo',0,20,20,'und',0,22),
('woocatalog_prezzo',0,21,21,'und',0,23),
('woocatalog_prezzo',0,22,22,'und',0,24),
('woocatalog_prezzo',0,23,23,'und',0,25),
('woocatalog_prezzo',0,24,24,'und',0,26),
('woocatalog_prezzo',0,25,25,'und',0,27),
('woocatalog_prezzo',0,26,26,'und',0,28),
('woocatalog_prezzo',0,27,27,'und',0,29),
('woocatalog_prezzo',0,28,28,'und',0,30),
('woocatalog_prezzo',0,29,29,'und',0,31),
('woocatalog_prezzo',0,30,30,'und',0,32),
('woocatalog_prezzo',0,31,31,'und',0,33),
('woocatalog_prezzo',0,32,32,'und',0,34),
('woocatalog_prezzo',0,33,33,'und',0,35),
('woocatalog_prezzo',0,34,34,'und',0,36),
('woocatalog_prezzo',0,35,35,'und',0,37),
('woocatalog_prezzo',0,36,36,'und',0,38),
('woocatalog_prezzo',0,37,37,'und',0,39),
('woocatalog_prezzo',0,38,38,'und',0,40),
('woocatalog_prezzo',0,39,39,'und',0,41),
('woocatalog_prezzo',0,40,40,'und',0,42),
('woocatalog_prezzo',0,41,41,'und',0,43),
('woocatalog_prezzo',0,42,42,'und',0,44),
('woocatalog_prezzo',0,43,43,'und',0,45),
('woocatalog_prezzo',0,44,44,'und',0,46),
('woocatalog_prezzo',0,45,45,'und',0,47),
('woocatalog_prezzo',0,46,46,'und',0,48),
('woocatalog_prezzo',0,47,47,'und',0,49),
('woocatalog_prezzo',0,48,48,'und',0,50),
('woocatalog_prezzo',0,49,49,'und',0,51),
('woocatalog_prezzo',0,50,50,'und',0,52),
('woocatalog_prezzo',0,51,51,'und',0,53),
('woocatalog_prezzo',0,52,52,'und',0,54),
('woocatalog_prezzo',0,53,53,'und',0,55),
('woocatalog_prezzo',0,54,54,'und',0,56),
('woocatalog_prezzo',0,55,55,'und',0,57),
('woocatalog_prezzo',0,56,56,'und',0,58),
('woocatalog_prezzo',0,57,57,'und',0,59),
('woocatalog_prezzo',0,58,58,'und',0,60),
('woocatalog_prezzo',0,59,59,'und',0,61),
('woocatalog_prezzo',0,60,60,'und',0,62),
('woocatalog_prezzo',0,61,61,'und',0,63),
('woocatalog_prezzo',0,62,62,'und',0,64),
('woocatalog_prezzo',0,63,63,'und',0,65),
('woocatalog_prezzo',0,64,64,'und',0,66),
('woocatalog_prezzo',0,65,65,'und',0,67),
('woocatalog_prezzo',0,66,66,'und',0,32),
('woocatalog_prezzo',0,67,67,'und',0,5),
('woocatalog_prezzo',0,68,68,'und',0,68),
('woocatalog_prezzo',0,69,69,'und',0,69),
('woocatalog_prezzo',0,70,70,'und',0,70),
('woocatalog_prezzo',0,71,71,'und',0,71),
('woocatalog_prezzo',0,72,72,'und',0,5),
('woocatalog_prezzo',0,73,73,'und',0,72),
('woocatalog_prezzo',0,74,74,'und',0,73),
('woocatalog_prezzo',0,75,75,'und',0,74),
('woocatalog_prezzo',0,76,76,'und',0,75),
('woocatalog_prezzo',0,77,77,'und',0,76),
('woocatalog_prezzo',0,78,78,'und',0,77),
('woocatalog_prezzo',0,79,79,'und',0,78),
('woocatalog_prezzo',0,80,80,'und',0,79),
('woocatalog_prezzo',0,81,81,'und',0,80),
('woocatalog_prezzo',0,82,82,'und',0,81),
('woocatalog_prezzo',0,83,83,'und',0,82),
('woocatalog_prezzo',0,84,84,'und',0,83),
('woocatalog_prezzo',0,85,85,'und',0,84),
('woocatalog_prezzo',0,86,86,'und',0,85),
('woocatalog_prezzo',0,87,87,'und',0,86),
('woocatalog_prezzo',0,88,88,'und',0,87),
('woocatalog_prezzo',0,89,89,'und',0,88),
('woocatalog_prezzo',0,90,90,'und',0,89),
('woocatalog_prezzo',0,91,91,'und',0,90),
('woocatalog_prezzo',0,92,92,'und',0,91),
('woocatalog_prezzo',0,93,93,'und',0,92),
('woocatalog_prezzo',0,94,94,'und',0,94),
('woocatalog_prezzo',0,95,95,'und',0,97),
('woocatalog_prezzo',0,96,96,'und',0,99);
COMMIT;

--
-- Table structure for table `woocatalog_prezzo__field_rivenditore`
--

CREATE TABLE `woocatalog_prezzo__field_rivenditore` (
  `bundle` varchar(128) CHARACTER SET ascii COLLATE ascii_general_ci NOT NULL DEFAULT '' COMMENT 'The field instance bundle to which this row belongs, used when deleting a field instance',
  `deleted` tinyint(4) NOT NULL DEFAULT 0 COMMENT 'A boolean indicating whether this data item has been deleted',
  `entity_id` int(10) unsigned NOT NULL COMMENT 'The entity id this data is attached to',
  `revision_id` int(10) unsigned NOT NULL COMMENT 'The entity revision id this data is attached to, which for an unversioned entity type is the same as the entity id',
  `langcode` varchar(32) CHARACTER SET ascii COLLATE ascii_general_ci NOT NULL DEFAULT '' COMMENT 'The language code for this data item.',
  `delta` int(10) unsigned NOT NULL COMMENT 'The sequence number for this data item, used for multi-value fields',
  `field_rivenditore_target_id` int(10) unsigned NOT NULL COMMENT 'The ID of the target entity.',
  PRIMARY KEY (`entity_id`,`deleted`,`delta`,`langcode`),
  KEY `bundle` (`bundle`),
  KEY `revision_id` (`revision_id`),
  KEY `field_rivenditore_target_id` (`field_rivenditore_target_id`)
) ENGINE=InnoDB DEFAULT CHARSET=utf8mb4 COLLATE=utf8mb4_general_ci COMMENT='Data storage for woocatalog_prezzo field field_rivenditore.';

--
-- Dumping data for table `woocatalog_prezzo__field_rivenditore`
--

INSERT INTO `woocatalog_prezzo__field_rivenditore` VALUES
('woocatalog_prezzo',0,1,1,'und',0,1),
('woocatalog_prezzo',0,2,2,'und',0,1),
('woocatalog_prezzo',0,3,3,'und',0,1),
('woocatalog_prezzo',0,4,4,'und',0,1),
('woocatalog_prezzo',0,5,5,'und',0,1),
('woocatalog_prezzo',0,6,6,'und',0,1),
('woocatalog_prezzo',0,7,7,'und',0,1),
('woocatalog_prezzo',0,8,8,'und',0,1),
('woocatalog_prezzo',0,9,9,'und',0,1),
('woocatalog_prezzo',0,10,10,'und',0,1),
('woocatalog_prezzo',0,11,11,'und',0,1),
('woocatalog_prezzo',0,12,12,'und',0,1),
('woocatalog_prezzo',0,13,13,'und',0,1),
('woocatalog_prezzo',0,14,14,'und',0,1),
('woocatalog_prezzo',0,15,15,'und',0,1),
('woocatalog_prezzo',0,16,16,'und',0,1),
('woocatalog_prezzo',0,17,17,'und',0,1),
('woocatalog_prezzo',0,18,18,'und',0,1),
('woocatalog_prezzo',0,19,19,'und',0,1),
('woocatalog_prezzo',0,20,20,'und',0,1),
('woocatalog_prezzo',0,21,21,'und',0,1),
('woocatalog_prezzo',0,22,22,'und',0,1),
('woocatalog_prezzo',0,23,23,'und',0,1),
('woocatalog_prezzo',0,24,24,'und',0,1),
('woocatalog_prezzo',0,25,25,'und',0,1),
('woocatalog_prezzo',0,26,26,'und',0,1),
('woocatalog_prezzo',0,27,27,'und',0,1),
('woocatalog_prezzo',0,28,28,'und',0,1),
('woocatalog_prezzo',0,29,29,'und',0,1),
('woocatalog_prezzo',0,30,30,'und',0,2),
('woocatalog_prezzo',0,31,31,'und',0,2),
('woocatalog_prezzo',0,32,32,'und',0,2),
('woocatalog_prezzo',0,33,33,'und',0,2),
('woocatalog_prezzo',0,34,34,'und',0,1),
('woocatalog_prezzo',0,35,35,'und',0,2),
('woocatalog_prezzo',0,36,36,'und',0,2),
('woocatalog_prezzo',0,37,37,'und',0,2),
('woocatalog_prezzo',0,38,38,'und',0,2),
('woocatalog_prezzo',0,39,39,'und',0,2),
('woocatalog_prezzo',0,40,40,'und',0,2),
('woocatalog_prezzo',0,41,41,'und',0,2),
('woocatalog_prezzo',0,42,42,'und',0,1),
('woocatalog_prezzo',0,43,43,'und',0,1),
('woocatalog_prezzo',0,44,44,'und',0,1),
('woocatalog_prezzo',0,45,45,'und',0,1),
('woocatalog_prezzo',0,46,46,'und',0,1),
('woocatalog_prezzo',0,47,47,'und',0,1),
('woocatalog_prezzo',0,48,48,'und',0,1),
('woocatalog_prezzo',0,49,49,'und',0,1),
('woocatalog_prezzo',0,50,50,'und',0,1),
('woocatalog_prezzo',0,51,51,'und',0,1),
('woocatalog_prezzo',0,52,52,'und',0,1),
('woocatalog_prezzo',0,53,53,'und',0,1),
('woocatalog_prezzo',0,54,54,'und',0,1),
('woocatalog_prezzo',0,55,55,'und',0,1),
('woocatalog_prezzo',0,56,56,'und',0,1),
('woocatalog_prezzo',0,57,57,'und',0,1),
('woocatalog_prezzo',0,58,58,'und',0,1),
('woocatalog_prezzo',0,59,59,'und',0,1),
('woocatalog_prezzo',0,60,60,'und',0,1),
('woocatalog_prezzo',0,61,61,'und',0,1),
('woocatalog_prezzo',0,62,62,'und',0,1),
('woocatalog_prezzo',0,63,63,'und',0,1),
('woocatalog_prezzo',0,64,64,'und',0,1),
('woocatalog_prezzo',0,65,65,'und',0,1),
('woocatalog_prezzo',0,66,66,'und',0,3),
('woocatalog_prezzo',0,67,67,'und',0,3),
('woocatalog_prezzo',0,68,68,'und',0,4),
('woocatalog_prezzo',0,69,69,'und',0,4),
('woocatalog_prezzo',0,70,70,'und',0,2),
('woocatalog_prezzo',0,71,71,'und',0,2),
('woocatalog_prezzo',0,72,72,'und',0,2),
('woocatalog_prezzo',0,73,73,'und',0,2),
('woocatalog_prezzo',0,74,74,'und',0,1),
('woocatalog_prezzo',0,75,75,'und',0,1),
('woocatalog_prezzo',0,76,76,'und',0,1),
('woocatalog_prezzo',0,77,77,'und',0,1),
('woocatalog_prezzo',0,78,78,'und',0,1),
('woocatalog_prezzo',0,79,79,'und',0,1),
('woocatalog_prezzo',0,80,80,'und',0,1),
('woocatalog_prezzo',0,81,81,'und',0,1),
('woocatalog_prezzo',0,82,82,'und',0,1),
('woocatalog_prezzo',0,83,83,'und',0,1),
('woocatalog_prezzo',0,84,84,'und',0,1),
('woocatalog_prezzo',0,85,85,'und',0,1),
('woocatalog_prezzo',0,86,86,'und',0,1),
('woocatalog_prezzo',0,87,87,'und',0,1),
('woocatalog_prezzo',0,88,88,'und',0,1),
('woocatalog_prezzo',0,89,89,'und',0,1),
('woocatalog_prezzo',0,90,90,'und',0,1),
('woocatalog_prezzo',0,91,91,'und',0,1),
('woocatalog_prezzo',0,92,92,'und',0,1),
('woocatalog_prezzo',0,93,93,'und',0,1),
('woocatalog_prezzo',0,94,94,'und',0,1),
('woocatalog_prezzo',0,95,95,'und',0,1),
('woocatalog_prezzo',0,96,96,'und',0,1);
COMMIT;

--
-- Table structure for table `woocatalog_prodotto`
--

CREATE TABLE `woocatalog_prodotto` (
  `id` int(10) unsigned NOT NULL AUTO_INCREMENT,
  `uuid` varchar(128) CHARACTER SET ascii COLLATE ascii_general_ci NOT NULL,
  `label` varchar(255) DEFAULT NULL,
  `status` tinyint(4) DEFAULT NULL,
  `description__value` longtext DEFAULT NULL,
  `description__format` varchar(255) CHARACTER SET ascii COLLATE ascii_general_ci DEFAULT NULL,
  `uid` int(10) unsigned NOT NULL COMMENT 'The ID of the target entity.',
  `created` int(11) DEFAULT NULL,
  `changed` int(11) DEFAULT NULL,
  PRIMARY KEY (`id`),
  UNIQUE KEY `woocatalog_prodotto_field__uuid__value` (`uuid`),
  KEY `woocatalog_prodotto_field__description__format` (`description__format`),
  KEY `woocatalog_prodotto_field__uid__target_id` (`uid`)
) ENGINE=InnoDB AUTO_INCREMENT=100 DEFAULT CHARSET=utf8mb4 COLLATE=utf8mb4_general_ci COMMENT='The base table for woocatalog_prodotto entities.';

--
-- Dumping data for table `woocatalog_prodotto`
--

INSERT INTO `woocatalog_prodotto` VALUES
(1,'75e4317f-3ca5-4dcf-8344-4d42213cd242','Tubi',1,NULL,NULL,1,1774109758,1774109845),
(2,'5bbb915f-e81d-4545-8188-a5e5576de250','Rubinetto a',1,NULL,NULL,1,1774111602,1774111640),
(3,'ef5b1ea5-1c7c-438a-84c2-e96c4bc6900d','Flexo M-H 3/8 3/8 30cm',1,NULL,NULL,1,1774471529,1774471605),
(4,'35b9d1b0-b072-4b35-856c-be3d5f2fb125','Valvula Seguridad Termo 1/2 TERMOVAL STH',1,NULL,NULL,1,1774471798,1774471870),
(5,'cbb3eed5-eff8-4e9b-856d-33bc0ca0210f','Mecanismo Descarga D2D Double Pulsador',1,NULL,NULL,1,1774471887,1774471967),
(6,'c89dc48b-6e21-4f83-a827-9a7ad9e941c5','Grifo Genebre Baño K8',1,NULL,NULL,1,1774473201,1774473264),
(7,'a7ec3b41-fc05-4ab4-b08b-19e7f4d982ea','Flexo H-H 3/8-3/8 50cm',1,NULL,NULL,1,1774473376,1774473429),
(8,'bd5c75e1-ba54-41b0-a323-a1da4a0725ed','Junta Negra Ancha 3/4',1,NULL,NULL,1,1774473806,1774473853),
(9,'a2db674a-b601-4349-b2a4-657681942cd3','Junta Negra Ancha 1',1,NULL,NULL,1,1774474593,1774474631),
(10,'8f2fa6e7-e26b-4d41-9f45-5c30b205b8f1','Junta Negra Ancha 1.1/4',1,NULL,NULL,1,1774552639,1774552670),
(11,'c6eccd5d-6e67-41d9-8d46-3445df37ecff','Arandela Teflón Ancha 1.1/4',1,NULL,NULL,1,1774552752,1774552852),
(12,'e4382ccf-ca0b-4761-b285-a32bc7c349d4','Rollo Teflón Grande',1,NULL,NULL,1,1774552914,1774552946),
(13,'a89e1d3d-9ef9-4bd7-9faa-684ad1d16713','LLave Escuadra Genebre 1/2 x 3/8',1,NULL,NULL,1,1774553532,1774553563),
(14,'5285e573-a750-4488-914d-d4a5ede00e89','LLave Lavadora Genebre 1/2 x 3/4',1,NULL,NULL,1,1774553627,1774553657),
(15,'33d8133a-6e11-43c7-99e7-84afa76959e3','Sifón Curvo Ext. 1 1/2 TecnoAgua',1,NULL,NULL,1,1774553722,1774553752),
(16,'4ebd8ddf-8740-4ce7-9db7-3f8eb820a65d','Manguito Sanitario 125',1,NULL,NULL,1,1774553821,1774553854),
(17,'1cc4e0cc-5821-41ce-b001-dca6d2ad6744','Sanicap Empotrar 18/150',1,NULL,NULL,1,1774553921,1774553988),
(18,'701fd1b8-ce10-49b4-8755-d9568b7b6aa3','Descargator Tecnoagua T-281N + kit Junta',1,NULL,NULL,1,1774554532,1774554562),
(19,'5b79b5d0-e4bf-4af5-b83b-a3ce2e1253ab','Llenado Jimten Dual',1,NULL,NULL,1,1774554643,1774554681),
(20,'bb2077e7-5eeb-4003-a6f0-5d8445d484a8','Tuerca Reducida Latón Hexagonal 3/4-1/2',1,NULL,NULL,1,1774554766,1774554863),
(21,'b02f64ef-d06f-4d4d-9091-6b35b15c81c9','Te Poli Latón Rosca 25-3/4',1,NULL,NULL,1,1774554915,1774555011),
(22,'aeee1dd7-cbd2-469d-801d-4261bf470c11','Enlace Rosca Macho Latón 20-1/2',1,NULL,NULL,1,1774555061,1774555093),
(23,'23f060bf-bb11-4c7e-b1ba-d12f74ae8186','Manguito Poli Latón 25',1,NULL,NULL,1,1774555139,1774555178),
(24,'c512b0f5-a53f-4108-933d-46a3ebe31df3','Asiento Victoria IDROSPANIA',1,NULL,NULL,1,1774555259,1774555310),
(25,'f6d5eb6c-fb4a-4afb-b78c-9d7d9ce6adf0','Alargadera Llave Paso Kansas',1,NULL,NULL,1,1774555362,1774555399),
(26,'244b1e89-e0af-4ef6-bfd6-1dcb3c492056','Flexo M-H 3/8-3/8 20cm',1,NULL,NULL,1,1774555467,1774555497),
(27,'098afd5e-6598-4e31-807b-4c2aee830c88','LLave Paso Viena Metal 18',1,NULL,NULL,1,1774555552,1774555578),
(28,'6fd2f7c3-bd8d-45fb-80b8-3b41c93bc36d','Blister 4 Uds. Tornillo Tirador Cortar 4X50mm',1,NULL,NULL,1,1774555644,1774555675),
(29,'7f83d218-68d0-4657-8639-da227ccdb0e5','Plato Ducha Roca Italia 80x80 Blanco',1,NULL,NULL,1,1774555735,1774555767),
(30,'3bc50e36-aad3-41ab-beec-4da283bb9b39','Valvula Plato Ducha 115 c/Tornillos',1,NULL,NULL,1,1774555826,1774555855),
(31,'95a26a6a-ee1d-4e45-b80c-717b548a6647','LLave Esfera Palanca M-H 1/2',1,NULL,NULL,1,1774555905,1774555937),
(32,'1bce4945-777c-4d2d-9863-068297cf2134','Kit Mecan Descar. D2_D NR',1,NULL,NULL,1,1774556038,1774556082),
(33,'4e01d287-55e3-4af7-8ba8-200fde18e036','Taza Victoria TB SV A Blanco',1,NULL,NULL,1,1774556136,1774556183),
(34,'26603f58-1ea6-4b7a-a7e5-13d36655ea73','Tanque Victoria A3/L+D2D BLANCO',1,NULL,NULL,1,1774556246,1774556283),
(35,'14cbcb4d-502f-40e0-b90f-c77a602b0a09','Asiento Lacado Victoria Blanco/PVC',1,NULL,NULL,1,1774556331,1774556368),
(36,'a42c02eb-37eb-4ec8-8c78-bb0f7a2d5f8b','Mts. Canaleta Adhesiva 16x10',1,NULL,NULL,1,1774556445,1774556475),
(37,'36cc10bb-348c-478e-a7dd-cb000f413b9c','Curva Cu. 90 H-H 15mm.',1,NULL,NULL,1,1774556892,1774556941),
(38,'9cf2fd45-9d8d-4815-a740-7ea374acf5d2','Curva Cu. 90 H-H 18mm.',1,NULL,NULL,1,1774556988,1774557017),
(39,'cafdce64-c679-4cb1-b2f7-e34ae4566563','Codo Cu. 90 M-H 18mm.',1,NULL,NULL,1,1774557084,1774557110),
(40,'a73ab3c7-ddbb-41c5-b33a-fb0d601ca372','Bolsa Estropajo Aluminio 75Gr.',1,NULL,NULL,1,1774557186,1774557243),
(41,'e4942b4c-275c-4936-8be0-251b8f547553','Rollo Estaño Plata 250Gr 3,5',1,NULL,NULL,1,1774557289,1774557317),
(42,'9ed52ce9-e12f-4f51-b4f6-df1e24aca3c0','Cinta \"PTFE\" 12M x 12MM x 1,10MM',1,NULL,NULL,1,1774557381,1774557412),
(43,'883e96b8-cd69-4ff0-bf95-8704cf37a54a','Bote Desatascador Quimico Fontaneria',1,NULL,NULL,1,1774557487,1774557531),
(44,'c06cdae4-7ca4-490b-8fdf-458a9800d2e7','Plato Ducha Roca Italia 1000x800 Blanco',1,NULL,NULL,1,1774557601,1774557642),
(45,'0304fba5-58e0-4ef7-a0c9-ed828ac58f19','Grifo Boca Riego 1/2-3/4',1,NULL,NULL,1,1774557706,1774557738),
(46,'983d71c5-380d-4766-9042-4db197bfb921','Te Hembra Latón 1/2',1,NULL,NULL,1,1774557801,1774557848),
(47,'941e31d9-81ad-4956-a1a1-b30e91edf881','Machón Latón 1/2',1,NULL,NULL,1,1774557899,1774557927),
(48,'a83c1d59-7fab-4f9b-8aab-e5069c7c9df8','Codo H. Latón Soldar 22-1/2',1,NULL,NULL,1,1774558114,1774558154),
(49,'74353071-4cc4-4c23-94e6-79c100ff016e','LLave Paso Viena Metal 22',1,NULL,NULL,1,1774558291,1774558323),
(50,'142818cb-a96b-4ab3-a7ce-f561a4012d65','Mts. Tubo de Cobre en Barra 22x1',1,NULL,NULL,1,1774558379,1774558406),
(51,'b0802b80-d086-4286-976c-087bedca2662','Desatascador Químico Maxiclean Para Desagues',1,NULL,NULL,1,1774558507,1774558538),
(52,'2c9c210b-9948-40c7-aee0-f2579880fefe','Teflón Hilo Loctite',1,NULL,NULL,1,1774558587,1774558619),
(53,'d0722e35-ae02-4488-8308-4451164e229f','Sifón Curvo Con Toma 40-1.1/2 T-31T',1,NULL,NULL,1,1774558692,1774558734),
(54,'ab34faed-4a06-4eb0-b062-fd677b6e3d9b','Alargadera Reducida Latón 1/2-3/8',1,NULL,NULL,1,1774558783,1774558808),
(55,'e5aade8a-841e-4a0e-b425-a1461ccbcdd9','Junta Negra Ancha 1/2\"',1,NULL,NULL,1,1774558850,1774558876),
(56,'610075b8-7ab7-4f4a-82a7-97d1d47d45f6','Purgador Solar 1/2',1,NULL,NULL,1,1774558925,1774558968),
(57,'2b4fe94b-2dba-4fde-82dc-47bbb64dc567','Desague Bañera Salida Horizontal NO SIFÓNICA',1,NULL,NULL,1,1774559064,1774559091),
(58,'204c106b-a14d-48a2-8a46-a8188aa1d18c','Valvula Bañera BUSBY Sifon',1,NULL,NULL,1,1774559139,1774559171),
(59,'434aba5c-bc1e-4a78-8d8c-211dbfaf77fa','Tapaporos Latón 15',1,NULL,NULL,1,1774559212,1774559236),
(60,'bd972a5b-4f1d-487e-9d4e-ae850638f6d1','Tapaporos Latón 18',1,NULL,NULL,1,1774559273,1774559294),
(61,'b2f5e276-e790-4d62-9d1d-50270d7263c4','Grifo Fregadero Mural 11cm VICTORIA ROFER',1,NULL,NULL,1,1774559356,1774559389),
(62,'f00297af-0a19-4abb-bf77-169f631c0dbf','Grifo Genebre Fregadero K8',1,NULL,NULL,1,1774559448,1774559475),
(63,'12a5d8b8-88e8-430a-bbe1-e5b41ca1a983','The Gap Asiento Compacto Amortiguado',1,NULL,NULL,1,1774559547,1774559587),
(64,'e698add2-0c3a-4154-825f-458dba6ce705','Flexo Grifo M-10',1,NULL,NULL,1,1774559630,1774559658),
(65,'1668b7c6-1b88-43d2-bd78-7e8c5d0a0b10','Manguito Inodoro MAXI',1,NULL,NULL,1,1774559712,1774559734),
(66,'4d9df5e9-9d3a-4ec2-a6c7-8435a0da232d','Grifo Roca Victoria Fregadero',1,NULL,NULL,1,1774559819,1774559851),
(67,'cb427599-4300-40fe-ad7a-1da5d8d3dd06','Termo Eléctrico PROVAI 100L',1,NULL,NULL,1,1774559938,1774560001),
(68,'08deb768-768d-4dd3-b366-da9c83efa45e','Llave Lavadora',1,NULL,NULL,2,1774630371,1774630396),
(69,'99f29856-0abc-4e21-8711-82eb535a2bc9','Grifo Lavadora L86 1/2 - 3/4 ARCO',1,NULL,NULL,2,1774630462,1774630488),
(70,'dc561b79-0a14-48d7-8fd1-4844a83d2811','Miño Grifo Fregadero Cromado',1,NULL,NULL,2,1774630539,1774630562),
(71,'f3891017-c605-4161-b0a1-e22b3ad2de10','Baño Sano Cartucho 300 ML',1,NULL,NULL,1,1774631054,1774631077),
(72,'eca051b5-b2a4-44ca-82df-fb4528c3bff9','Junta Manguito Excentrico WC',1,NULL,NULL,1,1774631657,1774631673),
(73,'42a93a40-382a-4ac4-8506-4af7461c8153','Asiento Roca Victoria',1,NULL,NULL,1,1774631756,1774631774),
(74,'8dc71208-827a-4c85-8065-ee1be044505a','Taza Roca Victoria Blanco',1,NULL,NULL,1,1774631827,1774631843),
(75,'86524209-8514-4101-823e-636bcee26b59','Tanque Roca Victoria Inferior Blanco',1,NULL,NULL,1,1774631890,1774631907),
(76,'e6080192-5c70-4656-91eb-fd92b8f8a365','Toma Lavadora Encolar',1,NULL,NULL,1,1774631945,1774631960),
(77,'feee5d7e-7a53-4adf-b8e2-a6f45c2fc12e','Abrazadera Sin Fin 20-32',1,NULL,NULL,1,1774632005,1774632019),
(78,'688dba6c-0226-41d8-9d4f-32c9db47687a','Grifo Fregadero Mural 15cm VICTORIA',1,NULL,NULL,1,1774632093,1774632118),
(79,'de8e7f51-894f-4a78-9519-8a401abb8580','Bote Masilla Acrilica PATTEX ACRIL 1 Blanca',1,NULL,NULL,1,1774632162,1774632189),
(80,'26e28c0b-1278-412e-808a-6f81bfdf83b0','Plato Ducha Roca Italia 90x90 Blanco',1,NULL,NULL,1,1774632248,1774632263),
(81,'a86613ff-e704-4131-b452-9c82d251bbf8','Manguito Flexible Dual 1 1/2 - 1 1/4 Tecnoagua',1,NULL,NULL,1,1774632330,1774632360),
(82,'99217963-30f7-48b2-aa03-f727fc430566','Juego Tornillos Dama',1,NULL,NULL,1,1774632404,1774632431),
(83,'c64202d6-b73a-49a0-b4f4-9d8c024fb734','Codo Evac.Sanit. M-H 87 - 40',1,NULL,NULL,1,1774632490,1774632508),
(84,'284af179-e9bd-45bc-a45a-b9ed4a294b11','Juego Tornillos Victoria',1,NULL,NULL,1,1774632552,1774632572),
(85,'fc4bbcc9-a596-4b90-860f-2a6733b8f023','Manguito Inodoro Roca Dual',1,NULL,NULL,1,1774632615,1774632634),
(86,'2904b290-764a-4e90-8362-da49133748ac','Grifo Genebre Fregadero Mural 11cm K8',1,NULL,NULL,1,1774632692,1774632710),
(87,'c1e7b460-2eda-4093-bef1-629cc434e094','Grifo Lavabo Mural 1 Agua Cartucho 25',1,NULL,NULL,1,1774632752,1774632776),
(88,'e6b1b4de-3ac0-4796-9099-c50d261e153c','Tuerca M8',1,NULL,NULL,1,1774632829,1774632862),
(89,'c986caf4-6308-4dca-9ba3-4ab2a366edfb','Tornillo 6x60',1,NULL,NULL,1,1774632909,1774632924),
(90,'92b3bbe4-85ff-447c-81e4-f91585a1f39b','Manguito Rosca H-H 40 1.1/2',1,NULL,NULL,1,1774633034,1774633050),
(91,'50dbc1c6-ea9d-496b-bc90-d6635f20df4e','Manguito Poli Latón 32',1,NULL,NULL,1,1774633085,1774633106),
(92,'fcba00c0-6650-4710-99c4-3c46f901d304','teflón test',1,NULL,NULL,1,1774733245,1774733257),
(93,'d028f08b-b746-448c-a1a9-46b72483c83d','rubinetto x',1,NULL,NULL,1,1775670953,1775670964),
(94,'62a95b4c-006d-47da-83c9-06116f248585','Prova',1,NULL,NULL,2,1776593897,1776593926),
(95,'731e1f53-7061-4cb8-94ca-4ecdfed611ef','prova2',1,NULL,NULL,1,1776594382,1776594387),
(96,'93e86a65-6e36-45cf-933b-ea6680907d62','Manita',1,'<p>Manita por mampara&nbsp;</p>','basic_html',1,1780065480,1780065506),
(97,'b99f32a1-6a0e-4a54-82d4-f4b08341c324','Junta Manguito Excentrico WC',1,NULL,NULL,2,1782665013,1782665037),
(98,'7e78c28e-98eb-4947-ab39-d3b4381f3b61','Borada',1,'<p>Borada por suelo</p>','basic_html',3,1783021735,1783021750),
(99,'3de0eaa6-063b-45c9-b3bb-af8c39393f19','Mts Tubo Evacua.Sanitario \"B\" PVC: 125',1,NULL,NULL,2,1783063235,1783063346);
COMMIT;

--
-- Table structure for table `woocatalog_prodotto__field_categoria`
--

CREATE TABLE `woocatalog_prodotto__field_categoria` (
  `bundle` varchar(128) CHARACTER SET ascii COLLATE ascii_general_ci NOT NULL DEFAULT '' COMMENT 'The field instance bundle to which this row belongs, used when deleting a field instance',
  `deleted` tinyint(4) NOT NULL DEFAULT 0 COMMENT 'A boolean indicating whether this data item has been deleted',
  `entity_id` int(10) unsigned NOT NULL COMMENT 'The entity id this data is attached to',
  `revision_id` int(10) unsigned NOT NULL COMMENT 'The entity revision id this data is attached to, which for an unversioned entity type is the same as the entity id',
  `langcode` varchar(32) CHARACTER SET ascii COLLATE ascii_general_ci NOT NULL DEFAULT '' COMMENT 'The language code for this data item.',
  `delta` int(10) unsigned NOT NULL COMMENT 'The sequence number for this data item, used for multi-value fields',
  `field_categoria_target_id` int(10) unsigned NOT NULL COMMENT 'The ID of the target entity.',
  PRIMARY KEY (`entity_id`,`deleted`,`delta`,`langcode`),
  KEY `bundle` (`bundle`),
  KEY `revision_id` (`revision_id`),
  KEY `field_categoria_target_id` (`field_categoria_target_id`)
) ENGINE=InnoDB DEFAULT CHARSET=utf8mb4 COLLATE=utf8mb4_general_ci COMMENT='Data storage for woocatalog_prodotto field field_categoria.';

--
-- Dumping data for table `woocatalog_prodotto__field_categoria`
--

INSERT INTO `woocatalog_prodotto__field_categoria` VALUES
('woocatalog_prodotto',0,1,1,'und',0,49),
('woocatalog_prodotto',0,2,2,'und',0,49),
('woocatalog_prodotto',0,3,3,'und',0,49),
('woocatalog_prodotto',0,4,4,'und',0,49),
('woocatalog_prodotto',0,5,5,'und',0,49),
('woocatalog_prodotto',0,6,6,'und',0,49),
('woocatalog_prodotto',0,7,7,'und',0,49),
('woocatalog_prodotto',0,8,8,'und',0,49),
('woocatalog_prodotto',0,9,9,'und',0,49),
('woocatalog_prodotto',0,10,10,'und',0,49),
('woocatalog_prodotto',0,11,11,'und',0,49),
('woocatalog_prodotto',0,12,12,'und',0,49),
('woocatalog_prodotto',0,13,13,'und',0,49),
('woocatalog_prodotto',0,14,14,'und',0,49),
('woocatalog_prodotto',0,15,15,'und',0,49),
('woocatalog_prodotto',0,16,16,'und',0,49),
('woocatalog_prodotto',0,17,17,'und',0,49),
('woocatalog_prodotto',0,18,18,'und',0,49),
('woocatalog_prodotto',0,19,19,'und',0,49),
('woocatalog_prodotto',0,20,20,'und',0,49),
('woocatalog_prodotto',0,21,21,'und',0,49),
('woocatalog_prodotto',0,22,22,'und',0,49),
('woocatalog_prodotto',0,23,23,'und',0,49),
('woocatalog_prodotto',0,24,24,'und',0,49),
('woocatalog_prodotto',0,25,25,'und',0,49),
('woocatalog_prodotto',0,26,26,'und',0,49),
('woocatalog_prodotto',0,27,27,'und',0,49),
('woocatalog_prodotto',0,28,28,'und',0,49),
('woocatalog_prodotto',0,29,29,'und',0,49),
('woocatalog_prodotto',0,30,30,'und',0,49),
('woocatalog_prodotto',0,31,31,'und',0,49),
('woocatalog_prodotto',0,32,32,'und',0,49),
('woocatalog_prodotto',0,33,33,'und',0,49),
('woocatalog_prodotto',0,34,34,'und',0,49),
('woocatalog_prodotto',0,35,35,'und',0,49),
('woocatalog_prodotto',0,36,36,'und',0,49),
('woocatalog_prodotto',0,37,37,'und',0,49),
('woocatalog_prodotto',0,38,38,'und',0,49),
('woocatalog_prodotto',0,39,39,'und',0,49),
('woocatalog_prodotto',0,40,40,'und',0,49),
('woocatalog_prodotto',0,41,41,'und',0,49),
('woocatalog_prodotto',0,42,42,'und',0,49),
('woocatalog_prodotto',0,43,43,'und',0,49),
('woocatalog_prodotto',0,44,44,'und',0,49),
('woocatalog_prodotto',0,45,45,'und',0,49),
('woocatalog_prodotto',0,46,46,'und',0,49),
('woocatalog_prodotto',0,47,47,'und',0,49),
('woocatalog_prodotto',0,48,48,'und',0,49),
('woocatalog_prodotto',0,49,49,'und',0,49),
('woocatalog_prodotto',0,50,50,'und',0,49),
('woocatalog_prodotto',0,51,51,'und',0,49),
('woocatalog_prodotto',0,52,52,'und',0,49),
('woocatalog_prodotto',0,53,53,'und',0,49),
('woocatalog_prodotto',0,54,54,'und',0,49),
('woocatalog_prodotto',0,55,55,'und',0,49),
('woocatalog_prodotto',0,56,56,'und',0,49),
('woocatalog_prodotto',0,57,57,'und',0,49),
('woocatalog_prodotto',0,58,58,'und',0,49),
('woocatalog_prodotto',0,59,59,'und',0,49),
('woocatalog_prodotto',0,60,60,'und',0,49),
('woocatalog_prodotto',0,61,61,'und',0,49),
('woocatalog_prodotto',0,62,62,'und',0,49),
('woocatalog_prodotto',0,63,63,'und',0,49),
('woocatalog_prodotto',0,64,64,'und',0,49),
('woocatalog_prodotto',0,65,65,'und',0,49),
('woocatalog_prodotto',0,66,66,'und',0,49),
('woocatalog_prodotto',0,67,67,'und',0,49),
('woocatalog_prodotto',0,68,68,'und',0,49),
('woocatalog_prodotto',0,69,69,'und',0,49),
('woocatalog_prodotto',0,70,70,'und',0,49),
('woocatalog_prodotto',0,71,71,'und',0,49),
('woocatalog_prodotto',0,72,72,'und',0,49),
('woocatalog_prodotto',0,73,73,'und',0,49),
('woocatalog_prodotto',0,74,74,'und',0,49),
('woocatalog_prodotto',0,75,75,'und',0,49),
('woocatalog_prodotto',0,76,76,'und',0,49),
('woocatalog_prodotto',0,77,77,'und',0,49),
('woocatalog_prodotto',0,78,78,'und',0,49),
('woocatalog_prodotto',0,79,79,'und',0,49),
('woocatalog_prodotto',0,80,80,'und',0,49),
('woocatalog_prodotto',0,81,81,'und',0,49),
('woocatalog_prodotto',0,82,82,'und',0,49),
('woocatalog_prodotto',0,83,83,'und',0,49),
('woocatalog_prodotto',0,84,84,'und',0,49),
('woocatalog_prodotto',0,85,85,'und',0,49),
('woocatalog_prodotto',0,86,86,'und',0,49),
('woocatalog_prodotto',0,87,87,'und',0,49),
('woocatalog_prodotto',0,88,88,'und',0,49),
('woocatalog_prodotto',0,89,89,'und',0,49),
('woocatalog_prodotto',0,90,90,'und',0,49),
('woocatalog_prodotto',0,91,91,'und',0,49),
('woocatalog_prodotto',0,92,92,'und',0,49),
('woocatalog_prodotto',0,93,93,'und',0,49),
('woocatalog_prodotto',0,94,94,'und',0,49),
('woocatalog_prodotto',0,95,95,'und',0,49),
('woocatalog_prodotto',0,96,96,'und',0,49),
('woocatalog_prodotto',0,97,97,'und',0,49),
('woocatalog_prodotto',0,98,98,'und',0,50),
('woocatalog_prodotto',0,99,99,'und',0,49);
COMMIT;

--
-- Table structure for table `woocatalog_prodotto__field_codice_articolo`
--

CREATE TABLE `woocatalog_prodotto__field_codice_articolo` (
  `bundle` varchar(128) CHARACTER SET ascii COLLATE ascii_general_ci NOT NULL DEFAULT '' COMMENT 'The field instance bundle to which this row belongs, used when deleting a field instance',
  `deleted` tinyint(4) NOT NULL DEFAULT 0 COMMENT 'A boolean indicating whether this data item has been deleted',
  `entity_id` int(10) unsigned NOT NULL COMMENT 'The entity id this data is attached to',
  `revision_id` int(10) unsigned NOT NULL COMMENT 'The entity revision id this data is attached to, which for an unversioned entity type is the same as the entity id',
  `langcode` varchar(32) CHARACTER SET ascii COLLATE ascii_general_ci NOT NULL DEFAULT '' COMMENT 'The language code for this data item.',
  `delta` int(10) unsigned NOT NULL COMMENT 'The sequence number for this data item, used for multi-value fields',
  `field_codice_articolo_value` varchar(255) NOT NULL,
  PRIMARY KEY (`entity_id`,`deleted`,`delta`,`langcode`),
  KEY `bundle` (`bundle`),
  KEY `revision_id` (`revision_id`)
) ENGINE=InnoDB DEFAULT CHARSET=utf8mb4 COLLATE=utf8mb4_general_ci COMMENT='Data storage for woocatalog_prodotto field field_codice…';

--
-- Dumping data for table `woocatalog_prodotto__field_codice_articolo`
--

INSERT INTO `woocatalog_prodotto__field_codice_articolo` VALUES
('woocatalog_prodotto',0,2,2,'und',0,'svv'),
('woocatalog_prodotto',0,3,3,'und',0,'FM0030'),
('woocatalog_prodotto',0,4,4,'und',0,'50045'),
('woocatalog_prodotto',0,5,5,'und',0,'3400R'),
('woocatalog_prodotto',0,6,6,'und',0,'60100'),
('woocatalog_prodotto',0,7,7,'und',0,'FH0050'),
('woocatalog_prodotto',0,8,8,'und',0,'JNA2'),
('woocatalog_prodotto',0,9,9,'und',0,'JNA3'),
('woocatalog_prodotto',0,10,10,'und',0,'JNA4'),
('woocatalog_prodotto',0,11,11,'und',0,'ATA4'),
('woocatalog_prodotto',0,13,13,'und',0,'3094E04'),
('woocatalog_prodotto',0,14,14,'und',0,'309104'),
('woocatalog_prodotto',0,15,15,'und',0,'50059'),
('woocatalog_prodotto',0,16,16,'und',0,'MS125'),
('woocatalog_prodotto',0,17,17,'und',0,'6155'),
('woocatalog_prodotto',0,18,18,'und',0,'50772'),
('woocatalog_prodotto',0,19,19,'und',0,'S-465'),
('woocatalog_prodotto',0,20,20,'und',0,'MLP25'),
('woocatalog_prodotto',0,21,21,'und',0,'TLPR25'),
('woocatalog_prodotto',0,22,22,'und',0,'ERML20'),
('woocatalog_prodotto',0,23,23,'und',0,'MLP25'),
('woocatalog_prodotto',0,24,24,'und',0,'30701'),
('woocatalog_prodotto',0,25,25,'und',0,'35196'),
('woocatalog_prodotto',0,26,26,'und',0,'FM0020'),
('woocatalog_prodotto',0,27,27,'und',0,'4761'),
('woocatalog_prodotto',0,28,28,'und',0,'61000331A'),
('woocatalog_prodotto',0,29,29,'und',0,'374772001'),
('woocatalog_prodotto',0,30,30,'und',0,'50238'),
('woocatalog_prodotto',0,31,31,'und',0,'VPA1M'),
('woocatalog_prodotto',0,32,32,'und',0,'ROCAH0003400R'),
('woocatalog_prodotto',0,33,33,'und',0,'ROCA342394000'),
('woocatalog_prodotto',0,34,34,'und',0,'ROCA34139H000'),
('woocatalog_prodotto',0,35,35,'und',0,'ROCA801396004'),
('woocatalog_prodotto',0,36,36,'und',0,'CAM'),
('woocatalog_prodotto',0,37,37,'und',0,'200215'),
('woocatalog_prodotto',0,38,38,'und',0,'200218'),
('woocatalog_prodotto',0,39,39,'und',0,'209218'),
('woocatalog_prodotto',0,40,40,'und',0,'Estropajo'),
('woocatalog_prodotto',0,41,41,'und',0,'Estaño1'),
('woocatalog_prodotto',0,42,42,'und',0,'CLK06610'),
('woocatalog_prodotto',0,43,43,'und',0,'Desatasca'),
('woocatalog_prodotto',0,44,44,'und',0,'37477C001'),
('woocatalog_prodotto',0,45,45,'und',0,'GBR'),
('woocatalog_prodotto',0,46,46,'und',0,'TL1'),
('woocatalog_prodotto',0,47,47,'und',0,'ML1'),
('woocatalog_prodotto',0,48,48,'und',0,'CHL221'),
('woocatalog_prodotto',0,49,49,'und',0,'4762'),
('woocatalog_prodotto',0,50,50,'und',0,'TCB22'),
('woocatalog_prodotto',0,51,51,'und',0,'MAXICLEAN'),
('woocatalog_prodotto',0,52,52,'und',0,'THL'),
('woocatalog_prodotto',0,53,53,'und',0,'50060'),
('woocatalog_prodotto',0,54,54,'und',0,'ARL10'),
('woocatalog_prodotto',0,55,55,'und',0,'54313'),
('woocatalog_prodotto',0,56,56,'und',0,'54313'),
('woocatalog_prodotto',0,57,57,'und',0,'C-104'),
('woocatalog_prodotto',0,58,58,'und',0,'601015'),
('woocatalog_prodotto',0,59,59,'und',0,'TPL15'),
('woocatalog_prodotto',0,60,60,'und',0,'TPL18'),
('woocatalog_prodotto',0,61,61,'und',0,'02911420'),
('woocatalog_prodotto',0,62,62,'und',0,'61203'),
('woocatalog_prodotto',0,63,63,'und',0,'80173200B'),
('woocatalog_prodotto',0,64,64,'und',0,'FGRIFO'),
('woocatalog_prodotto',0,65,65,'und',0,'3133'),
('woocatalog_prodotto',0,66,66,'und',0,'VICTORIAGF'),
('woocatalog_prodotto',0,67,67,'und',0,'PROVAI100');
COMMIT;

--
-- Table structure for table `woocatalog_prodotto__field_marca`
--

CREATE TABLE `woocatalog_prodotto__field_marca` (
  `bundle` varchar(128) CHARACTER SET ascii COLLATE ascii_general_ci NOT NULL DEFAULT '' COMMENT 'The field instance bundle to which this row belongs, used when deleting a field instance',
  `deleted` tinyint(4) NOT NULL DEFAULT 0 COMMENT 'A boolean indicating whether this data item has been deleted',
  `entity_id` int(10) unsigned NOT NULL COMMENT 'The entity id this data is attached to',
  `revision_id` int(10) unsigned NOT NULL COMMENT 'The entity revision id this data is attached to, which for an unversioned entity type is the same as the entity id',
  `langcode` varchar(32) CHARACTER SET ascii COLLATE ascii_general_ci NOT NULL DEFAULT '' COMMENT 'The language code for this data item.',
  `delta` int(10) unsigned NOT NULL COMMENT 'The sequence number for this data item, used for multi-value fields',
  `field_marca_target_id` int(10) unsigned NOT NULL COMMENT 'The ID of the target entity.',
  PRIMARY KEY (`entity_id`,`deleted`,`delta`,`langcode`),
  KEY `bundle` (`bundle`),
  KEY `revision_id` (`revision_id`),
  KEY `field_marca_target_id` (`field_marca_target_id`)
) ENGINE=InnoDB DEFAULT CHARSET=utf8mb4 COLLATE=utf8mb4_general_ci COMMENT='Data storage for woocatalog_prodotto field field_marca.';

--
-- Dumping data for table `woocatalog_prodotto__field_marca`
--

INSERT INTO `woocatalog_prodotto__field_marca` VALUES
('woocatalog_prodotto',0,2,2,'und',0,56),
('woocatalog_prodotto',0,4,4,'und',0,59),
('woocatalog_prodotto',0,6,6,'und',0,62),
('woocatalog_prodotto',0,13,13,'und',0,62),
('woocatalog_prodotto',0,14,14,'und',0,62),
('woocatalog_prodotto',0,15,15,'und',0,68),
('woocatalog_prodotto',0,18,18,'und',0,68),
('woocatalog_prodotto',0,19,19,'und',0,72),
('woocatalog_prodotto',0,23,23,'und',0,75),
('woocatalog_prodotto',0,24,24,'und',0,76),
('woocatalog_prodotto',0,25,25,'und',0,77),
('woocatalog_prodotto',0,29,29,'und',0,79),
('woocatalog_prodotto',0,32,32,'und',0,79),
('woocatalog_prodotto',0,33,33,'und',0,79),
('woocatalog_prodotto',0,34,34,'und',0,79),
('woocatalog_prodotto',0,35,35,'und',0,79),
('woocatalog_prodotto',0,44,44,'und',0,79),
('woocatalog_prodotto',0,45,45,'und',0,84),
('woocatalog_prodotto',0,51,51,'und',0,85),
('woocatalog_prodotto',0,52,52,'und',0,86),
('woocatalog_prodotto',0,61,61,'und',0,87),
('woocatalog_prodotto',0,62,62,'und',0,62),
('woocatalog_prodotto',0,63,63,'und',0,88),
('woocatalog_prodotto',0,66,66,'und',0,79),
('woocatalog_prodotto',0,67,67,'und',0,89),
('woocatalog_prodotto',0,69,69,'und',0,91),
('woocatalog_prodotto',0,73,73,'und',0,79),
('woocatalog_prodotto',0,74,74,'und',0,79),
('woocatalog_prodotto',0,75,75,'und',0,79),
('woocatalog_prodotto',0,79,79,'und',0,92),
('woocatalog_prodotto',0,80,80,'und',0,79),
('woocatalog_prodotto',0,81,81,'und',0,68),
('woocatalog_prodotto',0,85,85,'und',0,79),
('woocatalog_prodotto',0,86,86,'und',0,62);
COMMIT;

--
-- Table structure for table `woocatalog_prodotto__field_note`
--

CREATE TABLE `woocatalog_prodotto__field_note` (
  `bundle` varchar(128) CHARACTER SET ascii COLLATE ascii_general_ci NOT NULL DEFAULT '' COMMENT 'The field instance bundle to which this row belongs, used when deleting a field instance',
  `deleted` tinyint(4) NOT NULL DEFAULT 0 COMMENT 'A boolean indicating whether this data item has been deleted',
  `entity_id` int(10) unsigned NOT NULL COMMENT 'The entity id this data is attached to',
  `revision_id` int(10) unsigned NOT NULL COMMENT 'The entity revision id this data is attached to, which for an unversioned entity type is the same as the entity id',
  `langcode` varchar(32) CHARACTER SET ascii COLLATE ascii_general_ci NOT NULL DEFAULT '' COMMENT 'The language code for this data item.',
  `delta` int(10) unsigned NOT NULL COMMENT 'The sequence number for this data item, used for multi-value fields',
  `field_note_value` longtext NOT NULL,
  PRIMARY KEY (`entity_id`,`deleted`,`delta`,`langcode`),
  KEY `bundle` (`bundle`),
  KEY `revision_id` (`revision_id`)
) ENGINE=InnoDB DEFAULT CHARSET=utf8mb4 COLLATE=utf8mb4_general_ci COMMENT='Data storage for woocatalog_prodotto field field_note.';

--
-- Dumping data for table `woocatalog_prodotto__field_note`
--

COMMIT;

--
-- Table structure for table `woocatalog_prodotto__field_sottocategoria`
--

CREATE TABLE `woocatalog_prodotto__field_sottocategoria` (
  `bundle` varchar(128) CHARACTER SET ascii COLLATE ascii_general_ci NOT NULL DEFAULT '' COMMENT 'The field instance bundle to which this row belongs, used when deleting a field instance',
  `deleted` tinyint(4) NOT NULL DEFAULT 0 COMMENT 'A boolean indicating whether this data item has been deleted',
  `entity_id` int(10) unsigned NOT NULL COMMENT 'The entity id this data is attached to',
  `revision_id` int(10) unsigned NOT NULL COMMENT 'The entity revision id this data is attached to, which for an unversioned entity type is the same as the entity id',
  `langcode` varchar(32) CHARACTER SET ascii COLLATE ascii_general_ci NOT NULL DEFAULT '' COMMENT 'The language code for this data item.',
  `delta` int(10) unsigned NOT NULL COMMENT 'The sequence number for this data item, used for multi-value fields',
  `field_sottocategoria_target_id` int(10) unsigned NOT NULL COMMENT 'The ID of the target entity.',
  PRIMARY KEY (`entity_id`,`deleted`,`delta`,`langcode`),
  KEY `bundle` (`bundle`),
  KEY `revision_id` (`revision_id`),
  KEY `field_sottocategoria_target_id` (`field_sottocategoria_target_id`)
) ENGINE=InnoDB DEFAULT CHARSET=utf8mb4 COLLATE=utf8mb4_general_ci COMMENT='Data storage for woocatalog_prodotto field field…';

--
-- Dumping data for table `woocatalog_prodotto__field_sottocategoria`
--

INSERT INTO `woocatalog_prodotto__field_sottocategoria` VALUES
('woocatalog_prodotto',0,1,1,'und',0,55),
('woocatalog_prodotto',0,2,2,'und',0,57),
('woocatalog_prodotto',0,3,3,'und',0,58),
('woocatalog_prodotto',0,4,4,'und',0,60),
('woocatalog_prodotto',0,5,5,'und',0,61),
('woocatalog_prodotto',0,6,6,'und',0,63),
('woocatalog_prodotto',0,7,7,'und',0,58),
('woocatalog_prodotto',0,8,8,'und',0,64),
('woocatalog_prodotto',0,9,9,'und',0,64),
('woocatalog_prodotto',0,10,10,'und',0,64),
('woocatalog_prodotto',0,11,11,'und',0,65),
('woocatalog_prodotto',0,12,12,'und',0,66),
('woocatalog_prodotto',0,13,13,'und',0,67),
('woocatalog_prodotto',0,14,14,'und',0,67),
('woocatalog_prodotto',0,15,15,'und',0,69),
('woocatalog_prodotto',0,16,16,'und',0,70),
('woocatalog_prodotto',0,17,17,'und',0,63),
('woocatalog_prodotto',0,18,18,'und',0,71),
('woocatalog_prodotto',0,19,19,'und',0,71),
('woocatalog_prodotto',0,20,20,'und',0,73),
('woocatalog_prodotto',0,21,21,'und',0,74),
('woocatalog_prodotto',0,22,22,'und',0,74),
('woocatalog_prodotto',0,23,23,'und',0,70),
('woocatalog_prodotto',0,24,24,'und',0,71),
('woocatalog_prodotto',0,25,25,'und',0,71),
('woocatalog_prodotto',0,26,26,'und',0,58),
('woocatalog_prodotto',0,27,27,'und',0,67),
('woocatalog_prodotto',0,28,28,'und',0,78),
('woocatalog_prodotto',0,29,29,'und',0,80),
('woocatalog_prodotto',0,30,30,'und',0,60),
('woocatalog_prodotto',0,31,31,'und',0,67),
('woocatalog_prodotto',0,32,32,'und',0,71),
('woocatalog_prodotto',0,33,33,'und',0,71),
('woocatalog_prodotto',0,34,34,'und',0,71),
('woocatalog_prodotto',0,35,35,'und',0,71),
('woocatalog_prodotto',0,36,36,'und',0,81),
('woocatalog_prodotto',0,37,37,'und',0,58),
('woocatalog_prodotto',0,38,38,'und',0,58),
('woocatalog_prodotto',0,39,39,'und',0,58),
('woocatalog_prodotto',0,40,40,'und',0,82),
('woocatalog_prodotto',0,41,41,'und',0,82),
('woocatalog_prodotto',0,42,42,'und',0,83),
('woocatalog_prodotto',0,43,43,'und',0,82),
('woocatalog_prodotto',0,44,44,'und',0,80),
('woocatalog_prodotto',0,45,45,'und',0,63),
('woocatalog_prodotto',0,46,46,'und',0,82),
('woocatalog_prodotto',0,47,47,'und',0,82),
('woocatalog_prodotto',0,48,48,'und',0,58),
('woocatalog_prodotto',0,49,49,'und',0,67),
('woocatalog_prodotto',0,50,50,'und',0,58),
('woocatalog_prodotto',0,51,51,'und',0,82),
('woocatalog_prodotto',0,52,52,'und',0,66),
('woocatalog_prodotto',0,53,53,'und',0,71),
('woocatalog_prodotto',0,54,54,'und',0,82),
('woocatalog_prodotto',0,55,55,'und',0,64),
('woocatalog_prodotto',0,56,56,'und',0,82),
('woocatalog_prodotto',0,57,57,'und',0,58),
('woocatalog_prodotto',0,58,58,'und',0,60),
('woocatalog_prodotto',0,59,59,'und',0,82),
('woocatalog_prodotto',0,60,60,'und',0,82),
('woocatalog_prodotto',0,61,61,'und',0,63),
('woocatalog_prodotto',0,62,62,'und',0,63),
('woocatalog_prodotto',0,63,63,'und',0,71),
('woocatalog_prodotto',0,64,64,'und',0,63),
('woocatalog_prodotto',0,65,65,'und',0,71),
('woocatalog_prodotto',0,66,66,'und',0,63),
('woocatalog_prodotto',0,67,67,'und',0,90),
('woocatalog_prodotto',0,68,68,'und',0,67),
('woocatalog_prodotto',0,69,69,'und',0,63),
('woocatalog_prodotto',0,70,70,'und',0,63);
COMMIT;

--
-- Table structure for table `woocatalog_prodotto__field_tipo_prezzo`
--

CREATE TABLE `woocatalog_prodotto__field_tipo_prezzo` (
  `bundle` varchar(128) CHARACTER SET ascii COLLATE ascii_general_ci NOT NULL DEFAULT '' COMMENT 'The field instance bundle to which this row belongs, used when deleting a field instance',
  `deleted` tinyint(4) NOT NULL DEFAULT 0 COMMENT 'A boolean indicating whether this data item has been deleted',
  `entity_id` int(10) unsigned NOT NULL COMMENT 'The entity id this data is attached to',
  `revision_id` int(10) unsigned NOT NULL COMMENT 'The entity revision id this data is attached to, which for an unversioned entity type is the same as the entity id',
  `langcode` varchar(32) CHARACTER SET ascii COLLATE ascii_general_ci NOT NULL DEFAULT '' COMMENT 'The language code for this data item.',
  `delta` int(10) unsigned NOT NULL COMMENT 'The sequence number for this data item, used for multi-value fields',
  `field_tipo_prezzo_value` varchar(255) NOT NULL,
  PRIMARY KEY (`entity_id`,`deleted`,`delta`,`langcode`),
  KEY `bundle` (`bundle`),
  KEY `revision_id` (`revision_id`),
  KEY `field_tipo_prezzo_value` (`field_tipo_prezzo_value`(191))
) ENGINE=InnoDB DEFAULT CHARSET=utf8mb4 COLLATE=utf8mb4_general_ci COMMENT='Data storage for woocatalog_prodotto field field_tipo…';

--
-- Dumping data for table `woocatalog_prodotto__field_tipo_prezzo`
--

INSERT INTO `woocatalog_prodotto__field_tipo_prezzo` VALUES
('woocatalog_prodotto',0,1,1,'und',0,'metro'),
('woocatalog_prodotto',0,2,2,'und',0,'pezzo'),
('woocatalog_prodotto',0,3,3,'und',0,'pezzo'),
('woocatalog_prodotto',0,4,4,'und',0,'pezzo'),
('woocatalog_prodotto',0,5,5,'und',0,'pezzo'),
('woocatalog_prodotto',0,6,6,'und',0,'pezzo'),
('woocatalog_prodotto',0,7,7,'und',0,'pezzo'),
('woocatalog_prodotto',0,8,8,'und',0,'pezzo'),
('woocatalog_prodotto',0,9,9,'und',0,'pezzo'),
('woocatalog_prodotto',0,10,10,'und',0,'pezzo'),
('woocatalog_prodotto',0,11,11,'und',0,'pezzo'),
('woocatalog_prodotto',0,12,12,'und',0,'pezzo'),
('woocatalog_prodotto',0,13,13,'und',0,'pezzo'),
('woocatalog_prodotto',0,14,14,'und',0,'pezzo'),
('woocatalog_prodotto',0,15,15,'und',0,'pezzo'),
('woocatalog_prodotto',0,16,16,'und',0,'pezzo'),
('woocatalog_prodotto',0,17,17,'und',0,'pezzo'),
('woocatalog_prodotto',0,18,18,'und',0,'pezzo'),
('woocatalog_prodotto',0,19,19,'und',0,'pezzo'),
('woocatalog_prodotto',0,20,20,'und',0,'pezzo'),
('woocatalog_prodotto',0,21,21,'und',0,'pezzo'),
('woocatalog_prodotto',0,22,22,'und',0,'pezzo'),
('woocatalog_prodotto',0,23,23,'und',0,'pezzo'),
('woocatalog_prodotto',0,24,24,'und',0,'pezzo'),
('woocatalog_prodotto',0,25,25,'und',0,'pezzo'),
('woocatalog_prodotto',0,26,26,'und',0,'pezzo'),
('woocatalog_prodotto',0,27,27,'und',0,'pezzo'),
('woocatalog_prodotto',0,28,28,'und',0,'pezzo'),
('woocatalog_prodotto',0,29,29,'und',0,'pezzo'),
('woocatalog_prodotto',0,30,30,'und',0,'pezzo'),
('woocatalog_prodotto',0,31,31,'und',0,'pezzo'),
('woocatalog_prodotto',0,32,32,'und',0,'pezzo'),
('woocatalog_prodotto',0,33,33,'und',0,'pezzo'),
('woocatalog_prodotto',0,34,34,'und',0,'pezzo'),
('woocatalog_prodotto',0,35,35,'und',0,'pezzo'),
('woocatalog_prodotto',0,36,36,'und',0,'metro'),
('woocatalog_prodotto',0,37,37,'und',0,'pezzo'),
('woocatalog_prodotto',0,38,38,'und',0,'pezzo'),
('woocatalog_prodotto',0,39,39,'und',0,'pezzo'),
('woocatalog_prodotto',0,40,40,'und',0,'pezzo'),
('woocatalog_prodotto',0,41,41,'und',0,'pezzo'),
('woocatalog_prodotto',0,42,42,'und',0,'pezzo'),
('woocatalog_prodotto',0,43,43,'und',0,'pezzo'),
('woocatalog_prodotto',0,44,44,'und',0,'pezzo'),
('woocatalog_prodotto',0,45,45,'und',0,'pezzo'),
('woocatalog_prodotto',0,46,46,'und',0,'pezzo'),
('woocatalog_prodotto',0,47,47,'und',0,'pezzo'),
('woocatalog_prodotto',0,48,48,'und',0,'pezzo'),
('woocatalog_prodotto',0,49,49,'und',0,'pezzo'),
('woocatalog_prodotto',0,50,50,'und',0,'metro'),
('woocatalog_prodotto',0,51,51,'und',0,'pezzo'),
('woocatalog_prodotto',0,52,52,'und',0,'pezzo'),
('woocatalog_prodotto',0,53,53,'und',0,'pezzo'),
('woocatalog_prodotto',0,54,54,'und',0,'pezzo'),
('woocatalog_prodotto',0,55,55,'und',0,'pezzo'),
('woocatalog_prodotto',0,56,56,'und',0,'pezzo'),
('woocatalog_prodotto',0,57,57,'und',0,'pezzo'),
('woocatalog_prodotto',0,58,58,'und',0,'pezzo'),
('woocatalog_prodotto',0,59,59,'und',0,'pezzo'),
('woocatalog_prodotto',0,60,60,'und',0,'pezzo'),
('woocatalog_prodotto',0,61,61,'und',0,'pezzo'),
('woocatalog_prodotto',0,62,62,'und',0,'pezzo'),
('woocatalog_prodotto',0,63,63,'und',0,'pezzo'),
('woocatalog_prodotto',0,64,64,'und',0,'pezzo'),
('woocatalog_prodotto',0,65,65,'und',0,'pezzo'),
('woocatalog_prodotto',0,66,66,'und',0,'pezzo'),
('woocatalog_prodotto',0,67,67,'und',0,'pezzo'),
('woocatalog_prodotto',0,68,68,'und',0,'pezzo'),
('woocatalog_prodotto',0,69,69,'und',0,'pezzo'),
('woocatalog_prodotto',0,70,70,'und',0,'pezzo'),
('woocatalog_prodotto',0,71,71,'und',0,'pezzo'),
('woocatalog_prodotto',0,72,72,'und',0,'pezzo'),
('woocatalog_prodotto',0,73,73,'und',0,'pezzo'),
('woocatalog_prodotto',0,74,74,'und',0,'pezzo'),
('woocatalog_prodotto',0,75,75,'und',0,'pezzo'),
('woocatalog_prodotto',0,76,76,'und',0,'pezzo'),
('woocatalog_prodotto',0,77,77,'und',0,'pezzo'),
('woocatalog_prodotto',0,78,78,'und',0,'pezzo'),
('woocatalog_prodotto',0,79,79,'und',0,'pezzo'),
('woocatalog_prodotto',0,80,80,'und',0,'pezzo'),
('woocatalog_prodotto',0,81,81,'und',0,'pezzo'),
('woocatalog_prodotto',0,82,82,'und',0,'pezzo'),
('woocatalog_prodotto',0,83,83,'und',0,'pezzo'),
('woocatalog_prodotto',0,84,84,'und',0,'pezzo'),
('woocatalog_prodotto',0,85,85,'und',0,'pezzo'),
('woocatalog_prodotto',0,86,86,'und',0,'pezzo'),
('woocatalog_prodotto',0,87,87,'und',0,'pezzo'),
('woocatalog_prodotto',0,88,88,'und',0,'pezzo'),
('woocatalog_prodotto',0,89,89,'und',0,'pezzo'),
('woocatalog_prodotto',0,90,90,'und',0,'pezzo'),
('woocatalog_prodotto',0,91,91,'und',0,'pezzo'),
('woocatalog_prodotto',0,92,92,'und',0,'pezzo'),
('woocatalog_prodotto',0,96,96,'und',0,'pezzo'),
('woocatalog_prodotto',0,97,97,'und',0,'pezzo'),
('woocatalog_prodotto',0,98,98,'und',0,'pezzo'),
('woocatalog_prodotto',0,99,99,'und',0,'metro');
COMMIT;

--
-- Table structure for table `woocatalog_prodotto__field_unita_di_misura`
--

CREATE TABLE `woocatalog_prodotto__field_unita_di_misura` (
  `bundle` varchar(128) CHARACTER SET ascii COLLATE ascii_general_ci NOT NULL DEFAULT '' COMMENT 'The field instance bundle to which this row belongs, used when deleting a field instance',
  `deleted` tinyint(4) NOT NULL DEFAULT 0 COMMENT 'A boolean indicating whether this data item has been deleted',
  `entity_id` int(10) unsigned NOT NULL COMMENT 'The entity id this data is attached to',
  `revision_id` int(10) unsigned NOT NULL COMMENT 'The entity revision id this data is attached to, which for an unversioned entity type is the same as the entity id',
  `langcode` varchar(32) CHARACTER SET ascii COLLATE ascii_general_ci NOT NULL DEFAULT '' COMMENT 'The language code for this data item.',
  `delta` int(10) unsigned NOT NULL COMMENT 'The sequence number for this data item, used for multi-value fields',
  `field_unita_di_misura_value` varchar(255) NOT NULL,
  PRIMARY KEY (`entity_id`,`deleted`,`delta`,`langcode`),
  KEY `bundle` (`bundle`),
  KEY `revision_id` (`revision_id`),
  KEY `field_unita_di_misura_value` (`field_unita_di_misura_value`(191))
) ENGINE=InnoDB DEFAULT CHARSET=utf8mb4 COLLATE=utf8mb4_general_ci COMMENT='Data storage for woocatalog_prodotto field field_unita_di…';

--
-- Dumping data for table `woocatalog_prodotto__field_unita_di_misura`
--

INSERT INTO `woocatalog_prodotto__field_unita_di_misura` VALUES
('woocatalog_prodotto',0,1,1,'und',0,'m'),
('woocatalog_prodotto',0,2,2,'und',0,'pz'),
('woocatalog_prodotto',0,3,3,'und',0,'pz'),
('woocatalog_prodotto',0,4,4,'und',0,'pz'),
('woocatalog_prodotto',0,5,5,'und',0,'pz'),
('woocatalog_prodotto',0,6,6,'und',0,'pz'),
('woocatalog_prodotto',0,7,7,'und',0,'pz'),
('woocatalog_prodotto',0,8,8,'und',0,'pz'),
('woocatalog_prodotto',0,9,9,'und',0,'pz'),
('woocatalog_prodotto',0,10,10,'und',0,'pz'),
('woocatalog_prodotto',0,11,11,'und',0,'pz'),
('woocatalog_prodotto',0,12,12,'und',0,'pz'),
('woocatalog_prodotto',0,13,13,'und',0,'pz'),
('woocatalog_prodotto',0,14,14,'und',0,'pz'),
('woocatalog_prodotto',0,15,15,'und',0,'pz'),
('woocatalog_prodotto',0,16,16,'und',0,'pz'),
('woocatalog_prodotto',0,17,17,'und',0,'pz'),
('woocatalog_prodotto',0,18,18,'und',0,'pz'),
('woocatalog_prodotto',0,19,19,'und',0,'pz'),
('woocatalog_prodotto',0,20,20,'und',0,'pz'),
('woocatalog_prodotto',0,21,21,'und',0,'pz'),
('woocatalog_prodotto',0,22,22,'und',0,'pz'),
('woocatalog_prodotto',0,23,23,'und',0,'pz'),
('woocatalog_prodotto',0,24,24,'und',0,'pz'),
('woocatalog_prodotto',0,25,25,'und',0,'pz'),
('woocatalog_prodotto',0,26,26,'und',0,'pz'),
('woocatalog_prodotto',0,27,27,'und',0,'pz'),
('woocatalog_prodotto',0,28,28,'und',0,'pz'),
('woocatalog_prodotto',0,29,29,'und',0,'pz'),
('woocatalog_prodotto',0,30,30,'und',0,'pz'),
('woocatalog_prodotto',0,31,31,'und',0,'pz'),
('woocatalog_prodotto',0,32,32,'und',0,'pz'),
('woocatalog_prodotto',0,33,33,'und',0,'pz'),
('woocatalog_prodotto',0,34,34,'und',0,'pz'),
('woocatalog_prodotto',0,35,35,'und',0,'pz'),
('woocatalog_prodotto',0,36,36,'und',0,'m'),
('woocatalog_prodotto',0,37,37,'und',0,'pz'),
('woocatalog_prodotto',0,38,38,'und',0,'pz'),
('woocatalog_prodotto',0,39,39,'und',0,'pz'),
('woocatalog_prodotto',0,40,40,'und',0,'pz'),
('woocatalog_prodotto',0,41,41,'und',0,'pz'),
('woocatalog_prodotto',0,42,42,'und',0,'pz'),
('woocatalog_prodotto',0,43,43,'und',0,'pz'),
('woocatalog_prodotto',0,44,44,'und',0,'pz'),
('woocatalog_prodotto',0,45,45,'und',0,'pz'),
('woocatalog_prodotto',0,46,46,'und',0,'pz'),
('woocatalog_prodotto',0,47,47,'und',0,'pz'),
('woocatalog_prodotto',0,48,48,'und',0,'pz'),
('woocatalog_prodotto',0,49,49,'und',0,'pz'),
('woocatalog_prodotto',0,50,50,'und',0,'m'),
('woocatalog_prodotto',0,51,51,'und',0,'pz'),
('woocatalog_prodotto',0,52,52,'und',0,'pz'),
('woocatalog_prodotto',0,53,53,'und',0,'pz'),
('woocatalog_prodotto',0,54,54,'und',0,'pz'),
('woocatalog_prodotto',0,55,55,'und',0,'pz'),
('woocatalog_prodotto',0,56,56,'und',0,'pz'),
('woocatalog_prodotto',0,57,57,'und',0,'pz'),
('woocatalog_prodotto',0,58,58,'und',0,'pz'),
('woocatalog_prodotto',0,59,59,'und',0,'pz'),
('woocatalog_prodotto',0,60,60,'und',0,'pz'),
('woocatalog_prodotto',0,61,61,'und',0,'pz'),
('woocatalog_prodotto',0,62,62,'und',0,'pz'),
('woocatalog_prodotto',0,63,63,'und',0,'pz'),
('woocatalog_prodotto',0,64,64,'und',0,'pz'),
('woocatalog_prodotto',0,65,65,'und',0,'pz'),
('woocatalog_prodotto',0,66,66,'und',0,'pz'),
('woocatalog_prodotto',0,67,67,'und',0,'pz'),
('woocatalog_prodotto',0,68,68,'und',0,'pz'),
('woocatalog_prodotto',0,69,69,'und',0,'pz'),
('woocatalog_prodotto',0,70,70,'und',0,'pz'),
('woocatalog_prodotto',0,71,71,'und',0,'pz'),
('woocatalog_prodotto',0,72,72,'und',0,'pz'),
('woocatalog_prodotto',0,73,73,'und',0,'pz'),
('woocatalog_prodotto',0,74,74,'und',0,'pz'),
('woocatalog_prodotto',0,75,75,'und',0,'pz'),
('woocatalog_prodotto',0,76,76,'und',0,'pz'),
('woocatalog_prodotto',0,77,77,'und',0,'pz'),
('woocatalog_prodotto',0,78,78,'und',0,'pz'),
('woocatalog_prodotto',0,79,79,'und',0,'pz'),
('woocatalog_prodotto',0,80,80,'und',0,'pz'),
('woocatalog_prodotto',0,81,81,'und',0,'pz'),
('woocatalog_prodotto',0,82,82,'und',0,'pz'),
('woocatalog_prodotto',0,83,83,'und',0,'pz'),
('woocatalog_prodotto',0,84,84,'und',0,'pz'),
('woocatalog_prodotto',0,85,85,'und',0,'pz'),
('woocatalog_prodotto',0,86,86,'und',0,'pz'),
('woocatalog_prodotto',0,87,87,'und',0,'pz'),
('woocatalog_prodotto',0,88,88,'und',0,'pz'),
('woocatalog_prodotto',0,89,89,'und',0,'pz'),
('woocatalog_prodotto',0,90,90,'und',0,'pz'),
('woocatalog_prodotto',0,91,91,'und',0,'pz'),
('woocatalog_prodotto',0,92,92,'und',0,'pz'),
('woocatalog_prodotto',0,97,97,'und',0,'pz'),
('woocatalog_prodotto',0,98,98,'und',0,'pz'),
('woocatalog_prodotto',0,99,99,'und',0,'m');
COMMIT;

--
-- Table structure for table `woocatalog_rivenditore`
--

CREATE TABLE `woocatalog_rivenditore` (
  `id` int(10) unsigned NOT NULL AUTO_INCREMENT,
  `uuid` varchar(128) CHARACTER SET ascii COLLATE ascii_general_ci NOT NULL,
  `label` varchar(255) DEFAULT NULL,
  `description__value` longtext DEFAULT NULL,
  `description__format` varchar(255) CHARACTER SET ascii COLLATE ascii_general_ci DEFAULT NULL,
  `uid` int(10) unsigned NOT NULL COMMENT 'The ID of the target entity.',
  `created` int(11) DEFAULT NULL,
  `changed` int(11) DEFAULT NULL,
  PRIMARY KEY (`id`),
  UNIQUE KEY `woocatalog_rivenditore_field__uuid__value` (`uuid`),
  KEY `woocatalog_rivenditore__6e3227d34f` (`description__format`),
  KEY `woocatalog_rivenditore_field__uid__target_id` (`uid`)
) ENGINE=InnoDB AUTO_INCREMENT=5 DEFAULT CHARSET=utf8mb4 COLLATE=utf8mb4_general_ci COMMENT='The base table for woocatalog_rivenditore entities.';

--
-- Dumping data for table `woocatalog_rivenditore`
--

INSERT INTO `woocatalog_rivenditore` VALUES
(1,'89846aa1-bb71-4f23-9592-ae58c2da6345','Dismat Nerja',NULL,NULL,1,1774471716,1774471735),
(2,'3a4b6f6d-0ecd-4204-9196-2b85632c8403','García E Hijos, S.L.',NULL,NULL,1,1774555984,1774556006),
(3,'aa841c1f-d65a-4aa4-b369-0213c5dc24dd','BigMat Cano Materiales de Constr. S.L.',NULL,NULL,1,1774625416,1774625461),
(4,'1b4cd954-1d47-4cbc-9c5a-a7d715932b93','Carbonell S.L.',NULL,NULL,2,1774629165,1774629188);
COMMIT;

--
-- Table structure for table `woocatalog_rivenditore__field_note`
--

CREATE TABLE `woocatalog_rivenditore__field_note` (
  `bundle` varchar(128) CHARACTER SET ascii COLLATE ascii_general_ci NOT NULL DEFAULT '' COMMENT 'The field instance bundle to which this row belongs, used when deleting a field instance',
  `deleted` tinyint(4) NOT NULL DEFAULT 0 COMMENT 'A boolean indicating whether this data item has been deleted',
  `entity_id` int(10) unsigned NOT NULL COMMENT 'The entity id this data is attached to',
  `revision_id` int(10) unsigned NOT NULL COMMENT 'The entity revision id this data is attached to, which for an unversioned entity type is the same as the entity id',
  `langcode` varchar(32) CHARACTER SET ascii COLLATE ascii_general_ci NOT NULL DEFAULT '' COMMENT 'The language code for this data item.',
  `delta` int(10) unsigned NOT NULL COMMENT 'The sequence number for this data item, used for multi-value fields',
  `field_note_value` longtext NOT NULL,
  PRIMARY KEY (`entity_id`,`deleted`,`delta`,`langcode`),
  KEY `bundle` (`bundle`),
  KEY `revision_id` (`revision_id`)
) ENGINE=InnoDB DEFAULT CHARSET=utf8mb4 COLLATE=utf8mb4_general_ci COMMENT='Data storage for woocatalog_rivenditore field field_note.';

--
-- Dumping data for table `woocatalog_rivenditore__field_note`
--

INSERT INTO `woocatalog_rivenditore__field_note` VALUES
('woocatalog_rivenditore',0,1,1,'und',0,'Nerja');
COMMIT;

--
-- Table structure for table `woocontab_conto`
--

CREATE TABLE `woocontab_conto` (
  `id` int(10) unsigned NOT NULL AUTO_INCREMENT,
  `uuid` varchar(128) CHARACTER SET ascii COLLATE ascii_general_ci NOT NULL,
  `uid` int(10) unsigned NOT NULL COMMENT 'The ID of the target entity.',
  `name` varchar(255) DEFAULT NULL,
  `account_type` varchar(255) DEFAULT NULL,
  `status` tinyint(4) DEFAULT NULL,
  `system` tinyint(4) DEFAULT NULL,
  `created` int(11) DEFAULT NULL,
  `changed` int(11) DEFAULT NULL,
  `workspace_id` int(10) unsigned DEFAULT NULL COMMENT 'The ID of the target entity.',
  PRIMARY KEY (`id`),
  UNIQUE KEY `conto_field__uuid__value` (`uuid`),
  KEY `conto_field__uid__target_id` (`uid`),
  KEY `conto_field__account_type__value` (`account_type`(191)),
  KEY `conto_field__workspace_id__target_id` (`workspace_id`)
) ENGINE=InnoDB AUTO_INCREMENT=12 DEFAULT CHARSET=utf8mb4 COLLATE=utf8mb4_general_ci COMMENT='The base table for conto entities.';

--
-- Dumping data for table `woocontab_conto`
--

INSERT INTO `woocontab_conto` VALUES
(5,'d58ef0db-61a0-4cb3-b665-d7141ee1bdb7',3,'Cassa1','cash',1,1,1770036472,1771059890,5),
(6,'ae726f77-e453-4982-8fbe-ae96aeeb4309',2,'CassaG','cash',1,1,1770979155,1771059890,7),
(7,'51b0bc58-929c-4649-8134-b58492b89b26',1,'Cassa Admin','cash',1,1,1771004258,1771059890,6),
(8,'ecb41eac-1091-4650-b5bd-6f54d5453e3b',2,'Banca 1','bank',1,0,1771010853,1771010853,7),
(9,'a2db1aca-2882-4db3-a9b8-54b277213b1e',1,'IVA','vat',1,1,1771059890,1771059890,6),
(10,'db3c2b2b-a08f-45df-af14-ce6278451f25',2,'IVA','vat',1,1,1771059890,1771059890,7),
(11,'6b67ad54-eceb-4f7d-87db-e27424c1c146',3,'IVA','vat',1,1,1771059890,1771059890,5);
COMMIT;

--
-- Table structure for table `woocontab_ledger`
--

CREATE TABLE `woocontab_ledger` (
  `id` int(10) unsigned NOT NULL AUTO_INCREMENT,
  `uuid` varchar(128) CHARACTER SET ascii COLLATE ascii_general_ci NOT NULL,
  `uid` int(10) unsigned NOT NULL COMMENT 'The ID of the target entity.',
  `account` int(10) unsigned DEFAULT NULL COMMENT 'The ID of the target entity.',
  `operazione` int(10) unsigned DEFAULT NULL COMMENT 'The ID of the target entity.',
  `occurred` varchar(20) DEFAULT NULL COMMENT 'The date value.',
  `entry_type` varchar(255) DEFAULT NULL,
  `delta` decimal(18,2) DEFAULT NULL,
  `gross_amount` decimal(18,2) DEFAULT NULL,
  `net_amount` decimal(18,2) DEFAULT NULL,
  `vat_amount` decimal(18,2) DEFAULT NULL,
  `created` int(11) DEFAULT NULL,
  `changed` int(11) DEFAULT NULL,
  PRIMARY KEY (`id`),
  UNIQUE KEY `ledger_entry_field__uuid__value` (`uuid`),
  KEY `ledger_entry_field__uid__target_id` (`uid`),
  KEY `ledger_entry_field__account__target_id` (`account`),
  KEY `ledger_entry_field__operazione__target_id` (`operazione`),
  KEY `ledger_entry_field__occurred__value` (`occurred`),
  KEY `ledger_entry_field__entry_type__value` (`entry_type`(191))
) ENGINE=InnoDB AUTO_INCREMENT=17 DEFAULT CHARSET=utf8mb4 COLLATE=utf8mb4_general_ci COMMENT='The base table for ledger_entry entities.';

--
-- Dumping data for table `woocontab_ledger`
--

INSERT INTO `woocontab_ledger` VALUES
(4,'609448b9-0ff7-48db-a882-e2d999a41933',2,6,4,'2026-02-13','destination',50.00,0.00,0.00,0.00,1771002401,1771002401),
(5,'275a3a35-aeba-4a5f-aa59-3ded9cf592ed',2,6,5,'2026-02-13','origin',-10.00,0.00,0.00,0.00,1771002477,1771002477),
(6,'97f8e590-cbd0-42da-ba9d-9e3a285016fa',1,7,6,'2026-02-13','destination',80.00,0.00,0.00,0.00,1771004288,1771004288),
(7,'a8b72377-7469-45c9-abb9-97fa694402d7',2,6,7,'2026-02-13','origin',-10.00,0.00,0.00,0.00,1771010901,1771010901),
(8,'12a1b764-38c5-458a-9d3a-7b8ef92ce40b',2,8,7,'2026-02-13','destination',10.00,0.00,0.00,0.00,1771010901,1771010901),
(9,'12d1557d-bcd3-4960-b83c-7069ee3acae6',2,6,8,'2026-02-14','destination',90.00,0.00,0.00,0.00,1771063731,1771063731),
(10,'d83b2869-b2d6-4fd6-9f51-fc4b67b90915',2,6,9,'2026-02-14','origin',-5.00,0.00,0.00,0.00,1771063795,1771063795),
(11,'0204e228-f8ec-49f0-942f-20d5ca06d887',2,8,9,'2026-02-14','destination',5.00,0.00,0.00,0.00,1771063795,1771063795),
(12,'323fed89-8282-4d8c-aa2a-d735f75014cf',2,8,10,'2026-02-14','origin',-10.00,0.00,0.00,0.00,1771063843,1771063843),
(13,'1e65f2e6-63c9-499a-aff4-cb7f207382a1',2,6,10,'2026-02-14','destination',10.00,0.00,0.00,0.00,1771063843,1771063843),
(14,'94ad3954-3eda-41c8-a320-d4fab6568d14',2,6,11,'2026-02-14','origin',-15.00,0.00,0.00,0.00,1771063975,1771063975),
(15,'22b512f4-cac5-42c9-a0eb-285959731f12',3,5,12,'2026-07-02','destination',125.00,125.00,125.00,0.00,1783022077,1783022077),
(16,'2282d867-1c57-45ac-8430-824e4b056e4f',3,5,13,'2026-07-03','destination',289.15,289.15,289.15,0.00,1783022143,1783022143);
COMMIT;

--
-- Table structure for table `woocontab_operazione`
--

CREATE TABLE `woocontab_operazione` (
  `id` int(10) unsigned NOT NULL AUTO_INCREMENT,
  `uuid` varchar(128) CHARACTER SET ascii COLLATE ascii_general_ci NOT NULL,
  `uid` int(10) unsigned NOT NULL COMMENT 'The ID of the target entity.',
  `name` varchar(255) DEFAULT NULL,
  `date` varchar(20) DEFAULT NULL COMMENT 'The date value.',
  `amount` decimal(18,2) DEFAULT NULL,
  `origin_account` int(10) unsigned DEFAULT NULL COMMENT 'The ID of the target entity.',
  `destination_account` int(10) unsigned DEFAULT NULL COMMENT 'The ID of the target entity.',
  `category` varchar(255) DEFAULT NULL,
  `vat_included` tinyint(4) DEFAULT NULL,
  `vat_rate` decimal(6,2) DEFAULT NULL,
  `gross_amount` decimal(18,2) DEFAULT NULL,
  `net_amount` decimal(18,2) DEFAULT NULL,
  `vat_amount` decimal(18,2) DEFAULT NULL,
  `created` int(11) DEFAULT NULL,
  `changed` int(11) DEFAULT NULL,
  `workspace_id` int(10) unsigned DEFAULT NULL COMMENT 'The ID of the target entity.',
  PRIMARY KEY (`id`),
  UNIQUE KEY `operazione_field__uuid__value` (`uuid`),
  KEY `operazione_field__uid__target_id` (`uid`),
  KEY `operazione_field__date__value` (`date`),
  KEY `operazione_field__origin_account__target_id` (`origin_account`),
  KEY `operazione_field__destination_account__target_id` (`destination_account`),
  KEY `operazione_field__category__value` (`category`(191)),
  KEY `operazione_field__workspace_id__target_id` (`workspace_id`)
) ENGINE=InnoDB AUTO_INCREMENT=14 DEFAULT CHARSET=utf8mb4 COLLATE=utf8mb4_general_ci COMMENT='The base table for operazione entities.';

--
-- Dumping data for table `woocontab_operazione`
--

INSERT INTO `woocontab_operazione` VALUES
(4,'b733b0a5-855b-4ed5-9ee3-9708236ae399',2,'Test','2026-02-13',50.00,NULL,6,'income',1,0.00,0.00,0.00,0.00,1771002401,1771002401,7),
(5,'d50f7721-42bd-48be-89a8-ff7c8010d50d',2,'Test','2026-02-13',10.00,6,NULL,'expense',1,0.00,0.00,0.00,0.00,1771002477,1771002477,7),
(6,'ff0a029e-00c3-4e82-80a0-16e1a0ba5318',1,'Test admin','2026-02-13',80.00,NULL,7,'income',1,0.00,0.00,0.00,0.00,1771004288,1771004288,6),
(7,'c4d183bd-46f0-4123-8b88-faaac9f8a0a6',2,'Trasferimento ','2026-02-13',10.00,6,8,'transfer',1,0.00,0.00,0.00,0.00,1771010901,1771010901,7),
(8,'0f4633be-2ab7-4fa7-9e2b-03ae7c9440bb',2,'prova','2026-02-14',90.00,NULL,6,'income',1,0.00,0.00,0.00,0.00,1771063731,1771063731,7),
(9,'1cce66ea-f980-41ec-b94a-b50ea0e714c8',2,'trasferimento a banca 1','2026-02-14',5.00,6,8,'transfer',1,0.00,0.00,0.00,0.00,1771063795,1771063795,7),
(10,'fa351ffc-8370-4a77-a8a4-ec20d6c50c5c',2,'Da banca a cassa','2026-02-14',10.00,8,6,'transfer',1,0.00,0.00,0.00,0.00,1771063843,1771063843,7),
(11,'36f74875-9572-43d9-8808-e0cca3feb731',2,'Supermercato','2026-02-14',15.00,6,NULL,'expense',0,0.00,0.00,0.00,0.00,1771063975,1771063975,7),
(12,'86628fd4-bf1d-40fd-ba46-2dd4d166bdd4',3,'Cobro PRE-2026-0012 (Bonifico)','2026-07-02',125.00,NULL,5,'income',0,0.00,125.00,125.00,0.00,1783022077,1783022077,5),
(13,'6e456081-3432-4c66-acfe-ee5d68a942fd',3,'Cobro PRE-2026-0012 (Bonifico)','2026-07-03',289.15,NULL,5,'income',0,0.00,289.15,289.15,0.00,1783022143,1783022143,5);
COMMIT;

--
-- Table structure for table `woocontab_workspace`
--

CREATE TABLE `woocontab_workspace` (
  `id` int(10) unsigned NOT NULL AUTO_INCREMENT,
  `uuid` varchar(128) CHARACTER SET ascii COLLATE ascii_general_ci NOT NULL,
  `label` varchar(255) DEFAULT NULL,
  `status` tinyint(4) NOT NULL,
  `created` int(11) DEFAULT NULL,
  `changed` int(11) DEFAULT NULL,
  `uid` int(10) unsigned DEFAULT NULL COMMENT 'The ID of the target entity.',
  PRIMARY KEY (`id`),
  UNIQUE KEY `woocontab_workspace_field__uuid__value` (`uuid`),
  KEY `woocontab_workspace_field__uid__target_id` (`uid`)
) ENGINE=InnoDB AUTO_INCREMENT=8 DEFAULT CHARSET=utf8mb4 COLLATE=utf8mb4_general_ci COMMENT='The base table for woocontab_workspace entities.';

--
-- Dumping data for table `woocontab_workspace`
--

INSERT INTO `woocontab_workspace` VALUES
(5,'e25b1d85-d707-4982-bfe6-8daece2fe337','Personal workspace',1,1770036276,1770036276,3),
(6,'4b0bdffd-fad0-43a9-ac73-307c3baae3eb','Personal workspace',1,1770036608,1770036608,1),
(7,'ffd0f53d-1c6a-487f-bdb9-cc9978e17d13','Personal workspace',1,1770041789,1770041789,2);
COMMIT;

--
-- Table structure for table `woocontab_workspace_member`
--

CREATE TABLE `woocontab_workspace_member` (
  `id` int(10) unsigned NOT NULL AUTO_INCREMENT,
  `uuid` varchar(128) CHARACTER SET ascii COLLATE ascii_general_ci NOT NULL,
  `workspace_id` int(10) unsigned DEFAULT NULL COMMENT 'The ID of the target entity.',
  `uid` int(10) unsigned DEFAULT NULL COMMENT 'The ID of the target entity.',
  `role` varchar(255) DEFAULT NULL,
  `status` varchar(255) DEFAULT NULL,
  `created` int(11) DEFAULT NULL,
  `changed` int(11) DEFAULT NULL,
  PRIMARY KEY (`id`),
  UNIQUE KEY `woocontab_workspace_member_field__uuid__value` (`uuid`),
  UNIQUE KEY `workspace_uid_unique` (`workspace_id`,`uid`),
  KEY `woocontab_workspace_member__575ce7864f` (`workspace_id`),
  KEY `woocontab_workspace_member_field__uid__target_id` (`uid`),
  KEY `woocontab_workspace_member_field__role__value` (`role`(191)),
  KEY `woocontab_workspace_member_field__status__value` (`status`(191)),
  KEY `workspace_id` (`workspace_id`),
  KEY `uid` (`uid`),
  KEY `workspace_uid` (`workspace_id`,`uid`)
) ENGINE=InnoDB AUTO_INCREMENT=7 DEFAULT CHARSET=utf8mb4 COLLATE=utf8mb4_general_ci COMMENT='The base table for woocontab_workspace_member entities.';

--
-- Dumping data for table `woocontab_workspace_member`
--

INSERT INTO `woocontab_workspace_member` VALUES
(4,'c190801c-eb5e-422e-8230-3d1713ab178f',5,3,'workspace_admin','active',1770036276,1770036276),
(5,'ba11c545-ae14-4b36-8f75-f0f1ba8be301',6,1,'workspace_admin','active',1770036608,1770036608),
(6,'550a8edf-db19-4eb1-890a-b09f7fac378b',7,2,'workspace_admin','active',1770041789,1770041789);
COMMIT;

--
-- Table structure for table `woopagamenti_allocazione`
--

CREATE TABLE `woopagamenti_allocazione` (
  `pagamento_id` int(10) unsigned NOT NULL,
  `quota_id` int(10) unsigned NOT NULL,
  `importo_allocato` decimal(10,2) NOT NULL DEFAULT 0.00,
  PRIMARY KEY (`pagamento_id`,`quota_id`),
  KEY `quota_id` (`quota_id`)
) ENGINE=InnoDB DEFAULT CHARSET=utf8mb4 COLLATE=utf8mb4_general_ci COMMENT='Allocazione many-to-many tra PagamentoRicevuto e…';

--
-- Dumping data for table `woopagamenti_allocazione`
--

INSERT INTO `woopagamenti_allocazione` VALUES
(1,22,124.25),
(1,23,0.75),
(2,23,164.91),
(2,24,124.24);
COMMIT;

--
-- Table structure for table `woopagamenti_pagamento`
--

CREATE TABLE `woopagamenti_pagamento` (
  `id` int(10) unsigned NOT NULL AUTO_INCREMENT,
  `uuid` varchar(128) CHARACTER SET ascii COLLATE ascii_general_ci NOT NULL,
  `label` varchar(255) DEFAULT NULL,
  `status` tinyint(4) DEFAULT NULL,
  `uid` int(10) unsigned NOT NULL COMMENT 'The ID of the target entity.',
  `preventivo_id` int(10) unsigned DEFAULT NULL COMMENT 'The ID of the target entity.',
  `piano_id` int(10) unsigned DEFAULT NULL COMMENT 'The ID of the target entity.',
  `importo` decimal(10,2) DEFAULT NULL,
  `data_pagamento` varchar(20) DEFAULT NULL COMMENT 'The date value.',
  `metodo` varchar(255) DEFAULT NULL,
  `note__value` longtext DEFAULT NULL,
  `note__format` varchar(255) CHARACTER SET ascii COLLATE ascii_general_ci DEFAULT NULL,
  `operazione_id` int(10) unsigned DEFAULT NULL,
  `stato_pagamento` varchar(255) DEFAULT NULL,
  `created` int(11) DEFAULT NULL,
  `changed` int(11) DEFAULT NULL,
  PRIMARY KEY (`id`),
  UNIQUE KEY `woopagamenti_pagamento_field__uuid__value` (`uuid`),
  KEY `woopagamenti_pagamento_field__uid__target_id` (`uid`),
  KEY `woopagamenti_pagamento__4af0d1087d` (`preventivo_id`),
  KEY `woopagamenti_pagamento__6cde8881fe` (`piano_id`),
  KEY `woopagamenti_pagamento__db75744772` (`data_pagamento`),
  KEY `woopagamenti_pagamento_field__metodo__value` (`metodo`(191)),
  KEY `woopagamenti_pagamento_field__note__format` (`note__format`),
  KEY `woopagamenti_pagamento__4c1ca226bd` (`stato_pagamento`(191))
) ENGINE=InnoDB AUTO_INCREMENT=3 DEFAULT CHARSET=utf8mb4 COLLATE=utf8mb4_general_ci COMMENT='The base table for woopagamenti_pagamento entities.';

--
-- Dumping data for table `woopagamenti_pagamento`
--

INSERT INTO `woopagamenti_pagamento` VALUES
(1,'f91108d8-d7bc-4d98-a1d7-4252c35d2a01','Incasso €125,00 — 02/07/2026',1,3,13,4,125.00,'2026-07-02','bonifico',NULL,NULL,12,'registrato',1783022077,1783022077),
(2,'3c5fb670-47a9-4eaa-80dc-f34acfdccd25','Incasso €289,15 — 03/07/2026',1,3,13,4,289.15,'2026-07-03','bonifico',NULL,NULL,13,'registrato',1783022143,1783022143);
COMMIT;

--
-- Table structure for table `woopagamenti_piano`
--

CREATE TABLE `woopagamenti_piano` (
  `id` int(10) unsigned NOT NULL AUTO_INCREMENT,
  `uuid` varchar(128) CHARACTER SET ascii COLLATE ascii_general_ci NOT NULL,
  `label` varchar(255) DEFAULT NULL,
  `status` tinyint(4) DEFAULT NULL,
  `uid` int(10) unsigned NOT NULL COMMENT 'The ID of the target entity.',
  `preventivo_id` int(10) unsigned DEFAULT NULL COMMENT 'The ID of the target entity.',
  `versione` int(11) DEFAULT NULL,
  `tipo_calcolo` varchar(255) DEFAULT NULL,
  `totale_snapshot` decimal(10,2) DEFAULT NULL,
  `stato` varchar(255) DEFAULT NULL,
  `data_firma` int(10) unsigned DEFAULT NULL,
  `created` int(11) DEFAULT NULL,
  `changed` int(11) DEFAULT NULL,
  PRIMARY KEY (`id`),
  UNIQUE KEY `woopagamenti_piano_field__uuid__value` (`uuid`),
  KEY `woopagamenti_piano_field__uid__target_id` (`uid`),
  KEY `woopagamenti_piano__6255a831e0` (`preventivo_id`),
  KEY `woopagamenti_piano_field__tipo_calcolo__value` (`tipo_calcolo`(191)),
  KEY `woopagamenti_piano_field__stato__value` (`stato`(191))
) ENGINE=InnoDB AUTO_INCREMENT=5 DEFAULT CHARSET=utf8mb4 COLLATE=utf8mb4_general_ci COMMENT='The base table for woopagamenti_piano entities.';

--
-- Dumping data for table `woopagamenti_piano`
--

INSERT INTO `woopagamenti_piano` VALUES
(1,'aa616386-01c1-4b3f-9a22-c0f95cd67c04','Piano v1 — PRE-2026-0010',1,2,11,1,'percentuale',75.00,'firmato',1782842768,1782842698,1782842768),
(2,'708a9542-1c40-4e58-8485-f243fb186254','Piano v1 — PRE-2026-0003',1,1,4,1,'percentuale',253.39,'proposto',NULL,1782890147,1782890164),
(3,'9d88abe7-aea0-4bd2-8c58-af959f2e20c2','Piano v1 — PRE-2026-0001',1,1,2,1,'percentuale',30.25,'firmato',1783012083,1783011983,1783012083),
(4,'52b58021-1f8c-471d-8d49-32d705a03d0f','Piano v1 — PRE-2026-0012',1,3,13,1,'percentuale',414.15,'firmato',1783021998,1783021872,1783021998);
COMMIT;

--
-- Table structure for table `woopagamenti_quota`
--

CREATE TABLE `woopagamenti_quota` (
  `id` int(10) unsigned NOT NULL AUTO_INCREMENT,
  `uuid` varchar(128) CHARACTER SET ascii COLLATE ascii_general_ci NOT NULL,
  `label` varchar(255) DEFAULT NULL,
  `status` tinyint(4) DEFAULT NULL,
  `uid` int(10) unsigned NOT NULL COMMENT 'The ID of the target entity.',
  `piano_id` int(10) unsigned DEFAULT NULL COMMENT 'The ID of the target entity.',
  `ordine` int(11) DEFAULT NULL,
  `etichetta` varchar(255) DEFAULT NULL,
  `valore_input` decimal(10,4) DEFAULT NULL,
  `importo_dovuto` decimal(10,2) DEFAULT NULL,
  `data_scadenza` varchar(20) DEFAULT NULL COMMENT 'The date value.',
  `is_saldo_finale` tinyint(4) DEFAULT NULL,
  `created` int(11) DEFAULT NULL,
  `changed` int(11) DEFAULT NULL,
  PRIMARY KEY (`id`),
  UNIQUE KEY `woopagamenti_quota_field__uuid__value` (`uuid`),
  KEY `woopagamenti_quota_field__uid__target_id` (`uid`),
  KEY `woopagamenti_quota_field__piano_id__target_id` (`piano_id`),
  KEY `woopagamenti_quota_field__data_scadenza__value` (`data_scadenza`)
) ENGINE=InnoDB AUTO_INCREMENT=25 DEFAULT CHARSET=utf8mb4 COLLATE=utf8mb4_general_ci COMMENT='The base table for woopagamenti_quota entities.';

--
-- Dumping data for table `woopagamenti_quota`
--

INSERT INTO `woopagamenti_quota` VALUES
(4,'50fba201-9e85-4634-81df-400075a88779','Quota #1 — Anticipo',1,2,1,1,'Anticipo',30.0000,22.50,NULL,0,1782842706,1782842706),
(5,'3b03adba-0c72-4e5b-a7ba-fa892b95cf56','Quota #2 — Trabajo listo',1,2,1,2,'Trabajo listo',50.0000,37.50,NULL,0,1782842706,1782842706),
(6,'1469006d-1ac7-46f6-9440-2cc77950d317','Quota #3 — Saldo final',1,2,1,3,'Saldo final',20.0000,15.00,NULL,1,1782842706,1782842706),
(10,'37beb31e-47f1-4010-b43f-1bae0e44dc43','Quota #1 — Anticipo',1,1,2,1,'Anticipo',30.0000,76.02,NULL,0,1782890164,1782890164),
(11,'77174388-5b27-4e05-92df-a9a4f9a95419','Quota #2 — Segunda cuota',1,1,2,2,'Segunda cuota',30.0000,76.02,NULL,0,1782890164,1782890164),
(12,'3265bd4b-eb10-48e0-a9a5-3524a635da3f','Quota #3 — Saldo final',1,1,2,3,'Saldo final',40.0000,101.35,NULL,1,1782890164,1782890164),
(16,'1b32b5de-44a7-4ecd-af06-ee7bc7949302','Quota #1 — Anticipo',1,1,3,1,'Anticipo',30.0000,9.08,'2026-07-06',0,1783012006,1783012006),
(17,'d2d9e10f-109f-4b72-b921-28bb96c9bb76','Quota #2 — segunda',1,1,3,2,'segunda',40.0000,12.10,'2026-09-01',0,1783012006,1783012006),
(18,'7df29eed-aadc-49b9-8fd3-6f7b3e0f7ac8','Quota #3 — Saldo final',1,1,3,3,'Saldo final',30.0000,9.07,NULL,1,1783012006,1783012006),
(22,'fa2068c4-efaa-4edc-a1fd-50606d3c6c4b','Quota #1 — Anticipo',1,3,4,1,'Anticipo',30.0000,124.25,'2026-07-02',0,1783021885,1783021885),
(23,'6aa4531f-02b4-4f24-9cd3-7a7f8511102a','Quota #2 — Segunda cuota',1,3,4,2,'Segunda cuota',40.0000,165.66,'2026-07-30',0,1783021885,1783021885),
(24,'be8c31f4-0163-4d4f-b68e-0296244f581c','Quota #3 — Saldo final',1,3,4,3,'Saldo final',30.0000,124.24,NULL,1,1783021885,1783021885);
COMMIT;

--
-- Table structure for table `woopagamenti_ricevuta`
--

CREATE TABLE `woopagamenti_ricevuta` (
  `id` int(10) unsigned NOT NULL AUTO_INCREMENT,
  `uuid` varchar(128) CHARACTER SET ascii COLLATE ascii_general_ci NOT NULL,
  `label` varchar(255) DEFAULT NULL,
  `status` tinyint(4) DEFAULT NULL,
  `uid` int(10) unsigned NOT NULL COMMENT 'The ID of the target entity.',
  `numero` varchar(20) DEFAULT NULL,
  `preventivo_id` int(10) unsigned DEFAULT NULL COMMENT 'The ID of the target entity.',
  `data_emissione` varchar(20) DEFAULT NULL COMMENT 'The date value.',
  `is_finale` tinyint(4) DEFAULT NULL,
  `created` int(11) DEFAULT NULL,
  `changed` int(11) DEFAULT NULL,
  PRIMARY KEY (`id`),
  UNIQUE KEY `woopagamenti_ricevuta_field__uuid__value` (`uuid`),
  KEY `woopagamenti_ricevuta_field__uid__target_id` (`uid`),
  KEY `woopagamenti_ricevuta__dc62c621ca` (`preventivo_id`),
  KEY `woopagamenti_ricevuta__0bdb44a029` (`data_emissione`)
) ENGINE=InnoDB AUTO_INCREMENT=3 DEFAULT CHARSET=utf8mb4 COLLATE=utf8mb4_general_ci COMMENT='The base table for woopagamenti_ricevuta entities.';

--
-- Dumping data for table `woopagamenti_ricevuta`
--

INSERT INTO `woopagamenti_ricevuta` VALUES
(1,'365506ec-3f31-41db-b35a-dea237404fd4','REC-2026-0001',1,3,'REC-2026-0001',13,'2026-07-02',0,1783022077,1783022077),
(2,'5e80adc5-eeec-4a12-bd7b-0e417963f933','REC-2026-0002',1,3,'REC-2026-0002',13,'2026-07-02',1,1783022143,1783022143);
COMMIT;

--
-- Table structure for table `woopagamenti_ricevuta_pagamento`
--

CREATE TABLE `woopagamenti_ricevuta_pagamento` (
  `ricevuta_id` int(10) unsigned NOT NULL,
  `pagamento_id` int(10) unsigned NOT NULL,
  PRIMARY KEY (`ricevuta_id`,`pagamento_id`),
  KEY `pagamento_id` (`pagamento_id`)
) ENGINE=InnoDB DEFAULT CHARSET=utf8mb4 COLLATE=utf8mb4_general_ci COMMENT='Righe della ricevuta: collegamento RicevutaPagamento →…';

--
-- Dumping data for table `woopagamenti_ricevuta_pagamento`
--

INSERT INTO `woopagamenti_ricevuta_pagamento` VALUES
(1,1),
(2,2);
COMMIT;

--
-- Table structure for table `wooquote_firma`
--

CREATE TABLE `wooquote_firma` (
  `preventivo_id` int(10) unsigned NOT NULL,
  `firma_data` longblob NOT NULL COMMENT 'Base64 data URI firma canvas',
  `firmato_il` int(10) unsigned NOT NULL,
  `ip_firma` varchar(45) DEFAULT '',
  PRIMARY KEY (`preventivo_id`)
) ENGINE=InnoDB DEFAULT CHARSET=utf8mb4 COLLATE=utf8mb4_general_ci COMMENT='Firma elettronica dei preventivi.';

--
-- Dumping data for table `wooquote_firma`
--

INSERT INTO `wooquote_firma` VALUES
(2,'data:image/png;base64,[encoded data, 35376 characters]',1783012083,'79.116.219.72'),
(4,'data:image/png;base64,[encoded data, 34376 characters]',1780082330,'188.26.222.75'),
(7,'data:image/png;base64,[encoded data, 31924 characters]',1782664761,'79.117.69.250'),
(8,'data:image/png;base64,[encoded data, 36640 characters]',1780082161,'188.26.222.75'),
(9,'data:image/png;base64,[encoded data, 14100 characters]',1780143032,'79.117.87.56'),
(10,'data:image/png;base64,[encoded data, 37320 characters]',1782664089,'79.117.69.250'),
(11,'data:image/png;base64,[encoded data, 30500 characters]',1782842768,'79.116.219.72'),
(12,'data:image/png;base64,[encoded data, 37932 characters]',1782800694,'176.80.97.243'),
(13,'data:image/png;base64,[encoded data, 32484 characters]',1783021998,'79.116.219.72');
